{"id":9661,"date":"2025-10-08T16:02:14","date_gmt":"2025-10-08T14:02:14","guid":{"rendered":"https:\/\/bpont.hu\/shop\/index.php\/product\/npd-9501-epoe-tapfelado\/"},"modified":"2026-05-05T14:46:46","modified_gmt":"2026-05-05T12:46:46","slug":"npd-9501-epoe-tapfelado","status":"publish","type":"product","link":"https:\/\/bpont.hu\/shop\/index.php\/product\/npd-9501-epoe-tapfelado\/","title":{"rendered":"NPD-9501-E<br>PoE t\u00e1pfelad\u00f3"},"content":{"rendered":"<p>NPD-9501-E<\/p>\n<p>&#8211; K\u00fclt\u00e9ri telep\u00edt\u00e9sre tervezve<br \/>\n&#8211; Nagy teljes\u00edtm\u00e9ny\u0171 PoE\/PoH t\u00e1mogat\u00e1s<br \/>\n&#8211; Vill\u00e1mv\u00e9delem<br \/>\n&#8211; Automatikusan \u00e9rz\u00e9keli \u00e9s v\u00e9di a nem szabv\u00e1nyos Ethernet-termin\u00e1lokat<\/p>\n<p>A 95 W-os midspan egy nagy teljes\u00edtm\u00e9ny\u0171 PoH (Power Over HDBase T) eszk\u00f6z, amely adatokat \u00e9s t\u00e1pell\u00e1t\u00e1st biztos\u00edt egy Ethernet-kapcsol\u00f3 \u00e9s egy IP-kamera k\u00f6z\u00f6tt. Az al\u00e1bbi t\u00e1bl\u00e1zatban az &#8220;X&#8221; jel\u00f6li, hogy melyik midspan mely kameramodelleket tudja t\u00e1pell\u00e1t\u00e1ssal ell\u00e1tni.<\/p>\n","protected":false},"excerpt":{"rendered":"<p>Rendel\u00e9si k\u00f3d: F.01U.365.279<\/p>\n","protected":false},"featured_media":9660,"template":"","meta":[],"product_brand":[],"product_cat":[321],"product_tag":[25],"class_list":{"0":"post-9661","1":"product","2":"type-product","3":"status-publish","4":"has-post-thumbnail","6":"product_cat-tapegysegek-kabelek-csatlakozok","7":"product_tag-bosch","9":"first","10":"instock","11":"taxable","12":"shipping-taxable","13":"purchasable","14":"product-type-simple"},"jetpack_sharing_enabled":true,"_links":{"self":[{"href":"https:\/\/bpont.hu\/shop\/index.php\/wp-json\/wp\/v2\/product\/9661","targetHints":{"allow":["GET"]}}],"collection":[{"href":"https:\/\/bpont.hu\/shop\/index.php\/wp-json\/wp\/v2\/product"}],"about":[{"href":"https:\/\/bpont.hu\/shop\/index.php\/wp-json\/wp\/v2\/types\/product"}],"version-history":[{"count":0,"href":"https:\/\/bpont.hu\/shop\/index.php\/wp-json\/wp\/v2\/product\/9661\/revisions"}],"wp:featuredmedia":[{"embeddable":true,"href":"https:\/\/bpont.hu\/shop\/index.php\/wp-json\/wp\/v2\/media\/9660"}],"wp:attachment":[{"href":"https:\/\/bpont.hu\/shop\/index.php\/wp-json\/wp\/v2\/media?parent=9661"}],"wp:term":[{"taxonomy":"product_brand","embeddable":true,"href":"https:\/\/bpont.hu\/shop\/index.php\/wp-json\/wp\/v2\/product_brand?post=9661"},{"taxonomy":"product_cat","embeddable":true,"href":"https:\/\/bpont.hu\/shop\/index.php\/wp-json\/wp\/v2\/product_cat?post=9661"},{"taxonomy":"product_tag","embeddable":true,"href":"https:\/\/bpont.hu\/shop\/index.php\/wp-json\/wp\/v2\/product_tag?post=9661"}],"curies":[{"name":"wp","href":"https:\/\/api.w.org\/{rel}","templated":true}]}}