{"id":9622,"date":"2025-10-08T16:02:03","date_gmt":"2025-10-08T14:02:03","guid":{"rendered":"https:\/\/bpont.hu\/shop\/index.php\/product\/ltc-9212-00bel-kulteri-kameratarto-12inch-9kg\/"},"modified":"2026-05-05T14:46:45","modified_gmt":"2026-05-05T12:46:45","slug":"ltc-9212-00bel-kulteri-kameratarto-12inch-9kg","status":"publish","type":"product","link":"https:\/\/bpont.hu\/shop\/index.php\/product\/ltc-9212-00bel-kulteri-kameratarto-12inch-9kg\/","title":{"rendered":"LTC 9212\/00<br>Bel- K\u00fclt\u00e9ri kameratart\u00f3 12INCH 9kg"},"content":{"rendered":"<p>LTC 9212\/00<\/p>\n<p>&#8211; Maxim\u00e1lis terhel\u00e9s: 9 kg (20 font)<br \/>\n&#8211; Vonz\u00f3 megjelen\u00e9s<br \/>\n&#8211; Sokoldal\u00fa kialak\u00edt\u00e1s<br \/>\n&#8211; \u00c1ll\u00edthat\u00f3 r\u00f6gz\u00edt\u0151fejek<br \/>\n&#8211; K\u00f6nny\u0171 s\u00faly<\/p>\n<p>Ez a belt\u00e9ri\/k\u00fclt\u00e9ri tart\u00f3, fix kamer\u00e1k vagy kamerah\u00e1zak telep\u00edt\u00e9s\u00e9hez k\u00e9sz\u00fclt, legfeljebb 9 kg (20 font) n\u00e9vleges terhel\u00e9sig.<\/p>\n","protected":false},"excerpt":{"rendered":"<p>Rendel\u00e9si k\u00f3d: F.01U.503.618<\/p>\n","protected":false},"featured_media":9621,"template":"","meta":[],"product_brand":[],"product_cat":[320],"product_tag":[25],"class_list":{"0":"post-9622","1":"product","2":"type-product","3":"status-publish","4":"has-post-thumbnail","6":"product_cat-kamerahazak-konzolok","7":"product_tag-bosch","9":"first","10":"instock","11":"taxable","12":"shipping-taxable","13":"purchasable","14":"product-type-simple"},"jetpack_sharing_enabled":true,"_links":{"self":[{"href":"https:\/\/bpont.hu\/shop\/index.php\/wp-json\/wp\/v2\/product\/9622","targetHints":{"allow":["GET"]}}],"collection":[{"href":"https:\/\/bpont.hu\/shop\/index.php\/wp-json\/wp\/v2\/product"}],"about":[{"href":"https:\/\/bpont.hu\/shop\/index.php\/wp-json\/wp\/v2\/types\/product"}],"version-history":[{"count":0,"href":"https:\/\/bpont.hu\/shop\/index.php\/wp-json\/wp\/v2\/product\/9622\/revisions"}],"wp:featuredmedia":[{"embeddable":true,"href":"https:\/\/bpont.hu\/shop\/index.php\/wp-json\/wp\/v2\/media\/9621"}],"wp:attachment":[{"href":"https:\/\/bpont.hu\/shop\/index.php\/wp-json\/wp\/v2\/media?parent=9622"}],"wp:term":[{"taxonomy":"product_brand","embeddable":true,"href":"https:\/\/bpont.hu\/shop\/index.php\/wp-json\/wp\/v2\/product_brand?post=9622"},{"taxonomy":"product_cat","embeddable":true,"href":"https:\/\/bpont.hu\/shop\/index.php\/wp-json\/wp\/v2\/product_cat?post=9622"},{"taxonomy":"product_tag","embeddable":true,"href":"https:\/\/bpont.hu\/shop\/index.php\/wp-json\/wp\/v2\/product_tag?post=9622"}],"curies":[{"name":"wp","href":"https:\/\/api.w.org\/{rel}","templated":true}]}}