{"id":9620,"date":"2025-10-08T16:02:03","date_gmt":"2025-10-08T14:02:03","guid":{"rendered":"https:\/\/bpont.hu\/shop\/index.php\/product\/hac-tamp01tamper-kapcsolo-kit-f-hsg\/"},"modified":"2026-05-05T14:46:45","modified_gmt":"2026-05-05T12:46:45","slug":"hac-tamp01tamper-kapcsolo-kit-f-hsg","status":"publish","type":"product","link":"https:\/\/bpont.hu\/shop\/index.php\/product\/hac-tamp01tamper-kapcsolo-kit-f-hsg\/","title":{"rendered":"HAC-TAMP01<br>TAMPER kapcsol\u00f3 KIT F\/ HSG"},"content":{"rendered":"<p>HAC-TAMP01<\/p>\n<p>UHI \u00e9s UHO sorozat\u00fa h\u00e1zak manipul\u00e1ci\u00f3j\u00e1t \u00e9szleli<\/p>\n","protected":false},"excerpt":{"rendered":"<p>Rendel\u00e9si k\u00f3d: F.01U.005.044<\/p>\n","protected":false},"featured_media":9619,"template":"","meta":[],"product_brand":[],"product_cat":[320],"product_tag":[25],"class_list":{"0":"post-9620","1":"product","2":"type-product","3":"status-publish","4":"has-post-thumbnail","6":"product_cat-kamerahazak-konzolok","7":"product_tag-bosch","9":"first","10":"instock","11":"taxable","12":"shipping-taxable","13":"purchasable","14":"product-type-simple"},"jetpack_sharing_enabled":true,"_links":{"self":[{"href":"https:\/\/bpont.hu\/shop\/index.php\/wp-json\/wp\/v2\/product\/9620","targetHints":{"allow":["GET"]}}],"collection":[{"href":"https:\/\/bpont.hu\/shop\/index.php\/wp-json\/wp\/v2\/product"}],"about":[{"href":"https:\/\/bpont.hu\/shop\/index.php\/wp-json\/wp\/v2\/types\/product"}],"version-history":[{"count":0,"href":"https:\/\/bpont.hu\/shop\/index.php\/wp-json\/wp\/v2\/product\/9620\/revisions"}],"wp:featuredmedia":[{"embeddable":true,"href":"https:\/\/bpont.hu\/shop\/index.php\/wp-json\/wp\/v2\/media\/9619"}],"wp:attachment":[{"href":"https:\/\/bpont.hu\/shop\/index.php\/wp-json\/wp\/v2\/media?parent=9620"}],"wp:term":[{"taxonomy":"product_brand","embeddable":true,"href":"https:\/\/bpont.hu\/shop\/index.php\/wp-json\/wp\/v2\/product_brand?post=9620"},{"taxonomy":"product_cat","embeddable":true,"href":"https:\/\/bpont.hu\/shop\/index.php\/wp-json\/wp\/v2\/product_cat?post=9620"},{"taxonomy":"product_tag","embeddable":true,"href":"https:\/\/bpont.hu\/shop\/index.php\/wp-json\/wp\/v2\/product_tag?post=9620"}],"curies":[{"name":"wp","href":"https:\/\/api.w.org\/{rel}","templated":true}]}}