{"id":9618,"date":"2025-10-08T16:02:02","date_gmt":"2025-10-08T14:02:02","guid":{"rendered":"https:\/\/bpont.hu\/shop\/index.php\/product\/vsp-uho-poe-10poe-kulteri-kamerahaz-ik10-futes-ventilator\/"},"modified":"2026-03-11T16:40:58","modified_gmt":"2026-03-11T14:40:58","slug":"vsp-uho-poe-10poe-kulteri-kamerahaz-ik10-futes-ventilator","status":"publish","type":"product","link":"https:\/\/bpont.hu\/shop\/index.php\/product\/vsp-uho-poe-10poe-kulteri-kamerahaz-ik10-futes-ventilator\/","title":{"rendered":"VSP-UHO-POE-10<br>PoE K\u00fclt\u00e9ri kamerah\u00e1z IK10  F\u0171t\u00e9s  ventil\u00e1tor"},"content":{"rendered":"<p>VSP-UHO-POE-10<\/p>\n<p>&#8211; Ak\u00e1r 268 mm (10,6 h\u00fcvelyk) hossz\u00fas\u00e1g\u00fa kamera\/objekt\u00edv kombin\u00e1ci\u00f3kat v\u00e9d<br \/>\n&#8211; Csukl\u00f3s oldals\u00f3 ny\u00edl\u00e1s a k\u00f6nny\u0171 telep\u00edt\u00e9shez \u00e9s kamerabe\u00e1ll\u00edt\u00e1shoz<br \/>\n&#8211; PoE t\u00e1pbemenet egyetlen k\u00e1bel telep\u00edt\u00e9s\u00e9hez<br \/>\n&#8211; St\u00edlusos \u00e9s massz\u00edv h\u00e1z (IP67; IK10; NEMA 4x)<br \/>\n&#8211; F\u0171t\u0151bet\u00e9t<\/p>\n<p>A PoE kamerah\u00e1z egy eleg\u00e1ns st\u00edlus\u00fa burkolat, amely lehet\u0151v\u00e9 teszi a DINION kamera haszn\u00e1lat\u00e1t k\u00fclt\u00e9ri vagy belt\u00e9ri k\u00f6rnyezetben, vagy olyan ter\u00fcleteken, ahol a kamer\u00e1t v\u00e9deni kell. A h\u00e1z t\u00e1pell\u00e1t\u00e1sa PoE Ethernet-csatlakoz\u00f3n vagy alternat\u00edvak\u00e9nt k\u00fcl\u00f6n 12 VDC t\u00e1pegys\u00e9gen kereszt\u00fcl t\u00f6rt\u00e9nik.<\/p>\n","protected":false},"excerpt":{"rendered":"<p>Rendel\u00e9si k\u00f3d: F.01U.407.485<\/p>\n","protected":false},"featured_media":9617,"template":"","meta":[],"product_brand":[],"product_cat":[320],"product_tag":[25],"class_list":{"0":"post-9618","1":"product","2":"type-product","3":"status-publish","4":"has-post-thumbnail","6":"product_cat-kamerahazak-konzolok","7":"product_tag-bosch","9":"first","10":"instock","11":"taxable","12":"shipping-taxable","13":"purchasable","14":"product-type-simple"},"jetpack_sharing_enabled":true,"_links":{"self":[{"href":"https:\/\/bpont.hu\/shop\/index.php\/wp-json\/wp\/v2\/product\/9618","targetHints":{"allow":["GET"]}}],"collection":[{"href":"https:\/\/bpont.hu\/shop\/index.php\/wp-json\/wp\/v2\/product"}],"about":[{"href":"https:\/\/bpont.hu\/shop\/index.php\/wp-json\/wp\/v2\/types\/product"}],"version-history":[{"count":0,"href":"https:\/\/bpont.hu\/shop\/index.php\/wp-json\/wp\/v2\/product\/9618\/revisions"}],"wp:featuredmedia":[{"embeddable":true,"href":"https:\/\/bpont.hu\/shop\/index.php\/wp-json\/wp\/v2\/media\/9617"}],"wp:attachment":[{"href":"https:\/\/bpont.hu\/shop\/index.php\/wp-json\/wp\/v2\/media?parent=9618"}],"wp:term":[{"taxonomy":"product_brand","embeddable":true,"href":"https:\/\/bpont.hu\/shop\/index.php\/wp-json\/wp\/v2\/product_brand?post=9618"},{"taxonomy":"product_cat","embeddable":true,"href":"https:\/\/bpont.hu\/shop\/index.php\/wp-json\/wp\/v2\/product_cat?post=9618"},{"taxonomy":"product_tag","embeddable":true,"href":"https:\/\/bpont.hu\/shop\/index.php\/wp-json\/wp\/v2\/product_tag?post=9618"}],"curies":[{"name":"wp","href":"https:\/\/api.w.org\/{rel}","templated":true}]}}