{"id":9591,"date":"2025-10-08T16:01:52","date_gmt":"2025-10-08T14:01:52","guid":{"rendered":"https:\/\/bpont.hu\/shop\/index.php\/product\/mvc-iva-apciva-pro-appearance-szemely-felismeres\/"},"modified":"2026-03-11T16:40:56","modified_gmt":"2026-03-11T14:40:56","slug":"mvc-iva-apciva-pro-appearance-szemely-felismeres","status":"publish","type":"product","link":"https:\/\/bpont.hu\/shop\/index.php\/product\/mvc-iva-apciva-pro-appearance-szemely-felismeres\/","title":{"rendered":"MVC-IVA-APC<br>IVA Pro Appearance (szem\u00e9ly felismer\u00e9s)"},"content":{"rendered":"<p>MVC-IVA-APC<\/p>\n<p>Sz\u00fcks\u00e9g van egy adott szem\u00e9ly megtal\u00e1l\u00e1s\u00e1ra a megfigyel\u0151rendszerben.  Az Intelligent Video Analytics (IVA) Pro Appearance, egy kamer\u00e1ink mesters\u00e9ges intelligenci\u00e1n alapul\u00f3 szoftvermegold\u00e1s, amely elemzi az emberek megjelen\u00e9s\u00e9t a k\u00e9s\u0151bbi forenzikus keres\u00e9shez olyan videokezel\u0151 rendszerekben, mint a BVMS. Ahelyett, hogy manu\u00e1lisan keresne v\u00e9gig a kamer\u00e1k \u00e9s id\u0151pontok sokas\u00e1g\u00e1t, az IVA Pro Appearance lehet\u0151v\u00e9 teszi a szem\u00e9lyek automatikus kiemel\u00e9s\u00e9t nem, sz\u00edn, ruh\u00e1zat \u00e9s haj hossza, valamint kalap, szem\u00fcveg, t\u00e1ska vagy h\u00e1tizs\u00e1k visel\u00e9se alapj\u00e1n. Ezenk\u00edv\u00fcl az IVA Pro Appearance alapvet\u0151 megfigyel\u00e9si \u00e9s sz\u00e1ml\u00e1l\u00e1si feladatokat is ell\u00e1t, mivel robusztus m\u00f3don \u00e9rz\u00e9keli \u00e9s elk\u00fcl\u00f6n\u00edti az \u00e1ll\u00f3 szem\u00e9lyeket \u00e9s j\u00e1rm\u0171veket. Az IVA Pro Appearance csatlakozik az IVA Pro fejlett, alkalmaz\u00e1sspecifikus mesters\u00e9ges intelligenci\u00e1n (MI) alapul\u00f3 videoanalitikai szoftvercsal\u00e1dj\u00e1hoz, amely kamer\u00e1inkhoz k\u00e9sz\u00fclt. Minden IVA Pro szoftver m\u00e9lyebb meg\u00e9rt\u00e9st biztos\u00edt a videomegfigyel\u0151 rendszer oper\u00e1torai sz\u00e1m\u00e1ra a jelenetekr\u0151l, \u00e9s \u00e9rt\u00e9kes inform\u00e1ci\u00f3kat ny\u00fajt, lehet\u0151v\u00e9 t\u00e9ve a megalapozott d\u00f6nt\u00e9seket a gyors reag\u00e1l\u00e1s \u00e9rdek\u00e9ben.<\/p>\n","protected":false},"excerpt":{"rendered":"<p>Rendel\u00e9si k\u00f3d: F.01U.427.631<\/p>\n","protected":false},"featured_media":9198,"template":"","meta":[],"product_brand":[],"product_cat":[316],"product_tag":[25],"class_list":{"0":"post-9591","1":"product","2":"type-product","3":"status-publish","4":"has-post-thumbnail","6":"product_cat-szoftverek-licence-k","7":"product_tag-bosch","9":"first","10":"instock","11":"taxable","12":"shipping-taxable","13":"purchasable","14":"product-type-simple"},"jetpack_sharing_enabled":true,"_links":{"self":[{"href":"https:\/\/bpont.hu\/shop\/index.php\/wp-json\/wp\/v2\/product\/9591","targetHints":{"allow":["GET"]}}],"collection":[{"href":"https:\/\/bpont.hu\/shop\/index.php\/wp-json\/wp\/v2\/product"}],"about":[{"href":"https:\/\/bpont.hu\/shop\/index.php\/wp-json\/wp\/v2\/types\/product"}],"version-history":[{"count":0,"href":"https:\/\/bpont.hu\/shop\/index.php\/wp-json\/wp\/v2\/product\/9591\/revisions"}],"wp:featuredmedia":[{"embeddable":true,"href":"https:\/\/bpont.hu\/shop\/index.php\/wp-json\/wp\/v2\/media\/9198"}],"wp:attachment":[{"href":"https:\/\/bpont.hu\/shop\/index.php\/wp-json\/wp\/v2\/media?parent=9591"}],"wp:term":[{"taxonomy":"product_brand","embeddable":true,"href":"https:\/\/bpont.hu\/shop\/index.php\/wp-json\/wp\/v2\/product_brand?post=9591"},{"taxonomy":"product_cat","embeddable":true,"href":"https:\/\/bpont.hu\/shop\/index.php\/wp-json\/wp\/v2\/product_cat?post=9591"},{"taxonomy":"product_tag","embeddable":true,"href":"https:\/\/bpont.hu\/shop\/index.php\/wp-json\/wp\/v2\/product_tag?post=9591"}],"curies":[{"name":"wp","href":"https:\/\/api.w.org\/{rel}","templated":true}]}}