{"id":9555,"date":"2025-10-08T16:01:45","date_gmt":"2025-10-08T14:01:45","guid":{"rendered":"https:\/\/bpont.hu\/shop\/index.php\/product\/nda-7100-tblszinezett-bura-autodome-7100i\/"},"modified":"2026-03-11T16:40:55","modified_gmt":"2026-03-11T14:40:55","slug":"nda-7100-tblszinezett-bura-autodome-7100i","status":"publish","type":"product","link":"https:\/\/bpont.hu\/shop\/index.php\/product\/nda-7100-tblszinezett-bura-autodome-7100i\/","title":{"rendered":"NDA-7100-TBL<br>Sz\u00ednezett b\u00fara AUTODOME 7100i"},"content":{"rendered":"<p>NDA-7100-TBL<br \/>\n&#8211; Sz\u00ednezett bubor\u00e9k, hogy k\u00edv\u00fclr\u0151l elrejtse a kamera ir\u00e1ny\u00e1t<br \/>\n&#8211; Cser\u00e9lhet\u0151<br \/>\n&#8211; 5 \u00e9v garancia<\/p>\n","protected":false},"excerpt":{"rendered":"<p>Rendel\u00e9si k\u00f3d: F.01U.425.490<\/p>\n","protected":false},"featured_media":9554,"template":"","meta":[],"product_brand":[],"product_cat":[320],"product_tag":[25],"class_list":{"0":"post-9555","1":"product","2":"type-product","3":"status-publish","4":"has-post-thumbnail","6":"product_cat-kamerahazak-konzolok","7":"product_tag-bosch","9":"first","10":"instock","11":"taxable","12":"shipping-taxable","13":"purchasable","14":"product-type-simple"},"jetpack_sharing_enabled":true,"_links":{"self":[{"href":"https:\/\/bpont.hu\/shop\/index.php\/wp-json\/wp\/v2\/product\/9555","targetHints":{"allow":["GET"]}}],"collection":[{"href":"https:\/\/bpont.hu\/shop\/index.php\/wp-json\/wp\/v2\/product"}],"about":[{"href":"https:\/\/bpont.hu\/shop\/index.php\/wp-json\/wp\/v2\/types\/product"}],"version-history":[{"count":0,"href":"https:\/\/bpont.hu\/shop\/index.php\/wp-json\/wp\/v2\/product\/9555\/revisions"}],"wp:featuredmedia":[{"embeddable":true,"href":"https:\/\/bpont.hu\/shop\/index.php\/wp-json\/wp\/v2\/media\/9554"}],"wp:attachment":[{"href":"https:\/\/bpont.hu\/shop\/index.php\/wp-json\/wp\/v2\/media?parent=9555"}],"wp:term":[{"taxonomy":"product_brand","embeddable":true,"href":"https:\/\/bpont.hu\/shop\/index.php\/wp-json\/wp\/v2\/product_brand?post=9555"},{"taxonomy":"product_cat","embeddable":true,"href":"https:\/\/bpont.hu\/shop\/index.php\/wp-json\/wp\/v2\/product_cat?post=9555"},{"taxonomy":"product_tag","embeddable":true,"href":"https:\/\/bpont.hu\/shop\/index.php\/wp-json\/wp\/v2\/product_tag?post=9555"}],"curies":[{"name":"wp","href":"https:\/\/api.w.org\/{rel}","templated":true}]}}