{"id":9553,"date":"2025-10-08T16:01:44","date_gmt":"2025-10-08T14:01:44","guid":{"rendered":"https:\/\/bpont.hu\/shop\/index.php\/product\/nda-7100-hcblatlatszo-bura-hydrophilic-bevonattal-autodome-7100i\/"},"modified":"2026-05-05T14:46:44","modified_gmt":"2026-05-05T12:46:44","slug":"nda-7100-hcblatlatszo-bura-hydrophilic-bevonattal-autodome-7100i","status":"publish","type":"product","link":"https:\/\/bpont.hu\/shop\/index.php\/product\/nda-7100-hcblatlatszo-bura-hydrophilic-bevonattal-autodome-7100i\/","title":{"rendered":"NDA-7100-HCBL<br>\u00c1tl\u00e1tsz\u00f3 b\u00fara hydrophilic bevonattal AUTODOME 7100i"},"content":{"rendered":"<p>NDA-7100-HCBL<\/p>\n<p>&#8211; Hidrofil bevonat, amely megakad\u00e1lyozza a v\u00edzcseppek felhalmoz\u00f3d\u00e1s\u00e1t a kameraablakon es\u0151s id\u0151ben.<br \/>\n&#8211; Az \u00e1tl\u00e1tsz\u00f3 bubor\u00e9k a lehet\u0151 legt\u00f6bb f\u00e9nyt engedi \u00e1t a maxim\u00e1lis \u00e9rz\u00e9kenys\u00e9g \u00e9rdek\u00e9ben.<br \/>\n&#8211; Cser\u00e9lhet\u0151.<br \/>\n&#8211; 1 \u00e9v garancia.<\/p>\n","protected":false},"excerpt":{"rendered":"<p>Rendel\u00e9si k\u00f3d: F.01U.425.489<\/p>\n","protected":false},"featured_media":9552,"template":"","meta":[],"product_brand":[],"product_cat":[320],"product_tag":[25],"class_list":{"0":"post-9553","1":"product","2":"type-product","3":"status-publish","4":"has-post-thumbnail","6":"product_cat-kamerahazak-konzolok","7":"product_tag-bosch","9":"first","10":"instock","11":"taxable","12":"shipping-taxable","13":"purchasable","14":"product-type-simple"},"jetpack_sharing_enabled":true,"_links":{"self":[{"href":"https:\/\/bpont.hu\/shop\/index.php\/wp-json\/wp\/v2\/product\/9553","targetHints":{"allow":["GET"]}}],"collection":[{"href":"https:\/\/bpont.hu\/shop\/index.php\/wp-json\/wp\/v2\/product"}],"about":[{"href":"https:\/\/bpont.hu\/shop\/index.php\/wp-json\/wp\/v2\/types\/product"}],"version-history":[{"count":0,"href":"https:\/\/bpont.hu\/shop\/index.php\/wp-json\/wp\/v2\/product\/9553\/revisions"}],"wp:featuredmedia":[{"embeddable":true,"href":"https:\/\/bpont.hu\/shop\/index.php\/wp-json\/wp\/v2\/media\/9552"}],"wp:attachment":[{"href":"https:\/\/bpont.hu\/shop\/index.php\/wp-json\/wp\/v2\/media?parent=9553"}],"wp:term":[{"taxonomy":"product_brand","embeddable":true,"href":"https:\/\/bpont.hu\/shop\/index.php\/wp-json\/wp\/v2\/product_brand?post=9553"},{"taxonomy":"product_cat","embeddable":true,"href":"https:\/\/bpont.hu\/shop\/index.php\/wp-json\/wp\/v2\/product_cat?post=9553"},{"taxonomy":"product_tag","embeddable":true,"href":"https:\/\/bpont.hu\/shop\/index.php\/wp-json\/wp\/v2\/product_tag?post=9553"}],"curies":[{"name":"wp","href":"https:\/\/api.w.org\/{rel}","templated":true}]}}