{"id":9509,"date":"2025-10-08T15:03:24","date_gmt":"2025-10-08T13:03:24","guid":{"rendered":"https:\/\/bpont.hu\/shop\/index.php\/product\/nds-5704-f360leflexidome-panoramic-5100i-ir-12mp-360o-ir-ip66\/"},"modified":"2026-03-11T16:40:53","modified_gmt":"2026-03-11T14:40:53","slug":"nds-5704-f360leflexidome-panoramic-5100i-ir-12mp-360o-ir-ip66","status":"publish","type":"product","link":"https:\/\/bpont.hu\/shop\/index.php\/product\/nds-5704-f360leflexidome-panoramic-5100i-ir-12mp-360o-ir-ip66\/","title":{"rendered":"NDS-5704-F360LE<br>FLEXIDOME panoramic 5100i IR 12MP 360\u00ba IR IP66"},"content":{"rendered":"<p>NDS-5704-F360LE<\/p>\n<p>&#8211; 360\u00b0-os panor\u00e1ma \u00e1ttekint\u00e9s 12MP felbont\u00e1sban holtterek n\u00e9lk\u00fcl<br \/>\n&#8211; Minden f\u00e9nyviszonyra optimaliz\u00e1lva integr\u00e1lt IR \u00e9s nagy dinamikatartom\u00e1ny\u00fa technol\u00f3gi\u00e1val<br \/>\n&#8211; Sz\u00e9l- vagy kliensoldali torz\u00edt\u00e1smentes\u00edt\u00e9s az egyszer\u0171 integr\u00e1ci\u00f3 \u00e9s a rugalmas megtekint\u00e9si \u00e9s r\u00f6gz\u00edt\u00e9si lehet\u0151s\u00e9gek \u00e9rdek\u00e9ben<br \/>\n&#8211; Be\u00e9p\u00edtett IVA Pro \u00e9p\u00fcletek, IVA Pro perim\u00e9ter \u00e9s intelligens audioanalitika a relev\u00e1ns riaszt\u00e1sok kiv\u00e1lt\u00e1s\u00e1ra \u00e9s az adatok gyors lek\u00e9r\u00e9s\u00e9re<br \/>\n&#8211; Kompakt kialak\u00edt\u00e1s, amely vandalizmus \u00e9s minden id\u0151j\u00e1r\u00e1si k\u00f6r\u00fclm\u00e9ny ellen v\u00e9dett<\/p>\n<p>Az NDS-5704-F360LE egy diszkr\u00e9t \u00e9s eszt\u00e9tikus panor\u00e1makamera belt\u00e9ri \u00e9s k\u00fclt\u00e9ri megfigyel\u00e9shez. Sztereografikus, panor\u00e1ma objekt\u00edvje teljes 360\u00b0-os lefedetts\u00e9get biztos\u00edt holtterek n\u00e9lk\u00fcl, ide\u00e1lis olyan megfigyel\u00e9si alkalmaz\u00e1sokhoz, amelyek nagy ter\u00fclet lefedetts\u00e9g\u00e9t ig\u00e9nylik egyetlen, r\u00e9szletes n\u00e9zetben. A kamera teljes helyzetfelismer\u00e9st \u00e9s egyidej\u0171leg nagy felbont\u00e1s\u00fa, nagy\u00edtott k\u00e9peket k\u00edn\u00e1l. A cs\u00facskateg\u00f3ri\u00e1s rendszerchip (SoC) torz\u00edt\u00e1smentes\u00edt\u00e9st biztos\u00edt az egyszer\u0171 integr\u00e1ci\u00f3 \u00e9s a rugalmas megtekint\u00e9si \u00e9s r\u00f6gz\u00edt\u00e9si lehet\u0151s\u00e9gek \u00e9rdek\u00e9ben. A be\u00e9p\u00edtett Intelligent Video Analytics Pro (IVA Pro) gazdag\u00edtja a teljes helyzetfelismer\u00e9st \u00e9s relev\u00e1ns riaszt\u00e1sokat v\u00e1lt ki. Az intelligens audioanalitika jelent\u00e9st ad a r\u00f6gz\u00edtett hangoknak. A kamera integr\u00e1lt infrav\u00f6r\u00f6s \u00e9rz\u00e9kel\u0151je rugalmass\u00e1got biztos\u00edt az infrav\u00f6r\u00f6s intenzit\u00e1s t\u00f6bb z\u00f3n\u00e1ban t\u00f6rt\u00e9n\u0151 szab\u00e1lyoz\u00e1s\u00e1hoz, \u00edgy megakad\u00e1lyozhat\u00f3 az infrav\u00f6r\u00f6s tel\u00edtetts\u00e9g. Ezenk\u00edv\u00fcl a bemenetek \u00e9s kimenetek sz\u00e9les v\u00e1laszt\u00e9k\u00e1val, p\u00e9ld\u00e1ul riaszt\u00e1si \u00e9s videokimenettel a HDMI-kompatibilis eszk\u00f6z\u00f6kh\u00f6z, b\u00e1rmilyen alkalmaz\u00e1shoz haszn\u00e1lhat\u00f3. A kamera IK10 \u00e9s IP66 v\u00e9detts\u00e9ggel rendelkezik, \u00edgy v\u00e9dve vandalizmus \u00e9s minden id\u0151j\u00e1r\u00e1si k\u00f6r\u00fclm\u00e9ny ellen.<\/p>\n","protected":false},"excerpt":{"rendered":"<p>Rendel\u00e9si k\u00f3d: F.01U.385.631<\/p>\n","protected":false},"featured_media":9508,"template":"","meta":[],"product_brand":[],"product_cat":[345],"product_tag":[25],"class_list":{"0":"post-9509","1":"product","2":"type-product","3":"status-publish","4":"has-post-thumbnail","6":"product_cat-dom-kamerak","7":"product_tag-bosch","9":"first","10":"instock","11":"taxable","12":"shipping-taxable","13":"purchasable","14":"product-type-simple"},"jetpack_sharing_enabled":true,"_links":{"self":[{"href":"https:\/\/bpont.hu\/shop\/index.php\/wp-json\/wp\/v2\/product\/9509","targetHints":{"allow":["GET"]}}],"collection":[{"href":"https:\/\/bpont.hu\/shop\/index.php\/wp-json\/wp\/v2\/product"}],"about":[{"href":"https:\/\/bpont.hu\/shop\/index.php\/wp-json\/wp\/v2\/types\/product"}],"version-history":[{"count":0,"href":"https:\/\/bpont.hu\/shop\/index.php\/wp-json\/wp\/v2\/product\/9509\/revisions"}],"wp:featuredmedia":[{"embeddable":true,"href":"https:\/\/bpont.hu\/shop\/index.php\/wp-json\/wp\/v2\/media\/9508"}],"wp:attachment":[{"href":"https:\/\/bpont.hu\/shop\/index.php\/wp-json\/wp\/v2\/media?parent=9509"}],"wp:term":[{"taxonomy":"product_brand","embeddable":true,"href":"https:\/\/bpont.hu\/shop\/index.php\/wp-json\/wp\/v2\/product_brand?post=9509"},{"taxonomy":"product_cat","embeddable":true,"href":"https:\/\/bpont.hu\/shop\/index.php\/wp-json\/wp\/v2\/product_cat?post=9509"},{"taxonomy":"product_tag","embeddable":true,"href":"https:\/\/bpont.hu\/shop\/index.php\/wp-json\/wp\/v2\/product_tag?post=9509"}],"curies":[{"name":"wp","href":"https:\/\/api.w.org\/{rel}","templated":true}]}}