{"id":9495,"date":"2025-10-08T15:03:17","date_gmt":"2025-10-08T13:03:17","guid":{"rendered":"https:\/\/bpont.hu\/shop\/index.php\/product\/nda-8000-wpirkamerara-szerelheto-idojarasallo-ir-sorozathoz-vedoburkolat\/"},"modified":"2026-03-11T16:40:52","modified_gmt":"2026-03-11T14:40:52","slug":"nda-8000-wpirkamerara-szerelheto-idojarasallo-ir-sorozathoz-vedoburkolat","status":"publish","type":"product","link":"https:\/\/bpont.hu\/shop\/index.php\/product\/nda-8000-wpirkamerara-szerelheto-idojarasallo-ir-sorozathoz-vedoburkolat\/","title":{"rendered":"NDA-8000-WPIR<br>Kamer\u00e1ra szerelhet\u0151 id\u0151j\u00e1r\u00e1s\u00e1ll\u00f3 IR sorozathoz v\u00e9d\u0151burkolat"},"content":{"rendered":"<p>NDA-8000-WPIR<\/p>\n<p>u Korr\u00f3zi\u00f3\u00e1ll\u00f3 bevonat<br \/>\n&#8211; K\u00f6nny\u0171 telep\u00edt\u00e9s<br \/>\n&#8211; V\u00e9d az es\u0151, a szennyez\u0151d\u00e9s \u00e9s a nap ellen<br \/>\n&#8211; St\u00edlusos \u00e9s robusztus kialak\u00edt\u00e1s, amely lehet\u0151v\u00e9 teszi a haszn\u00e1latot minden k\u00f6rnyezetben<\/p>\n<p>Az NDA-8000-WPIR egy id\u0151j\u00e1r\u00e1s\u00e1ll\u00f3 v\u00e9d\u0151eszk\u00f6z, amely k\u00f6zvetlen\u00fcl falra vagy oszlopra szerelt kamer\u00e1kat v\u00e9d a zord id\u0151j\u00e1r\u00e1si k\u00f6r\u00fclm\u00e9nyekt\u0151l, p\u00e9ld\u00e1ul az es\u0151t\u0151l, a h\u00f3t\u00f3l \u00e9s a k\u00f6zvetlen napf\u00e9nyt\u0151l, cs\u00f6kkentve a k\u00e1rosod\u00e1s kock\u00e1zat\u00e1t \u00e9s minimaliz\u00e1lva a kamera karbantart\u00e1s\u00e1t.<\/p>\n","protected":false},"excerpt":{"rendered":"<p>Rendel\u00e9si k\u00f3d: F.01U.421.944<\/p>\n","protected":false},"featured_media":9494,"template":"","meta":[],"product_brand":[],"product_cat":[320],"product_tag":[25],"class_list":{"0":"post-9495","1":"product","2":"type-product","3":"status-publish","4":"has-post-thumbnail","6":"product_cat-kamerahazak-konzolok","7":"product_tag-bosch","9":"first","10":"instock","11":"taxable","12":"shipping-taxable","13":"purchasable","14":"product-type-simple"},"jetpack_sharing_enabled":true,"_links":{"self":[{"href":"https:\/\/bpont.hu\/shop\/index.php\/wp-json\/wp\/v2\/product\/9495","targetHints":{"allow":["GET"]}}],"collection":[{"href":"https:\/\/bpont.hu\/shop\/index.php\/wp-json\/wp\/v2\/product"}],"about":[{"href":"https:\/\/bpont.hu\/shop\/index.php\/wp-json\/wp\/v2\/types\/product"}],"version-history":[{"count":0,"href":"https:\/\/bpont.hu\/shop\/index.php\/wp-json\/wp\/v2\/product\/9495\/revisions"}],"wp:featuredmedia":[{"embeddable":true,"href":"https:\/\/bpont.hu\/shop\/index.php\/wp-json\/wp\/v2\/media\/9494"}],"wp:attachment":[{"href":"https:\/\/bpont.hu\/shop\/index.php\/wp-json\/wp\/v2\/media?parent=9495"}],"wp:term":[{"taxonomy":"product_brand","embeddable":true,"href":"https:\/\/bpont.hu\/shop\/index.php\/wp-json\/wp\/v2\/product_brand?post=9495"},{"taxonomy":"product_cat","embeddable":true,"href":"https:\/\/bpont.hu\/shop\/index.php\/wp-json\/wp\/v2\/product_cat?post=9495"},{"taxonomy":"product_tag","embeddable":true,"href":"https:\/\/bpont.hu\/shop\/index.php\/wp-json\/wp\/v2\/product_tag?post=9495"}],"curies":[{"name":"wp","href":"https:\/\/api.w.org\/{rel}","templated":true}]}}