{"id":9465,"date":"2025-10-08T14:59:36","date_gmt":"2025-10-08T12:59:36","guid":{"rendered":"https:\/\/bpont.hu\/shop\/index.php\/product\/mvc-iva-dgsiva-pro-dangerous-good-signs-adr-eszleles\/"},"modified":"2026-03-11T16:40:50","modified_gmt":"2026-03-11T14:40:50","slug":"mvc-iva-dgsiva-pro-dangerous-good-signs-adr-eszleles","status":"publish","type":"product","link":"https:\/\/bpont.hu\/shop\/index.php\/product\/mvc-iva-dgsiva-pro-dangerous-good-signs-adr-eszleles\/","title":{"rendered":"MVC-IVA-DGS<br>IVA Pro Dangerous Good Signs (ADR \u00e9szlel\u00e9s)"},"content":{"rendered":"<p>MVC-IVA-DGS<br \/>\n&#8211; \u00c9szleli \u00e9s felismeri a vesz\u00e9lyes \u00e1ruk jelz\u00e9seinek (ADR) tartalm\u00e1t<br \/>\n&#8211; Ide\u00e1lis araszol\u00f3 \u00e9s v\u00e1rosi forgalomban t\u00f6rt\u00e9n\u0151 sz\u00e1ll\u00edt\u00e1shoz<br \/>\n&#8211; Val\u00f3s idej\u0171 adat\u00e1tvitel<br \/>\n&#8211; Kiv\u00e1lasztott CPP14 kamer\u00e1inkon fut<br \/>\n&#8211; Z\u00f6kken\u0151mentes integr\u00e1ci\u00f3 vide\u00f3kezel\u0151 rendszereinkkel \u00e9s m\u00e1s partnerek vide\u00f3kezel\u0151 rendszereivel<\/p>\n<p>A fejlett m\u00e9lytanul\u00e1si technik\u00e1kon alapul\u00f3 Intelligent Video Analytics (IVA) Pro Dangerous Good Signs kiv\u00e9teles teljes\u00edtm\u00e9nyt ny\u00fajt a teheraut\u00f3k ADR jelz\u00e9seinek \u00e9szlel\u00e9s\u00e9ben \u00e9s leolvas\u00e1s\u00e1ban. Az IVA Pro Dangerous Good Signs kifejezetten a v\u00e1rosi forgalomir\u00e1ny\u00edt\u00e1s \u00e9s logisztika alkalmaz\u00e1saihoz k\u00e9sz\u00fclt, n\u00f6velve a biztons\u00e1got \u00e9s a m\u0171k\u00f6d\u00e9si hat\u00e9konys\u00e1got. Az IVA Pro Dangerous Good Signs olyan strat\u00e9gi\u00e1kat t\u00e1mogat, amelyek jav\u00edtj\u00e1k a vesz\u00e9lyes anyagok sz\u00e1ll\u00edt\u00e1s\u00e1nak ellen\u0151rz\u00e9s\u00e9t, a v\u00e9szhelyzeti reag\u00e1l\u00e1st \u00e9s a szab\u00e1lyoz\u00e1si megfelel\u00e9st. Biztos\u00edtja az ADR jelz\u00e9sek megb\u00edzhat\u00f3 \u00e9s pontos adatr\u00f6gz\u00edt\u00e9s\u00e9t, lehet\u0151v\u00e9 t\u00e9ve a sz\u00e1ll\u00edtott vesz\u00e9lyes \u00e1ruk val\u00f3s idej\u0171 nyomon k\u00f6vet\u00e9s\u00e9t \u00e9s azonos\u00edt\u00e1s\u00e1t.<\/p>\n","protected":false},"excerpt":{"rendered":"<p>Rendel\u00e9si k\u00f3d: F.01U.425.434<\/p>\n","protected":false},"featured_media":9198,"template":"","meta":[],"product_brand":[],"product_cat":[316],"product_tag":[25],"class_list":{"0":"post-9465","1":"product","2":"type-product","3":"status-publish","4":"has-post-thumbnail","6":"product_cat-szoftverek-licence-k","7":"product_tag-bosch","9":"first","10":"instock","11":"taxable","12":"shipping-taxable","13":"purchasable","14":"product-type-simple"},"jetpack_sharing_enabled":true,"_links":{"self":[{"href":"https:\/\/bpont.hu\/shop\/index.php\/wp-json\/wp\/v2\/product\/9465","targetHints":{"allow":["GET"]}}],"collection":[{"href":"https:\/\/bpont.hu\/shop\/index.php\/wp-json\/wp\/v2\/product"}],"about":[{"href":"https:\/\/bpont.hu\/shop\/index.php\/wp-json\/wp\/v2\/types\/product"}],"version-history":[{"count":0,"href":"https:\/\/bpont.hu\/shop\/index.php\/wp-json\/wp\/v2\/product\/9465\/revisions"}],"wp:featuredmedia":[{"embeddable":true,"href":"https:\/\/bpont.hu\/shop\/index.php\/wp-json\/wp\/v2\/media\/9198"}],"wp:attachment":[{"href":"https:\/\/bpont.hu\/shop\/index.php\/wp-json\/wp\/v2\/media?parent=9465"}],"wp:term":[{"taxonomy":"product_brand","embeddable":true,"href":"https:\/\/bpont.hu\/shop\/index.php\/wp-json\/wp\/v2\/product_brand?post=9465"},{"taxonomy":"product_cat","embeddable":true,"href":"https:\/\/bpont.hu\/shop\/index.php\/wp-json\/wp\/v2\/product_cat?post=9465"},{"taxonomy":"product_tag","embeddable":true,"href":"https:\/\/bpont.hu\/shop\/index.php\/wp-json\/wp\/v2\/product_tag?post=9465"}],"curies":[{"name":"wp","href":"https:\/\/api.w.org\/{rel}","templated":true}]}}