{"id":9462,"date":"2025-10-08T14:59:36","date_gmt":"2025-10-08T12:59:36","guid":{"rendered":"https:\/\/bpont.hu\/shop\/index.php\/product\/mvc-iva-lpriva-pro-license-plate-rendszam-felismeres\/"},"modified":"2026-03-11T16:40:50","modified_gmt":"2026-03-11T14:40:50","slug":"mvc-iva-lpriva-pro-license-plate-rendszam-felismeres","status":"publish","type":"product","link":"https:\/\/bpont.hu\/shop\/index.php\/product\/mvc-iva-lpriva-pro-license-plate-rendszam-felismeres\/","title":{"rendered":"MVC-IVA-LPR<br>IVA Pro License Plate (Rendsz\u00e1m-felismer\u00e9s)"},"content":{"rendered":"<p>MVC-IVA-LPR<\/p>\n<p>&#8211; \u00c9rz\u00e9keli \u00e9s felismeri a rendsz\u00e1mt\u00e1bl\u00e1kat<br \/>\n&#8211; Ide\u00e1lis araszol\u00f3 \u00e9s v\u00e1rosi forgalomban<br \/>\n&#8211; Val\u00f3s idej\u0171 adat\u00e1tvitel<br \/>\n&#8211; Kiv\u00e1lasztott CPP14 kamer\u00e1inkon fut<br \/>\n&#8211; Z\u00f6kken\u0151mentes integr\u00e1ci\u00f3 vide\u00f3kezel\u0151 rendszereinkkel \u00e9s m\u00e1s partnerek vide\u00f3kezel\u0151 rendszereivel<\/p>\n<p>A fejlett m\u00e9lytanul\u00e1si technik\u00e1kon alapul\u00f3 Intelligent Video Analytics (IVA) Pro License Plate kiv\u00e1l\u00f3an alkalmas a rendsz\u00e1mt\u00e1bl\u00e1k val\u00f3s idej\u0171 azonos\u00edt\u00e1s\u00e1ra parkol\u00e1si alkalmaz\u00e1sokban vagy v\u00e1rosi k\u00f6rnyezetben. T\u00e1mogatja azokat a strat\u00e9gi\u00e1kat, amelyek jav\u00edtj\u00e1k a forgalom \u00e1raml\u00e1s\u00e1t, cs\u00f6kkentik a torl\u00f3d\u00e1sokat \u00e9s fokozz\u00e1k a biztons\u00e1got a keresztez\u0151d\u00e9sekben, a fizet\u0151kapukon \u00e9s a parkol\u00f3helyeken. Megb\u00edzhat\u00f3 \u00e9s pontos adatr\u00f6gz\u00edt\u00e9st biztos\u00edt az automatiz\u00e1lt jegyrendszerek, a forgalomir\u00e1ny\u00edt\u00e1s \u00e9s az intelligens parkol\u00e1si megold\u00e1sok sz\u00e1m\u00e1ra.<\/p>\n","protected":false},"excerpt":{"rendered":"<p>Rendel\u00e9si k\u00f3d: F.01U.425.432<\/p>\n","protected":false},"featured_media":9198,"template":"","meta":[],"product_brand":[],"product_cat":[316],"product_tag":[25],"class_list":{"0":"post-9462","1":"product","2":"type-product","3":"status-publish","4":"has-post-thumbnail","6":"product_cat-szoftverek-licence-k","7":"product_tag-bosch","9":"first","10":"instock","11":"taxable","12":"shipping-taxable","13":"purchasable","14":"product-type-simple"},"jetpack_sharing_enabled":true,"_links":{"self":[{"href":"https:\/\/bpont.hu\/shop\/index.php\/wp-json\/wp\/v2\/product\/9462","targetHints":{"allow":["GET"]}}],"collection":[{"href":"https:\/\/bpont.hu\/shop\/index.php\/wp-json\/wp\/v2\/product"}],"about":[{"href":"https:\/\/bpont.hu\/shop\/index.php\/wp-json\/wp\/v2\/types\/product"}],"version-history":[{"count":0,"href":"https:\/\/bpont.hu\/shop\/index.php\/wp-json\/wp\/v2\/product\/9462\/revisions"}],"wp:featuredmedia":[{"embeddable":true,"href":"https:\/\/bpont.hu\/shop\/index.php\/wp-json\/wp\/v2\/media\/9198"}],"wp:attachment":[{"href":"https:\/\/bpont.hu\/shop\/index.php\/wp-json\/wp\/v2\/media?parent=9462"}],"wp:term":[{"taxonomy":"product_brand","embeddable":true,"href":"https:\/\/bpont.hu\/shop\/index.php\/wp-json\/wp\/v2\/product_brand?post=9462"},{"taxonomy":"product_cat","embeddable":true,"href":"https:\/\/bpont.hu\/shop\/index.php\/wp-json\/wp\/v2\/product_cat?post=9462"},{"taxonomy":"product_tag","embeddable":true,"href":"https:\/\/bpont.hu\/shop\/index.php\/wp-json\/wp\/v2\/product_tag?post=9462"}],"curies":[{"name":"wp","href":"https:\/\/api.w.org\/{rel}","templated":true}]}}