{"id":9360,"date":"2025-10-07T13:39:13","date_gmt":"2025-10-07T11:39:13","guid":{"rendered":"https:\/\/bpont.hu\/shop\/index.php\/product\/fix-dom-kamera-belteri-5mp-3-3-10-2mm\/"},"modified":"2026-03-11T16:40:47","modified_gmt":"2026-03-11T14:40:47","slug":"fix-dom-kamera-belteri-5mp-3-3-10-2mm","status":"publish","type":"product","link":"https:\/\/bpont.hu\/shop\/index.php\/product\/fix-dom-kamera-belteri-5mp-3-3-10-2mm\/","title":{"rendered":"NDI-3703-A<br> Fix d\u00f3m-kamera belt\u00e9ri  5MP 3.3-10.2mm"},"content":{"rendered":"<p>NDI-3703-A<\/p>\n<p>&#8211; 5MP  felbont\u00e1s<br \/>\n&#8211; Az IVA Pro Buildings megb\u00edzhat\u00f3, m\u00e9lytanul\u00e1son alapul\u00f3 szem\u00e9ly- \u00e9s j\u00e1rm\u0171\u00e9szlel\u00e9st biztos\u00edt<br \/>\n&#8211; Nagy dinamikatartom\u00e1ny (HDR) a jelenet vil\u00e1gos \u00e9s s\u00f6t\u00e9t ter\u00fcletein egyar\u00e1nt l\u00e1that\u00f3 r\u00e9szletek\u00e9rt<br \/>\n&#8211; Be\u00e9p\u00edtett Secure Element Trusted Platform Module-lal (TPM) a legmagasabb szint\u0171 biztons\u00e1g biztos\u00edt\u00e1sa \u00e9rdek\u00e9ben az eszk\u00f6z\u00f6kh\u00f6z val\u00f3 hozz\u00e1f\u00e9r\u00e9s \u00e9s az adat\u00e1tvitel ter\u00e9n<br \/>\n&#8211; Pattint\u00f3s mechanizmus a gyors \u00e9s egyszer\u0171 telep\u00edt\u00e9shez<\/p>\n<p>A FLEXIDOME indoor 3100i egy sokoldal\u00fa kamera \u00e1ltal\u00e1nos belt\u00e9ri megfigyel\u00e9si monitoroz\u00e1shoz. Az 5 MP-es \u00e9rz\u00e9kel\u0151 \u00e9s az integr\u00e1lt varifok\u00e1lis objekt\u00edv \u00e9les \u00e9s r\u00e9szletes k\u00e9pet biztos\u00edt rugalmas l\u00e1t\u00f3mez\u0151vel.<br \/>\nAz eszk\u00f6z be\u00e9p\u00edtett IVA Pro Buildings funkci\u00f3val rendelkezik, amely rendk\u00edv\u00fcl megb\u00edzhat\u00f3, m\u00e9lytanul\u00e1son alapul\u00f3 \u00e9szlel\u00e9st biztos\u00edt, \u00e9s csak a relev\u00e1ns riaszt\u00e1sokat ind\u00edtja el. Az eszk\u00f6z TPM (Trusted Platform Module) funkci\u00f3val is rendelkezik, amely biztos\u00edtja a hiteles\u00edt\u00e9shez \u00e9s titkos\u00edt\u00e1shoz sz\u00fcks\u00e9ges \u00f6sszes tan\u00fas\u00edtv\u00e1ny \u00e9s kulcs biztons\u00e1gos t\u00e1rol\u00e1s\u00e1t.<br \/>\nA kamera kialak\u00edt\u00e1sa l\u00e1that\u00f3 csavarok n\u00e9lk\u00fcl pattinthat\u00f3, \u00edgy a telep\u00edt\u00e9s gyors \u00e9s egyszer\u0171. A kompatibilis tartoz\u00e9kok sz\u00e9les v\u00e1laszt\u00e9ka k\u00fcl\u00f6nf\u00e9le r\u00f6gz\u00edt\u00e9si lehet\u0151s\u00e9geket tesz lehet\u0151v\u00e9.<\/p>\n","protected":false},"excerpt":{"rendered":"<p>Rendel\u00e9si k\u00f3d: F.01U.406.610<\/p>\n","protected":false},"featured_media":9357,"template":"","meta":[],"product_brand":[],"product_cat":[345],"product_tag":[25],"class_list":{"0":"post-9360","1":"product","2":"type-product","3":"status-publish","4":"has-post-thumbnail","6":"product_cat-dom-kamerak","7":"product_tag-bosch","9":"first","10":"instock","11":"taxable","12":"shipping-taxable","13":"purchasable","14":"product-type-simple"},"jetpack_sharing_enabled":true,"_links":{"self":[{"href":"https:\/\/bpont.hu\/shop\/index.php\/wp-json\/wp\/v2\/product\/9360","targetHints":{"allow":["GET"]}}],"collection":[{"href":"https:\/\/bpont.hu\/shop\/index.php\/wp-json\/wp\/v2\/product"}],"about":[{"href":"https:\/\/bpont.hu\/shop\/index.php\/wp-json\/wp\/v2\/types\/product"}],"version-history":[{"count":1,"href":"https:\/\/bpont.hu\/shop\/index.php\/wp-json\/wp\/v2\/product\/9360\/revisions"}],"predecessor-version":[{"id":9414,"href":"https:\/\/bpont.hu\/shop\/index.php\/wp-json\/wp\/v2\/product\/9360\/revisions\/9414"}],"wp:featuredmedia":[{"embeddable":true,"href":"https:\/\/bpont.hu\/shop\/index.php\/wp-json\/wp\/v2\/media\/9357"}],"wp:attachment":[{"href":"https:\/\/bpont.hu\/shop\/index.php\/wp-json\/wp\/v2\/media?parent=9360"}],"wp:term":[{"taxonomy":"product_brand","embeddable":true,"href":"https:\/\/bpont.hu\/shop\/index.php\/wp-json\/wp\/v2\/product_brand?post=9360"},{"taxonomy":"product_cat","embeddable":true,"href":"https:\/\/bpont.hu\/shop\/index.php\/wp-json\/wp\/v2\/product_cat?post=9360"},{"taxonomy":"product_tag","embeddable":true,"href":"https:\/\/bpont.hu\/shop\/index.php\/wp-json\/wp\/v2\/product_tag?post=9360"}],"curies":[{"name":"wp","href":"https:\/\/api.w.org\/{rel}","templated":true}]}}