{"id":9240,"date":"2025-09-25T08:01:03","date_gmt":"2025-09-25T07:01:03","guid":{"rendered":"https:\/\/bpont.hu\/shop\/index.php\/product\/rendszervezerlo-nagy\/"},"modified":"2026-03-11T16:40:45","modified_gmt":"2026-03-11T14:40:45","slug":"rendszervezerlo-nagy","status":"publish","type":"product","link":"https:\/\/bpont.hu\/shop\/index.php\/product\/rendszervezerlo-nagy\/","title":{"rendered":"PRA-SCL<br>Rendszervez\u00e9rl\u0151, nagy"},"content":{"rendered":"<p>PRA-SCL<\/p>\n<p>&#8211; Teljes k\u00f6r\u0171 vez\u00e9rl\u00e9s a PRAESENSA eszk\u00f6z\u00f6k \u00e9s a hang\u00fatv\u00e1laszt\u00e1s felett<br \/>\n&#8211; Be\u00e9p\u00edtett fel\u00fcgyelt t\u00e1rol\u00f3 az \u00fczenetek \u00e9s hangf\u00e1jlok sz\u00e1m\u00e1ra<br \/>\n&#8211; Dante hangbemeneti \u00e9s -kimeneti adatfolyamok t\u00e1mogat\u00e1sa<br \/>\n&#8211; Ny\u00edlt interf\u00e9sz harmadik f\u00e9lt\u0151l sz\u00e1rmaz\u00f3 alkalmaz\u00e1sokhoz<br \/>\n&#8211; IP-h\u00e1l\u00f3zaton kereszt\u00fcl OMNEO-n kereszt\u00fcl hang- \u00e9s vez\u00e9rl\u00e9shez<\/p>\n<p>A PRA-SCL a rendszervez\u00e9rl\u0151k leger\u0151sebb v\u00e1ltozata. A rendszervez\u00e9rl\u0151 kezeli a PRAESENSA hangos\u00edt\u00e1si \u00e9s v\u00e9szhangos\u00edt\u00e1si rendszer \u00f6sszes rendszerrel kapcsolatos funkci\u00f3j\u00e1t. \u00c1tir\u00e1ny\u00edtja az \u00f6sszes hangkapcsolatot a h\u00e1l\u00f3zatra csatlakoztatott PRAESENSA hangforr\u00e1sok \u00e9s c\u00e9l\u00e1llom\u00e1sok k\u00f6z\u00f6tt. Fel\u00fcgyeli \u00e9s lej\u00e1tssza a flash mem\u00f3ri\u00e1j\u00e1ban t\u00e1rolt \u00fczeneteket \u00e9s hangokat, ak\u00e1r \u00fctemezve, ak\u00e1r manu\u00e1lisan elind\u00edtva egy bemond\u00f3pultr\u00f3l vagy sz\u00e1m\u00edt\u00f3g\u00e9pr\u0151l. Kezeli a h\u00e1tt\u00e9rzenei adatfolyamok, valamint az \u00fczleti \u00e9s v\u00e9szhelyzeti h\u00edv\u00e1sok ir\u00e1ny\u00edt\u00e1s\u00e1t, mindezt a priorit\u00e1si szint \u00e9s a z\u00f3na foglalts\u00e1ga alapj\u00e1n. \u00d6sszegy\u0171jti a csatlakoztatott rendszereszk\u00f6z\u00f6k \u00f6sszes \u00e1llapotinform\u00e1ci\u00f3j\u00e1t, kezeli az esem\u00e9nynapl\u00f3kat \u00e9s jelenti a hib\u00e1kat.<\/p>\n","protected":false},"excerpt":{"rendered":"<p>Rendel\u00e9si k\u00f3d: F.01U.325.042<\/p>\n","protected":false},"featured_media":9239,"template":"","meta":[],"product_brand":[],"product_cat":[410],"product_tag":[25],"class_list":{"0":"post-9240","1":"product","2":"type-product","3":"status-publish","4":"has-post-thumbnail","6":"product_cat-praesensa","7":"product_tag-bosch","9":"first","10":"instock","11":"taxable","12":"shipping-taxable","13":"purchasable","14":"product-type-simple"},"jetpack_sharing_enabled":true,"_links":{"self":[{"href":"https:\/\/bpont.hu\/shop\/index.php\/wp-json\/wp\/v2\/product\/9240","targetHints":{"allow":["GET"]}}],"collection":[{"href":"https:\/\/bpont.hu\/shop\/index.php\/wp-json\/wp\/v2\/product"}],"about":[{"href":"https:\/\/bpont.hu\/shop\/index.php\/wp-json\/wp\/v2\/types\/product"}],"version-history":[{"count":1,"href":"https:\/\/bpont.hu\/shop\/index.php\/wp-json\/wp\/v2\/product\/9240\/revisions"}],"predecessor-version":[{"id":9330,"href":"https:\/\/bpont.hu\/shop\/index.php\/wp-json\/wp\/v2\/product\/9240\/revisions\/9330"}],"wp:featuredmedia":[{"embeddable":true,"href":"https:\/\/bpont.hu\/shop\/index.php\/wp-json\/wp\/v2\/media\/9239"}],"wp:attachment":[{"href":"https:\/\/bpont.hu\/shop\/index.php\/wp-json\/wp\/v2\/media?parent=9240"}],"wp:term":[{"taxonomy":"product_brand","embeddable":true,"href":"https:\/\/bpont.hu\/shop\/index.php\/wp-json\/wp\/v2\/product_brand?post=9240"},{"taxonomy":"product_cat","embeddable":true,"href":"https:\/\/bpont.hu\/shop\/index.php\/wp-json\/wp\/v2\/product_cat?post=9240"},{"taxonomy":"product_tag","embeddable":true,"href":"https:\/\/bpont.hu\/shop\/index.php\/wp-json\/wp\/v2\/product_tag?post=9240"}],"curies":[{"name":"wp","href":"https:\/\/api.w.org\/{rel}","templated":true}]}}

PRA-SCL<br>Rendszervezérlő, nagy

<p>PRA-SCL</p>
<p>&#8211; Teljes körű vezérlés a PRAESENSA eszközök és a hangútválasztás felett<br />
&#8211; Beépített felügyelt tároló az üzenetek és hangfájlok számára<br />
&#8211; Dante hangbemeneti és -kimeneti adatfolyamok támogatása<br />
&#8211; Nyílt interfész harmadik féltől származó alkalmazásokhoz<br />
&#8211; IP-hálózaton keresztül OMNEO-n keresztül hang- és vezérléshez</p>
<p>A PRA-SCL a rendszervezérlők legerősebb változata. A rendszervezérlő kezeli a PRAESENSA hangosítási és vészhangosítási rendszer összes rendszerrel kapcsolatos funkcióját. Átirányítja az összes hangkapcsolatot a hálózatra csatlakoztatott PRAESENSA hangforrások és célállomások között. Felügyeli és lejátssza a flash memóriájában tárolt üzeneteket és hangokat, akár ütemezve, akár manuálisan elindítva egy bemondópultról vagy számítógépről. Kezeli a háttérzenei adatfolyamok, valamint az üzleti és vészhelyzeti hívások irányítását, mindezt a prioritási szint és a zóna foglaltsága alapján. Összegyűjti a csatlakoztatott rendszereszközök összes állapotinformációját, kezeli az eseménynaplókat és jelenti a hibákat.</p>

<p>Rendelési kód: F.01U.325.042</p>
