{"id":9226,"date":"2025-09-25T08:00:59","date_gmt":"2025-09-25T07:00:59","guid":{"rendered":"https:\/\/bpont.hu\/shop\/index.php\/product\/19-5he-panel\/"},"modified":"2026-03-11T16:40:45","modified_gmt":"2026-03-11T14:40:45","slug":"19-5he-panel","status":"publish","type":"product","link":"https:\/\/bpont.hu\/shop\/index.php\/product\/19-5he-panel\/","title":{"rendered":"PSP-D00099<br>19&#8221; 5HE panel"},"content":{"rendered":"<p>PSP-D00099<\/p>\n<p>A PSP-D00099 19&#8221; 5HE panel egy 5U magas panel.<br \/>\nEzt haszn\u00e1lhatja egy PRAESENSA h\u00edv\u00f3\u00e1llom\u00e1s \u00e9s h\u00edv\u00f3\u00e1llom\u00e1s-b\u0151v\u00edtm\u00e9nyek telep\u00edt\u00e9s\u00e9re egy 19 h\u00fcvelykes rack-ben.<br \/>\nEgy m\u00e1sodik panel haszn\u00e1lhat\u00f3 tov\u00e1bbi h\u00edv\u00f3\u00e1llom\u00e1s-b\u0151v\u00edt\u0151k telep\u00edt\u00e9s\u00e9re. A takar\u00f3-lemezekkel le lehet fedni a nem haszn\u00e1lt helyeket.<\/p>\n<p>A massz\u00edv f\u00e9m rack panel a k\u00f6vetkez\u0151 elemek r\u00f6gz\u00edt\u00e9s\u00e9re alkalmas:<br \/>\n&#8211; Egy PRA-CSLW fali LCD h\u00edv\u00f3\u00e1llom\u00e1s<br \/>\n&#8211; Legfeljebb k\u00e9t PRA-CSE h\u00edv\u00f3\u00e1llom\u00e1s-b\u0151v\u00edt\u0151<br \/>\n&#8211; Mikrofontart\u00f3<\/p>\n","protected":false},"excerpt":{"rendered":"<p>Rendel\u00e9si k\u00f3d: F.01U.409.424<\/p>\n","protected":false},"featured_media":9225,"template":"","meta":[],"product_brand":[],"product_cat":[410],"product_tag":[25],"class_list":{"0":"post-9226","1":"product","2":"type-product","3":"status-publish","4":"has-post-thumbnail","6":"product_cat-praesensa","7":"product_tag-bosch","9":"first","10":"instock","11":"taxable","12":"shipping-taxable","13":"purchasable","14":"product-type-simple"},"jetpack_sharing_enabled":true,"_links":{"self":[{"href":"https:\/\/bpont.hu\/shop\/index.php\/wp-json\/wp\/v2\/product\/9226","targetHints":{"allow":["GET"]}}],"collection":[{"href":"https:\/\/bpont.hu\/shop\/index.php\/wp-json\/wp\/v2\/product"}],"about":[{"href":"https:\/\/bpont.hu\/shop\/index.php\/wp-json\/wp\/v2\/types\/product"}],"version-history":[{"count":1,"href":"https:\/\/bpont.hu\/shop\/index.php\/wp-json\/wp\/v2\/product\/9226\/revisions"}],"predecessor-version":[{"id":9323,"href":"https:\/\/bpont.hu\/shop\/index.php\/wp-json\/wp\/v2\/product\/9226\/revisions\/9323"}],"wp:featuredmedia":[{"embeddable":true,"href":"https:\/\/bpont.hu\/shop\/index.php\/wp-json\/wp\/v2\/media\/9225"}],"wp:attachment":[{"href":"https:\/\/bpont.hu\/shop\/index.php\/wp-json\/wp\/v2\/media?parent=9226"}],"wp:term":[{"taxonomy":"product_brand","embeddable":true,"href":"https:\/\/bpont.hu\/shop\/index.php\/wp-json\/wp\/v2\/product_brand?post=9226"},{"taxonomy":"product_cat","embeddable":true,"href":"https:\/\/bpont.hu\/shop\/index.php\/wp-json\/wp\/v2\/product_cat?post=9226"},{"taxonomy":"product_tag","embeddable":true,"href":"https:\/\/bpont.hu\/shop\/index.php\/wp-json\/wp\/v2\/product_tag?post=9226"}],"curies":[{"name":"wp","href":"https:\/\/api.w.org\/{rel}","templated":true}]}}