{"id":9216,"date":"2025-09-25T08:00:57","date_gmt":"2025-09-25T07:00:57","guid":{"rendered":"https:\/\/bpont.hu\/shop\/index.php\/product\/vonal-levalaszto-adapter-usb-rs485\/"},"modified":"2026-03-11T16:40:45","modified_gmt":"2026-03-11T14:40:45","slug":"vonal-levalaszto-adapter-usb-rs485","status":"publish","type":"product","link":"https:\/\/bpont.hu\/shop\/index.php\/product\/vonal-levalaszto-adapter-usb-rs485\/","title":{"rendered":"PRA-LIA<br>Vonal lev\u00e1laszt\u00f3 adapter USB RS485"},"content":{"rendered":"<p>PRA-LIA<\/p>\n<p>Kommunik\u00e1ci\u00f3s rendszerek &#8211; PRA-LIA vonali lev\u00e1laszt\u00f3 adapter USB RS485 PRA-LIA vonali lev\u00e1laszt\u00f3 adapter USB RS485 PRAESENSA<br \/>\n&#8211; Adapter a SNIFFER szoftverhez<br \/>\n&#8211; USB k\u00e1bel mell\u00e9kelve<br \/>\nA PRA-LIA egy USB RS485 adapter, amelyre akkor van sz\u00fcks\u00e9g, ha a SNIFFER szoftvert a hangsz\u00f3r\u00f3 vonali lev\u00e1laszt\u00f3 rendszer PRA-LID (vonali lev\u00e1laszt\u00f3) r\u00e9sz\u00e9vel kombin\u00e1lva haszn\u00e1lj\u00e1k.<\/p>\n","protected":false},"excerpt":{"rendered":"<p>Rendel\u00e9si k\u00f3d: F.01U.393.729<\/p>\n","protected":false},"featured_media":9215,"template":"","meta":[],"product_brand":[],"product_cat":[410],"product_tag":[25],"class_list":{"0":"post-9216","1":"product","2":"type-product","3":"status-publish","4":"has-post-thumbnail","6":"product_cat-praesensa","7":"product_tag-bosch","9":"first","10":"instock","11":"taxable","12":"shipping-taxable","13":"purchasable","14":"product-type-simple"},"jetpack_sharing_enabled":true,"_links":{"self":[{"href":"https:\/\/bpont.hu\/shop\/index.php\/wp-json\/wp\/v2\/product\/9216","targetHints":{"allow":["GET"]}}],"collection":[{"href":"https:\/\/bpont.hu\/shop\/index.php\/wp-json\/wp\/v2\/product"}],"about":[{"href":"https:\/\/bpont.hu\/shop\/index.php\/wp-json\/wp\/v2\/types\/product"}],"version-history":[{"count":1,"href":"https:\/\/bpont.hu\/shop\/index.php\/wp-json\/wp\/v2\/product\/9216\/revisions"}],"predecessor-version":[{"id":9318,"href":"https:\/\/bpont.hu\/shop\/index.php\/wp-json\/wp\/v2\/product\/9216\/revisions\/9318"}],"wp:featuredmedia":[{"embeddable":true,"href":"https:\/\/bpont.hu\/shop\/index.php\/wp-json\/wp\/v2\/media\/9215"}],"wp:attachment":[{"href":"https:\/\/bpont.hu\/shop\/index.php\/wp-json\/wp\/v2\/media?parent=9216"}],"wp:term":[{"taxonomy":"product_brand","embeddable":true,"href":"https:\/\/bpont.hu\/shop\/index.php\/wp-json\/wp\/v2\/product_brand?post=9216"},{"taxonomy":"product_cat","embeddable":true,"href":"https:\/\/bpont.hu\/shop\/index.php\/wp-json\/wp\/v2\/product_cat?post=9216"},{"taxonomy":"product_tag","embeddable":true,"href":"https:\/\/bpont.hu\/shop\/index.php\/wp-json\/wp\/v2\/product_tag?post=9216"}],"curies":[{"name":"wp","href":"https:\/\/api.w.org\/{rel}","templated":true}]}}