{"id":9208,"date":"2025-09-25T08:00:54","date_gmt":"2025-09-25T07:00:54","guid":{"rendered":"https:\/\/bpont.hu\/shop\/index.php\/product\/kornyezeti-zajerzekelo\/"},"modified":"2026-03-11T16:40:44","modified_gmt":"2026-03-11T14:40:44","slug":"kornyezeti-zajerzekelo","status":"publish","type":"product","link":"https:\/\/bpont.hu\/shop\/index.php\/product\/kornyezeti-zajerzekelo\/","title":{"rendered":"PRA-ANS<br>K\u00f6rnyezeti zaj\u00e9rz\u00e9kel\u0151"},"content":{"rendered":"<p>PRA-ANS<\/p>\n<p>A PRA-ANS egy k\u00f6rnyezeti zaj\u00e9rz\u00e9kel\u0151, amely figyeli a v\u00e1ltoz\u00f3 k\u00f6rnyezeti zajszinteket a bejelent\u00e9sek vagy a h\u00e1tt\u00e9rzene szintj\u00e9nek automatikus be\u00e1ll\u00edt\u00e1s\u00e1hoz (AVC &#8211; Automatikus hanger\u0151szab\u00e1lyoz\u00e1s). Ez biztos\u00edtja, hogy a hangos\u00edt\u00e1si hang a k\u00f6rnyezeti zajn\u00e1l magasabb, konfigur\u00e1lhat\u00f3 szintre legyen be\u00e1ll\u00edtva, \u00edgy garant\u00e1lva a bejelent\u00e9sek \u00e9rthet\u0151s\u00e9g\u00e9t, m\u00e9gis k\u00e9nyelmes hanger\u0151vel.<\/p>\n<p>&#8211; Massz\u00edv h\u00e1z fel\u00fcleti vagy s\u00fcllyesztett szerel\u00e9shez<br \/>\n&#8211; Mindenir\u00e1ny\u00fa MEMS mikrofon a zajszint k\u00f6vet\u00e9s\u00e9hez<br \/>\n&#8211; Digit\u00e1lis jelfeldolgoz\u00e1s a frekvencia\u00e1tvitel adapt\u00e1l\u00e1s\u00e1hoz<br \/>\n&#8211; PoE t\u00e1pell\u00e1t\u00e1s\u00fa eszk\u00f6z gigabites h\u00e1l\u00f3zati interf\u00e9sszel<br \/>\n&#8211; Ak\u00e1r n\u00e9gy \u00e9rz\u00e9kel\u0151 kombin\u00e1lhat\u00f3 egy nagy z\u00f3na lefed\u00e9s\u00e9hez<\/p>\n","protected":false},"excerpt":{"rendered":"<p>Rendel\u00e9si k\u00f3d: F.01U.378.928<\/p>\n","protected":false},"featured_media":9207,"template":"","meta":[],"product_brand":[],"product_cat":[410],"product_tag":[25],"class_list":{"0":"post-9208","1":"product","2":"type-product","3":"status-publish","4":"has-post-thumbnail","6":"product_cat-praesensa","7":"product_tag-bosch","9":"first","10":"instock","11":"taxable","12":"shipping-taxable","13":"purchasable","14":"product-type-simple"},"jetpack_sharing_enabled":true,"_links":{"self":[{"href":"https:\/\/bpont.hu\/shop\/index.php\/wp-json\/wp\/v2\/product\/9208","targetHints":{"allow":["GET"]}}],"collection":[{"href":"https:\/\/bpont.hu\/shop\/index.php\/wp-json\/wp\/v2\/product"}],"about":[{"href":"https:\/\/bpont.hu\/shop\/index.php\/wp-json\/wp\/v2\/types\/product"}],"version-history":[{"count":1,"href":"https:\/\/bpont.hu\/shop\/index.php\/wp-json\/wp\/v2\/product\/9208\/revisions"}],"predecessor-version":[{"id":9314,"href":"https:\/\/bpont.hu\/shop\/index.php\/wp-json\/wp\/v2\/product\/9208\/revisions\/9314"}],"wp:featuredmedia":[{"embeddable":true,"href":"https:\/\/bpont.hu\/shop\/index.php\/wp-json\/wp\/v2\/media\/9207"}],"wp:attachment":[{"href":"https:\/\/bpont.hu\/shop\/index.php\/wp-json\/wp\/v2\/media?parent=9208"}],"wp:term":[{"taxonomy":"product_brand","embeddable":true,"href":"https:\/\/bpont.hu\/shop\/index.php\/wp-json\/wp\/v2\/product_brand?post=9208"},{"taxonomy":"product_cat","embeddable":true,"href":"https:\/\/bpont.hu\/shop\/index.php\/wp-json\/wp\/v2\/product_cat?post=9208"},{"taxonomy":"product_tag","embeddable":true,"href":"https:\/\/bpont.hu\/shop\/index.php\/wp-json\/wp\/v2\/product_tag?post=9208"}],"curies":[{"name":"wp","href":"https:\/\/api.w.org\/{rel}","templated":true}]}}