{"id":9189,"date":"2025-09-25T08:00:48","date_gmt":"2025-09-25T07:00:48","guid":{"rendered":"https:\/\/bpont.hu\/shop\/index.php\/product\/dobozos-hangszoro-6w-dontott-feher-2db\/"},"modified":"2026-05-05T14:46:36","modified_gmt":"2026-05-05T12:46:36","slug":"dobozos-hangszoro-6w-dontott-feher-2db","status":"publish","type":"product","link":"https:\/\/bpont.hu\/shop\/index.php\/product\/dobozos-hangszoro-6w-dontott-feher-2db\/","title":{"rendered":"LB10-UC06-L<br>Dobozos hangsz\u00f3r\u00f3 6W d\u00f6nt\u00f6tt feh\u00e9r 2db"},"content":{"rendered":"<p>LB10-UC06-L<\/p>\n<p>Az LB10-UC06-x hangsz\u00f3r\u00f3k 6 W-os, \u00e1ltal\u00e1nos c\u00e9l\u00fa, k\u00f6lts\u00e9ghat\u00e9kony hangsz\u00f3r\u00f3k belt\u00e9ri haszn\u00e1latra. A h\u00e1tlapon tal\u00e1lhat\u00f3 kulcslyukak lehet\u0151v\u00e9 teszik a gyors \u00e9s egyszer\u0171 fali szerel\u00e9st.<\/p>\n<p>A hangsz\u00f3r\u00f3k alapban fekete \u00e9s feh\u00e9r sz\u00ednben kaphat\u00f3k, de projektek eset\u00e9n v\u00e1laszthat\u00f3 sz\u00ednben is k\u00e9rhet\u0151.<\/p>\n","protected":false},"excerpt":{"rendered":"<p>Rendel\u00e9si k\u00f3d: F.01U.374.375<\/p>\n","protected":false},"featured_media":9188,"template":"","meta":[],"product_brand":[],"product_cat":[353],"product_tag":[25],"class_list":{"0":"post-9189","1":"product","2":"type-product","3":"status-publish","4":"has-post-thumbnail","6":"product_cat-dobozos-hangszoro","7":"product_tag-bosch","9":"first","10":"instock","11":"taxable","12":"shipping-taxable","13":"purchasable","14":"product-type-simple"},"jetpack_sharing_enabled":true,"_links":{"self":[{"href":"https:\/\/bpont.hu\/shop\/index.php\/wp-json\/wp\/v2\/product\/9189","targetHints":{"allow":["GET"]}}],"collection":[{"href":"https:\/\/bpont.hu\/shop\/index.php\/wp-json\/wp\/v2\/product"}],"about":[{"href":"https:\/\/bpont.hu\/shop\/index.php\/wp-json\/wp\/v2\/types\/product"}],"version-history":[{"count":2,"href":"https:\/\/bpont.hu\/shop\/index.php\/wp-json\/wp\/v2\/product\/9189\/revisions"}],"predecessor-version":[{"id":10123,"href":"https:\/\/bpont.hu\/shop\/index.php\/wp-json\/wp\/v2\/product\/9189\/revisions\/10123"}],"wp:featuredmedia":[{"embeddable":true,"href":"https:\/\/bpont.hu\/shop\/index.php\/wp-json\/wp\/v2\/media\/9188"}],"wp:attachment":[{"href":"https:\/\/bpont.hu\/shop\/index.php\/wp-json\/wp\/v2\/media?parent=9189"}],"wp:term":[{"taxonomy":"product_brand","embeddable":true,"href":"https:\/\/bpont.hu\/shop\/index.php\/wp-json\/wp\/v2\/product_brand?post=9189"},{"taxonomy":"product_cat","embeddable":true,"href":"https:\/\/bpont.hu\/shop\/index.php\/wp-json\/wp\/v2\/product_cat?post=9189"},{"taxonomy":"product_tag","embeddable":true,"href":"https:\/\/bpont.hu\/shop\/index.php\/wp-json\/wp\/v2\/product_tag?post=9189"}],"curies":[{"name":"wp","href":"https:\/\/api.w.org\/{rel}","templated":true}]}}