{"id":9180,"date":"2025-09-25T08:00:44","date_gmt":"2025-09-25T07:00:44","guid":{"rendered":"https:\/\/bpont.hu\/shop\/index.php\/product\/mennyezeti-hangszoro6w-alap-fehervalaszthato-szin\/"},"modified":"2026-05-05T14:46:36","modified_gmt":"2026-05-05T12:46:36","slug":"mennyezeti-hangszoro6w-alap-fehervalaszthato-szin","status":"publish","type":"product","link":"https:\/\/bpont.hu\/shop\/index.php\/product\/mennyezeti-hangszoro6w-alap-fehervalaszthato-szin\/","title":{"rendered":"LC9-UC06<br>Mennyezeti hangsz\u00f3r\u00f3<br>6W alap feh\u00e9r<br>(v\u00e1laszthat\u00f3 sz\u00edn)"},"content":{"rendered":"<p>LC9-UC06<\/p>\n<p>Az LC9-UC06 \u00e9s LC9UC06B kompakt, 6 W-os, \u00e1ltal\u00e1nos c\u00e9l\u00fa, k\u00f6lts\u00e9ghat\u00e9kony mennyezeti hangsz\u00f3r\u00f3k perfor\u00e1lt f\u00e9mr\u00e1ccsal. Sz\u00e9les k\u00f6r\u0171 alkalmaz\u00e1sokhoz tervezt\u00e9k \u0151ket, \u00e9s kiv\u00e1l\u00f3 besz\u00e9d- \u00e9s zenei teljes\u00edtm\u00e9nnyel rendelkeznek. A hangsz\u00f3r\u00f3k k\u00f6nnyen telep\u00edthet\u0151k a be\u00e9p\u00edtett r\u00f6gz\u00edt\u0151kapcsoknak k\u00f6sz\u00f6nhet\u0151en. K\u00e9t v\u00e1ltozatban kaphat\u00f3k: h\u00e1tlap n\u00e9lk\u00fcl (LC9-UC06) \u00e9s h\u00e1tlappal (LC9-UC06B).<\/p>\n","protected":false},"excerpt":{"rendered":"<p>Rendel\u00e9si k\u00f3d: F.01U.387.361<br \/>\nKiv\u00e1laszthat\u00f3 sz\u00edn projekt eset\u00e9n.<\/p>\n","protected":false},"featured_media":9179,"template":"","meta":[],"product_brand":[],"product_cat":[357],"product_tag":[25],"class_list":{"0":"post-9180","1":"product","2":"type-product","3":"status-publish","4":"has-post-thumbnail","6":"product_cat-mennyezeti-hangszoro","7":"product_tag-bosch","9":"first","10":"instock","11":"taxable","12":"shipping-taxable","13":"purchasable","14":"product-type-simple"},"jetpack_sharing_enabled":true,"_links":{"self":[{"href":"https:\/\/bpont.hu\/shop\/index.php\/wp-json\/wp\/v2\/product\/9180","targetHints":{"allow":["GET"]}}],"collection":[{"href":"https:\/\/bpont.hu\/shop\/index.php\/wp-json\/wp\/v2\/product"}],"about":[{"href":"https:\/\/bpont.hu\/shop\/index.php\/wp-json\/wp\/v2\/types\/product"}],"version-history":[{"count":2,"href":"https:\/\/bpont.hu\/shop\/index.php\/wp-json\/wp\/v2\/product\/9180\/revisions"}],"predecessor-version":[{"id":10124,"href":"https:\/\/bpont.hu\/shop\/index.php\/wp-json\/wp\/v2\/product\/9180\/revisions\/10124"}],"wp:featuredmedia":[{"embeddable":true,"href":"https:\/\/bpont.hu\/shop\/index.php\/wp-json\/wp\/v2\/media\/9179"}],"wp:attachment":[{"href":"https:\/\/bpont.hu\/shop\/index.php\/wp-json\/wp\/v2\/media?parent=9180"}],"wp:term":[{"taxonomy":"product_brand","embeddable":true,"href":"https:\/\/bpont.hu\/shop\/index.php\/wp-json\/wp\/v2\/product_brand?post=9180"},{"taxonomy":"product_cat","embeddable":true,"href":"https:\/\/bpont.hu\/shop\/index.php\/wp-json\/wp\/v2\/product_cat?post=9180"},{"taxonomy":"product_tag","embeddable":true,"href":"https:\/\/bpont.hu\/shop\/index.php\/wp-json\/wp\/v2\/product_tag?post=9180"}],"curies":[{"name":"wp","href":"https:\/\/api.w.org\/{rel}","templated":true}]}}