{"id":9174,"date":"2025-09-25T08:00:41","date_gmt":"2025-09-25T07:00:41","guid":{"rendered":"https:\/\/bpont.hu\/shop\/index.php\/product\/fali-lcd-hivoallomas\/"},"modified":"2026-03-11T16:40:43","modified_gmt":"2026-03-11T14:40:43","slug":"fali-lcd-hivoallomas","status":"publish","type":"product","link":"https:\/\/bpont.hu\/shop\/index.php\/product\/fali-lcd-hivoallomas\/","title":{"rendered":"PRA-CSLW<br>Fali LCD h\u00edv\u00f3\u00e1llom\u00e1s"},"content":{"rendered":"<p>PRA-CSLW<\/p>\n<p>Ez a h\u00edv\u00f3\u00e1llom\u00e1s a PRAESENSA nyilv\u00e1nos hangos\u00edt\u00e1si \u00e9s hangriaszt\u00f3 rendszerekhez k\u00e9sz\u00fclt. K\u00f6nnyen telep\u00edthet\u0151 \u00e9s egyszer\u0171en kezelhet\u0151 az \u00e9rint\u0151k\u00e9perny\u0151s LCD-nek k\u00f6sz\u00f6nhet\u0151en, amely egy\u00e9rtelm\u0171 visszajelz\u00e9st ad a felhaszn\u00e1l\u00f3nak a h\u00edv\u00e1s be\u00e1ll\u00edt\u00e1s\u00e1r\u00f3l \u00e9s annak folyamat\u00e1r\u00f3l, illetve a h\u00e1tt\u00e9rzene vez\u00e9rl\u00e9s\u00e9r\u0151l.<\/p>\n","protected":false},"excerpt":{"rendered":"<p>Rendel\u00e9si k\u00f3d: F.01U.325.358<\/p>\n","protected":false},"featured_media":9173,"template":"","meta":[],"product_brand":[],"product_cat":[410],"product_tag":[25],"class_list":{"0":"post-9174","1":"product","2":"type-product","3":"status-publish","4":"has-post-thumbnail","6":"product_cat-praesensa","7":"product_tag-bosch","9":"first","10":"instock","11":"taxable","12":"shipping-taxable","13":"purchasable","14":"product-type-simple"},"jetpack_sharing_enabled":true,"_links":{"self":[{"href":"https:\/\/bpont.hu\/shop\/index.php\/wp-json\/wp\/v2\/product\/9174","targetHints":{"allow":["GET"]}}],"collection":[{"href":"https:\/\/bpont.hu\/shop\/index.php\/wp-json\/wp\/v2\/product"}],"about":[{"href":"https:\/\/bpont.hu\/shop\/index.php\/wp-json\/wp\/v2\/types\/product"}],"version-history":[{"count":1,"href":"https:\/\/bpont.hu\/shop\/index.php\/wp-json\/wp\/v2\/product\/9174\/revisions"}],"predecessor-version":[{"id":9294,"href":"https:\/\/bpont.hu\/shop\/index.php\/wp-json\/wp\/v2\/product\/9174\/revisions\/9294"}],"wp:featuredmedia":[{"embeddable":true,"href":"https:\/\/bpont.hu\/shop\/index.php\/wp-json\/wp\/v2\/media\/9173"}],"wp:attachment":[{"href":"https:\/\/bpont.hu\/shop\/index.php\/wp-json\/wp\/v2\/media?parent=9174"}],"wp:term":[{"taxonomy":"product_brand","embeddable":true,"href":"https:\/\/bpont.hu\/shop\/index.php\/wp-json\/wp\/v2\/product_brand?post=9174"},{"taxonomy":"product_cat","embeddable":true,"href":"https:\/\/bpont.hu\/shop\/index.php\/wp-json\/wp\/v2\/product_cat?post=9174"},{"taxonomy":"product_tag","embeddable":true,"href":"https:\/\/bpont.hu\/shop\/index.php\/wp-json\/wp\/v2\/product_tag?post=9174"}],"curies":[{"name":"wp","href":"https:\/\/api.w.org\/{rel}","templated":true}]}}