{"id":9172,"date":"2025-09-25T08:00:40","date_gmt":"2025-09-25T07:00:40","guid":{"rendered":"https:\/\/bpont.hu\/shop\/index.php\/product\/vonal-izolator-modul\/"},"modified":"2026-03-11T16:40:43","modified_gmt":"2026-03-11T14:40:43","slug":"vonal-izolator-modul","status":"publish","type":"product","link":"https:\/\/bpont.hu\/shop\/index.php\/product\/vonal-izolator-modul\/","title":{"rendered":"PRA-LIM<br>Vonal izol\u00e1tor modul"},"content":{"rendered":"<p>PRA-LIM<\/p>\n<p>&#8211; \u00c9szleli \u00e9s izol\u00e1lja a hangsz\u00f3r\u00f3vezet\u00e9k hib\u00e1it<br \/>\n&#8211; WAGO nyom\u00f3gombos csatlakoz\u00f3kkal felszerelve<br \/>\n&#8211; Megfelel az EN 54 szabv\u00e1nynak<\/p>\n","protected":false},"excerpt":{"rendered":"<p>Rendel\u00e9si k\u00f3d: F.01U.393.727<\/p>\n","protected":false},"featured_media":9171,"template":"","meta":[],"product_brand":[],"product_cat":[410],"product_tag":[25],"class_list":{"0":"post-9172","1":"product","2":"type-product","3":"status-publish","4":"has-post-thumbnail","6":"product_cat-praesensa","7":"product_tag-bosch","9":"first","10":"instock","11":"taxable","12":"shipping-taxable","13":"purchasable","14":"product-type-simple"},"jetpack_sharing_enabled":true,"_links":{"self":[{"href":"https:\/\/bpont.hu\/shop\/index.php\/wp-json\/wp\/v2\/product\/9172","targetHints":{"allow":["GET"]}}],"collection":[{"href":"https:\/\/bpont.hu\/shop\/index.php\/wp-json\/wp\/v2\/product"}],"about":[{"href":"https:\/\/bpont.hu\/shop\/index.php\/wp-json\/wp\/v2\/types\/product"}],"version-history":[{"count":1,"href":"https:\/\/bpont.hu\/shop\/index.php\/wp-json\/wp\/v2\/product\/9172\/revisions"}],"predecessor-version":[{"id":9293,"href":"https:\/\/bpont.hu\/shop\/index.php\/wp-json\/wp\/v2\/product\/9172\/revisions\/9293"}],"wp:featuredmedia":[{"embeddable":true,"href":"https:\/\/bpont.hu\/shop\/index.php\/wp-json\/wp\/v2\/media\/9171"}],"wp:attachment":[{"href":"https:\/\/bpont.hu\/shop\/index.php\/wp-json\/wp\/v2\/media?parent=9172"}],"wp:term":[{"taxonomy":"product_brand","embeddable":true,"href":"https:\/\/bpont.hu\/shop\/index.php\/wp-json\/wp\/v2\/product_brand?post=9172"},{"taxonomy":"product_cat","embeddable":true,"href":"https:\/\/bpont.hu\/shop\/index.php\/wp-json\/wp\/v2\/product_cat?post=9172"},{"taxonomy":"product_tag","embeddable":true,"href":"https:\/\/bpont.hu\/shop\/index.php\/wp-json\/wp\/v2\/product_tag?post=9172"}],"curies":[{"name":"wp","href":"https:\/\/api.w.org\/{rel}","templated":true}]}}