{"id":9170,"date":"2025-09-25T08:00:39","date_gmt":"2025-09-25T07:00:39","guid":{"rendered":"https:\/\/bpont.hu\/shop\/index.php\/product\/vezerlo-interfesz-modul-16x8\/"},"modified":"2026-03-11T16:40:43","modified_gmt":"2026-03-11T14:40:43","slug":"vezerlo-interfesz-modul-16x8","status":"publish","type":"product","link":"https:\/\/bpont.hu\/shop\/index.php\/product\/vezerlo-interfesz-modul-16x8\/","title":{"rendered":"PRA-IM16C8<br>Vez\u00e9rl\u0151 interf\u00e9sz modul, 16&#215;8"},"content":{"rendered":"<p>PRA-IM16C8 <\/p>\n<p>A PRA-IM16C8 vez\u00e9rl\u0151interf\u00e9sz modul konfigur\u00e1lhat\u00f3 \u00e9s fel\u00fcgyelt vez\u00e9rl\u0151bemenetekkel, fesz\u00fclts\u00e9gmentes vez\u00e9rl\u0151kimenetekkel \u00e9s fel\u00fcgyelt trigger kimenetekkel b\u0151v\u00edti a PRAESENSA rendszert. Ezek az \u00e9rintkez\u0151bemenetek \u00e9s -kimenetek biztos\u00edtj\u00e1k a PRAESENSA rendszer egyszer\u0171 logikai csatlakoztathat\u00f3s\u00e1g\u00e1t olyan kieg\u00e9sz\u00edt\u0151 berendez\u00e9sekhez, mint a t\u0171zjelz\u0151 rendszer, a villog\u00f3, a indik\u00e1torok.<br \/>\nA PRA-IM16C8 h\u00e1z lehet\u0151v\u00e9 teszi a DIN-s\u00ednre szerelhet\u0151 telep\u00edt\u00e9st a kieg\u00e9sz\u00edt\u0151 berendez\u00e9sek k\u00f6zel\u00e9be a r\u00f6vid \u00f6sszek\u00f6ttet\u00e9sek \u00e9rdek\u00e9ben. A modulnak csak egy OMNEO IP-h\u00e1l\u00f3zathoz kell csatlakoznia Power over Ethernet (PoE) t\u00e1mogat\u00e1ssal a kommunik\u00e1ci\u00f3hoz \u00e9s a t\u00e1pell\u00e1t\u00e1shoz egyar\u00e1nt.<\/p>\n","protected":false},"excerpt":{"rendered":"<p>Rendel\u00e9si k\u00f3d: F.01U.378.929<\/p>\n","protected":false},"featured_media":9169,"template":"","meta":[],"product_brand":[],"product_cat":[410],"product_tag":[25],"class_list":{"0":"post-9170","1":"product","2":"type-product","3":"status-publish","4":"has-post-thumbnail","6":"product_cat-praesensa","7":"product_tag-bosch","9":"first","10":"instock","11":"taxable","12":"shipping-taxable","13":"purchasable","14":"product-type-simple"},"jetpack_sharing_enabled":true,"_links":{"self":[{"href":"https:\/\/bpont.hu\/shop\/index.php\/wp-json\/wp\/v2\/product\/9170","targetHints":{"allow":["GET"]}}],"collection":[{"href":"https:\/\/bpont.hu\/shop\/index.php\/wp-json\/wp\/v2\/product"}],"about":[{"href":"https:\/\/bpont.hu\/shop\/index.php\/wp-json\/wp\/v2\/types\/product"}],"version-history":[{"count":1,"href":"https:\/\/bpont.hu\/shop\/index.php\/wp-json\/wp\/v2\/product\/9170\/revisions"}],"predecessor-version":[{"id":9292,"href":"https:\/\/bpont.hu\/shop\/index.php\/wp-json\/wp\/v2\/product\/9170\/revisions\/9292"}],"wp:featuredmedia":[{"embeddable":true,"href":"https:\/\/bpont.hu\/shop\/index.php\/wp-json\/wp\/v2\/media\/9169"}],"wp:attachment":[{"href":"https:\/\/bpont.hu\/shop\/index.php\/wp-json\/wp\/v2\/media?parent=9170"}],"wp:term":[{"taxonomy":"product_brand","embeddable":true,"href":"https:\/\/bpont.hu\/shop\/index.php\/wp-json\/wp\/v2\/product_brand?post=9170"},{"taxonomy":"product_cat","embeddable":true,"href":"https:\/\/bpont.hu\/shop\/index.php\/wp-json\/wp\/v2\/product_cat?post=9170"},{"taxonomy":"product_tag","embeddable":true,"href":"https:\/\/bpont.hu\/shop\/index.php\/wp-json\/wp\/v2\/product_tag?post=9170"}],"curies":[{"name":"wp","href":"https:\/\/api.w.org\/{rel}","templated":true}]}}