{"id":9147,"date":"2025-09-25T08:00:30","date_gmt":"2025-09-25T07:00:30","guid":{"rendered":"https:\/\/bpont.hu\/shop\/index.php\/product\/arni-rack-szerelokeszlet-g4\/"},"modified":"2026-03-11T16:40:42","modified_gmt":"2026-03-11T14:40:42","slug":"arni-rack-szerelokeszlet-g4","status":"publish","type":"product","link":"https:\/\/bpont.hu\/shop\/index.php\/product\/arni-rack-szerelokeszlet-g4\/","title":{"rendered":"OMN-ARNIS<br>ARNI Rack szerel\u0151k\u00e9szlet G4"},"content":{"rendered":"<p>OMN-ARNIS<\/p>\n<p>&#8211; Jobb sk\u00e1l\u00e1zhat\u00f3s\u00e1g DHCP \u00e9s\/vagy DNS szerver haszn\u00e1lat\u00e1val<br \/>\n&#8211; Lehet\u0151v\u00e9 teszi a PTP audio \u00f3rajel szinkroniz\u00e1l\u00e1s\u00e1t t\u00f6bb alh\u00e1l\u00f3zaton kereszt\u00fcl<br \/>\n&#8211; Ak\u00e1r 450 eszk\u00f6zt is t\u00e1mogat egyetlen alh\u00e1l\u00f3zatban opcion\u00e1lisan, az OMN-ARNIE-val kombin\u00e1lva<br \/>\n&#8211; T\u00e1mogatja a redundanci\u00e1t<\/p>\n<p>Az OMN-ARNIS nagy teljes\u00edtm\u00e9ny\u0171 Dynamic Host Configuration Protocol (DHCP) szerverk\u00e9nt m\u0171k\u00f6dik, ami fokozza az OMNEO rendszer sk\u00e1l\u00e1zhat\u00f3s\u00e1g\u00e1t.<br \/>\nAz eszk\u00f6z ak\u00e1r 450 OMNEO eszk\u00f6zt is t\u00e1mogat egyetlen alh\u00e1l\u00f3zati \u00f6n\u00e1ll\u00f3 k\u00f6rnyezetben. Az OMN-ARNIE-val kombin\u00e1lva \u00fatv\u00e1laszt\u00e1sos h\u00e1l\u00f3zatokban is haszn\u00e1lhat\u00f3, \u00edgy ak\u00e1r 450 OMNEO eszk\u00f6zb\u0151l \u00e1ll\u00f3 alh\u00e1l\u00f3zatokat is t\u00e1mogathat.<\/p>\n<p>Megjegyz\u00e9s<br \/>\nB\u00e1r az eszk\u00f6z ak\u00e1r 450 eszk\u00f6zt is t\u00e1mogat, mindig figyelembe kell venni az adott rendszer korl\u00e1tait.<\/p>\n","protected":false},"excerpt":{"rendered":"<p>Rendel\u00e9si k\u00f3d: F.01U.311.135<\/p>\n","protected":false},"featured_media":9146,"template":"","meta":[],"product_brand":[],"product_cat":[410],"product_tag":[25],"class_list":{"0":"post-9147","1":"product","2":"type-product","3":"status-publish","4":"has-post-thumbnail","6":"product_cat-praesensa","7":"product_tag-bosch","9":"first","10":"instock","11":"taxable","12":"shipping-taxable","13":"purchasable","14":"product-type-simple"},"jetpack_sharing_enabled":true,"_links":{"self":[{"href":"https:\/\/bpont.hu\/shop\/index.php\/wp-json\/wp\/v2\/product\/9147","targetHints":{"allow":["GET"]}}],"collection":[{"href":"https:\/\/bpont.hu\/shop\/index.php\/wp-json\/wp\/v2\/product"}],"about":[{"href":"https:\/\/bpont.hu\/shop\/index.php\/wp-json\/wp\/v2\/types\/product"}],"version-history":[{"count":1,"href":"https:\/\/bpont.hu\/shop\/index.php\/wp-json\/wp\/v2\/product\/9147\/revisions"}],"predecessor-version":[{"id":9280,"href":"https:\/\/bpont.hu\/shop\/index.php\/wp-json\/wp\/v2\/product\/9147\/revisions\/9280"}],"wp:featuredmedia":[{"embeddable":true,"href":"https:\/\/bpont.hu\/shop\/index.php\/wp-json\/wp\/v2\/media\/9146"}],"wp:attachment":[{"href":"https:\/\/bpont.hu\/shop\/index.php\/wp-json\/wp\/v2\/media?parent=9147"}],"wp:term":[{"taxonomy":"product_brand","embeddable":true,"href":"https:\/\/bpont.hu\/shop\/index.php\/wp-json\/wp\/v2\/product_brand?post=9147"},{"taxonomy":"product_cat","embeddable":true,"href":"https:\/\/bpont.hu\/shop\/index.php\/wp-json\/wp\/v2\/product_cat?post=9147"},{"taxonomy":"product_tag","embeddable":true,"href":"https:\/\/bpont.hu\/shop\/index.php\/wp-json\/wp\/v2\/product_tag?post=9147"}],"curies":[{"name":"wp","href":"https:\/\/api.w.org\/{rel}","templated":true}]}}