{"id":9145,"date":"2025-09-25T08:00:28","date_gmt":"2025-09-25T07:00:28","guid":{"rendered":"https:\/\/bpont.hu\/shop\/index.php\/product\/fali-vezerlopanel-eu-stilus\/"},"modified":"2026-03-11T16:40:42","modified_gmt":"2026-03-11T14:40:42","slug":"fali-vezerlopanel-eu-stilus","status":"publish","type":"product","link":"https:\/\/bpont.hu\/shop\/index.php\/product\/fali-vezerlopanel-eu-stilus\/","title":{"rendered":"PRA-WCP-EU<br>Fali vez\u00e9rl\u0151panel, EU-st\u00edlus"},"content":{"rendered":"<p>PRA-WCP-EU<\/p>\n<p>&#8211; K\u00f6nnyen leolvashat\u00f3 sz\u00ednes TFT kijelz\u0151<br \/>\n&#8211; A zeneforr\u00e1s \u00e9s a hanger\u0151 helyi vez\u00e9rl\u00e9se k\u00fcl\u00f6nb\u00f6z\u0151 z\u00f3n\u00e1kban<br \/>\n&#8211; PoE t\u00e1pell\u00e1t\u00e1s\u00fa eszk\u00f6z<br \/>\n&#8211; Illeszkedik a szabv\u00e1nyos eur\u00f3pai kerek s\u00fcllyesztett h\u00e1tlapba<br \/>\n&#8211; Cser\u00e9lhet\u0151 feh\u00e9r \u00e9s fekete el\u0151lap<\/p>\n<p>A PRA-WCP-EU fali vez\u00e9rl\u0151panel k\u00e9nyelmes helyi h\u00e1tt\u00e9rzene (BGM) vez\u00e9rl\u00e9st biztos\u00edt a PRAESENSA hangrendszer \u00e1ltal lefedett z\u00f3n\u00e1ban. A PRAESENSA rendszerben lehet\u0151s\u00e9g van a kiv\u00e1laszthat\u00f3 zenei forr\u00e1sokhoz, a hanger\u0151-szab\u00e1lyoz\u00e1si tartom\u00e1ny \u00e9s az egyes fali vez\u00e9rl\u0151panelek m\u0171k\u00f6d\u00e9si z\u00f3n\u00e1j\u00e1nak konfigur\u00e1l\u00e1s\u00e1ra. A vez\u00e9rl\u00e9s gyors \u00e9s intuit\u00edv, egyetlen gombbal lehet kiv\u00e1lasztani a forgathat\u00f3\/nyom\u00f3gombos kiv\u00e1laszt\u00e1st. A sz\u00ednes LCD kijelz\u0151 egy\u00e9rtelm\u0171 felhaszn\u00e1l\u00f3i visszajelz\u00e9st ad. A felhaszn\u00e1l\u00f3i hozz\u00e1f\u00e9r\u00e9s PIN-k\u00f3ddal kezelhet\u0151, \u00edgy a m\u0171k\u00f6dtet\u00e9s csak a jogosult szem\u00e9lyzetre korl\u00e1tozhat\u00f3.<br \/>\nA PRA-WCP-EU feh\u00e9r el\u0151lappal, gombbal \u00e9s n\u00e9gyzet alak\u00fa fali lemezzel rendelkezik. A helysz\u00edni egyszer\u0171 csere \u00e9rdek\u00e9ben fekete el\u0151lap, gomb \u00e9s fali lemez is tartozik hozz\u00e1. A s\u00fcllyesztett telep\u00edt\u00e9shez a szabv\u00e1nyos eur\u00f3pai kerek, s\u00fcllyesztett elektromos szerel\u0151doboz illeszkedik.<\/p>\n","protected":false},"excerpt":{"rendered":"<p>Rendel\u00e9si k\u00f3d: F.01U.394.535<\/p>\n","protected":false},"featured_media":9144,"template":"","meta":[],"product_brand":[],"product_cat":[410],"product_tag":[25],"class_list":{"0":"post-9145","1":"product","2":"type-product","3":"status-publish","4":"has-post-thumbnail","6":"product_cat-praesensa","7":"product_tag-bosch","9":"first","10":"instock","11":"taxable","12":"shipping-taxable","13":"purchasable","14":"product-type-simple"},"jetpack_sharing_enabled":true,"_links":{"self":[{"href":"https:\/\/bpont.hu\/shop\/index.php\/wp-json\/wp\/v2\/product\/9145","targetHints":{"allow":["GET"]}}],"collection":[{"href":"https:\/\/bpont.hu\/shop\/index.php\/wp-json\/wp\/v2\/product"}],"about":[{"href":"https:\/\/bpont.hu\/shop\/index.php\/wp-json\/wp\/v2\/types\/product"}],"version-history":[{"count":1,"href":"https:\/\/bpont.hu\/shop\/index.php\/wp-json\/wp\/v2\/product\/9145\/revisions"}],"predecessor-version":[{"id":9279,"href":"https:\/\/bpont.hu\/shop\/index.php\/wp-json\/wp\/v2\/product\/9145\/revisions\/9279"}],"wp:featuredmedia":[{"embeddable":true,"href":"https:\/\/bpont.hu\/shop\/index.php\/wp-json\/wp\/v2\/media\/9144"}],"wp:attachment":[{"href":"https:\/\/bpont.hu\/shop\/index.php\/wp-json\/wp\/v2\/media?parent=9145"}],"wp:term":[{"taxonomy":"product_brand","embeddable":true,"href":"https:\/\/bpont.hu\/shop\/index.php\/wp-json\/wp\/v2\/product_brand?post=9145"},{"taxonomy":"product_cat","embeddable":true,"href":"https:\/\/bpont.hu\/shop\/index.php\/wp-json\/wp\/v2\/product_cat?post=9145"},{"taxonomy":"product_tag","embeddable":true,"href":"https:\/\/bpont.hu\/shop\/index.php\/wp-json\/wp\/v2\/product_tag?post=9145"}],"curies":[{"name":"wp","href":"https:\/\/api.w.org\/{rel}","templated":true}]}}

PRA-WCP-EU<br>Fali vezérlőpanel, EU-stílus

<p>PRA-WCP-EU</p>
<p>&#8211; Könnyen leolvasható színes TFT kijelző<br />
&#8211; A zeneforrás és a hangerő helyi vezérlése különböző zónákban<br />
&#8211; PoE tápellátású eszköz<br />
&#8211; Illeszkedik a szabványos európai kerek süllyesztett hátlapba<br />
&#8211; Cserélhető fehér és fekete előlap</p>
<p>A PRA-WCP-EU fali vezérlőpanel kényelmes helyi háttérzene (BGM) vezérlést biztosít a PRAESENSA hangrendszer által lefedett zónában. A PRAESENSA rendszerben lehetőség van a kiválasztható zenei forrásokhoz, a hangerő-szabályozási tartomány és az egyes fali vezérlőpanelek működési zónájának konfigurálására. A vezérlés gyors és intuitív, egyetlen gombbal lehet kiválasztani a forgatható/nyomógombos kiválasztást. A színes LCD kijelző egyértelmű felhasználói visszajelzést ad. A felhasználói hozzáférés PIN-kóddal kezelhető, így a működtetés csak a jogosult személyzetre korlátozható.<br />
A PRA-WCP-EU fehér előlappal, gombbal és négyzet alakú fali lemezzel rendelkezik. A helyszíni egyszerű csere érdekében fekete előlap, gomb és fali lemez is tartozik hozzá. A süllyesztett telepítéshez a szabványos európai kerek, süllyesztett elektromos szerelődoboz illeszkedik.</p>

<p>Rendelési kód: F.01U.394.535</p>
