{"id":699,"date":"2025-06-27T11:11:22","date_gmt":"2025-06-27T10:11:22","guid":{"rendered":"https:\/\/bpont.shop.hu\/?post_type=product&#038;p=699"},"modified":"2026-03-11T16:39:18","modified_gmt":"2026-03-11T14:39:18","slug":"mic-spr-mg-mic-kamerahoz-teher-eloszto-lemez-teglahoz-rogzitesere-szurke","status":"publish","type":"product","link":"https:\/\/bpont.hu\/shop\/index.php\/product\/mic-spr-mg-mic-kamerahoz-teher-eloszto-lemez-teglahoz-rogzitesere-szurke\/","title":{"rendered":"MIC-SPR-MG<br>MIC kamer\u00e1hoz teher eloszt\u00f3 lemez t\u00e9gl\u00e1hoz r\u00f6gz\u00edt\u00e9s\u00e9re Sz\u00fcrke"},"content":{"rendered":"<p>MIC-SPR-MG<\/p>\n","protected":false},"excerpt":{"rendered":"<p>Rendel\u00e9si k\u00f3d: F.01U.296.298<\/p>\n","protected":false},"featured_media":700,"template":"","meta":[],"product_brand":[],"product_cat":[320],"product_tag":[25],"class_list":{"0":"post-699","1":"product","2":"type-product","3":"status-publish","4":"has-post-thumbnail","6":"product_cat-kamerahazak-konzolok","7":"product_tag-bosch","9":"first","10":"instock","11":"taxable","12":"shipping-taxable","13":"purchasable","14":"product-type-simple"},"jetpack_sharing_enabled":true,"_links":{"self":[{"href":"https:\/\/bpont.hu\/shop\/index.php\/wp-json\/wp\/v2\/product\/699","targetHints":{"allow":["GET"]}}],"collection":[{"href":"https:\/\/bpont.hu\/shop\/index.php\/wp-json\/wp\/v2\/product"}],"about":[{"href":"https:\/\/bpont.hu\/shop\/index.php\/wp-json\/wp\/v2\/types\/product"}],"version-history":[{"count":5,"href":"https:\/\/bpont.hu\/shop\/index.php\/wp-json\/wp\/v2\/product\/699\/revisions"}],"predecessor-version":[{"id":7442,"href":"https:\/\/bpont.hu\/shop\/index.php\/wp-json\/wp\/v2\/product\/699\/revisions\/7442"}],"wp:featuredmedia":[{"embeddable":true,"href":"https:\/\/bpont.hu\/shop\/index.php\/wp-json\/wp\/v2\/media\/700"}],"wp:attachment":[{"href":"https:\/\/bpont.hu\/shop\/index.php\/wp-json\/wp\/v2\/media?parent=699"}],"wp:term":[{"taxonomy":"product_brand","embeddable":true,"href":"https:\/\/bpont.hu\/shop\/index.php\/wp-json\/wp\/v2\/product_brand?post=699"},{"taxonomy":"product_cat","embeddable":true,"href":"https:\/\/bpont.hu\/shop\/index.php\/wp-json\/wp\/v2\/product_cat?post=699"},{"taxonomy":"product_tag","embeddable":true,"href":"https:\/\/bpont.hu\/shop\/index.php\/wp-json\/wp\/v2\/product_tag?post=699"}],"curies":[{"name":"wp","href":"https:\/\/api.w.org\/{rel}","templated":true}]}}