{"id":661,"date":"2025-06-27T11:11:17","date_gmt":"2025-06-27T10:11:17","guid":{"rendered":"https:\/\/bpont.shop.hu\/?post_type=product&#038;p=661"},"modified":"2026-03-11T16:39:17","modified_gmt":"2026-03-11T14:39:17","slug":"lff-8012c-d35-lvf-35mm-fixed-mp-telephoto-lens","status":"publish","type":"product","link":"https:\/\/bpont.hu\/shop\/index.php\/product\/lff-8012c-d35-lvf-35mm-fixed-mp-telephoto-lens\/","title":{"rendered":"LFF-8012C-D35<br>LVF 35mm Fixed MP telephoto lens"},"content":{"rendered":"<p>LFF-8012C-D35<br \/>\nMivel a kamer\u00e1k a megapixeles \u00e9rz\u00e9kel\u0151technol\u00f3gi\u00e1nak \u00e9s a fejlett feldolgoz\u00e1snak k\u00f6sz\u00f6nhet\u0151en m\u00e9g jobb felbont\u00e1ssal k\u00e9pesek r\u00f6gz\u00edteni a k\u00e9pet, az objekt\u00edveknek is sz\u00fcks\u00e9g\u00fck van a kamera optim\u00e1lis m\u0171k\u00f6d\u00e9s\u00e9t lehet\u0151v\u00e9 tev\u0151 optikai felbont\u00e1sra.<br \/>\nEzek az objekt\u00edvek hossz\u00fa, megb\u00edzhat\u00f3 \u00e9s karbantart\u00e1smentes m\u0171k\u00f6d\u00e9st garant\u00e1lnak. R\u00e9szletes lefedetts\u00e9get ny\u00fajtanak olyan nagy t\u00e1vols\u00e1g\u00fa felhaszn\u00e1l\u00e1sn\u00e1l, mint a stadionok vagy a k\u00fclt\u00e9ri figyel\u00e9s.<br \/>\nTulajdons\u00e1gok:<br \/>\n&#8211; Ultra megapixeles optikai felbont\u00e1s<br \/>\n&#8211; Teleobjekt\u00edv hat\u00f3t\u00e1vols\u00e1g a t\u00e1voli objektumok r\u00e9szletes megjelen\u00edt\u00e9s\u00e9hez<br \/>\n&#8211; Kiemelked\u0151 min\u0151s\u00e9g\u0171 optika<br \/>\n&#8211; Megb\u00edzhat\u00f3, robusztus kialak\u00edt\u00e1s<\/p>\n","protected":false},"excerpt":{"rendered":"<p>Rendel\u00e9si k\u00f3d: F.01U.309.130<\/p>\n","protected":false},"featured_media":662,"template":"","meta":[],"product_brand":[],"product_cat":[324],"product_tag":[25],"class_list":{"0":"post-661","1":"product","2":"type-product","3":"status-publish","4":"has-post-thumbnail","6":"product_cat-objektivek","7":"product_tag-bosch","9":"first","10":"instock","11":"taxable","12":"shipping-taxable","13":"purchasable","14":"product-type-simple"},"jetpack_sharing_enabled":true,"_links":{"self":[{"href":"https:\/\/bpont.hu\/shop\/index.php\/wp-json\/wp\/v2\/product\/661","targetHints":{"allow":["GET"]}}],"collection":[{"href":"https:\/\/bpont.hu\/shop\/index.php\/wp-json\/wp\/v2\/product"}],"about":[{"href":"https:\/\/bpont.hu\/shop\/index.php\/wp-json\/wp\/v2\/types\/product"}],"version-history":[{"count":5,"href":"https:\/\/bpont.hu\/shop\/index.php\/wp-json\/wp\/v2\/product\/661\/revisions"}],"predecessor-version":[{"id":7428,"href":"https:\/\/bpont.hu\/shop\/index.php\/wp-json\/wp\/v2\/product\/661\/revisions\/7428"}],"wp:featuredmedia":[{"embeddable":true,"href":"https:\/\/bpont.hu\/shop\/index.php\/wp-json\/wp\/v2\/media\/662"}],"wp:attachment":[{"href":"https:\/\/bpont.hu\/shop\/index.php\/wp-json\/wp\/v2\/media?parent=661"}],"wp:term":[{"taxonomy":"product_brand","embeddable":true,"href":"https:\/\/bpont.hu\/shop\/index.php\/wp-json\/wp\/v2\/product_brand?post=661"},{"taxonomy":"product_cat","embeddable":true,"href":"https:\/\/bpont.hu\/shop\/index.php\/wp-json\/wp\/v2\/product_cat?post=661"},{"taxonomy":"product_tag","embeddable":true,"href":"https:\/\/bpont.hu\/shop\/index.php\/wp-json\/wp\/v2\/product_tag?post=661"}],"curies":[{"name":"wp","href":"https:\/\/api.w.org\/{rel}","templated":true}]}}