{"id":5807,"date":"2025-08-04T09:29:34","date_gmt":"2025-08-04T08:29:34","guid":{"rendered":"https:\/\/bpont.hu\/shop\/index.php\/product\/lx-szirena-es-jelzofeny-piros-villogas-feher-burkolat-fali-kivitel\/"},"modified":"2026-05-05T14:46:35","modified_gmt":"2026-05-05T12:46:35","slug":"lx-szirena-es-jelzofeny-piros-villogas-feher-burkolat-fali-kivitel","status":"publish","type":"product","link":"https:\/\/bpont.hu\/shop\/index.php\/product\/lx-szirena-es-jelzofeny-piros-villogas-feher-burkolat-fali-kivitel\/","title":{"rendered":"ROLP-W-LX-W-RF<br>LX szir\u00e9na \u00e9s jelz\u0151f\u00e9ny, piros villog\u00e1s, feh\u00e9r burkolat, fali kivitel"},"content":{"rendered":"<p>ROLP-W-LX-W-RF<br \/>\nAz LX akusztikus jelz\u0151f\u00e9nyek kett\u0151s c\u00e9l\u00fa alkalmaz\u00e1sokhoz haszn\u00e1lhat\u00f3k, ahol a hangos riaszt\u00e1s mellett egy vizu\u00e1lis riaszt\u00e1si eszk\u00f6zre is sz\u00fcks\u00e9g van.<br \/>\nAz egyed\u00fcl\u00e1ll\u00f3 lencs\u00e9s kialak\u00edt\u00e1snak k\u00f6sz\u00f6nhet\u0151en a k\u00e9sz\u00fcl\u00e9k f\u00e9nyhat\u00e1sa el\u00e9ri az EN54-23 szabv\u00e1ny \u00e1ltal el\u0151\u00edrt sz\u00fcks\u00e9ges \u00e9rt\u00e9ket.<br \/>\nA villog\u00e1s \u00fcteme \u00e9s a cs\u00f6kkentett lefedetts\u00e9gi t\u00e9rfogat DIP-kapcsol\u00f3val \u00e1ll\u00edthat\u00f3 be.<br \/>\nFali alkalmaz\u00e1sn\u00e1l a f\u00e9ny kocka alakban terjed sz\u00e9t.<br \/>\nAz integr\u00e1lt hang\u00e1talak\u00edt\u00f3 32 hangv\u00e1ltozat el\u0151\u00e1ll\u00edt\u00e1s\u00e1ra k\u00e9pes, bele\u00e9rtve k\u00fcl\u00f6nb\u00f6z\u0151 siv\u00edt\u00f3 \u00e9s t\u0171zjelz\u0151 hangokat pl. DIN-hangok a DIN 33404 szerint) \u00e9s m\u00e1s speci\u00e1lis modul\u00e1ci\u00f3kat.<br \/>\nA hangok \u00e9s a hanger\u0151 be\u00e1ll\u00edt\u00e1sa egy hatt\u0171s DIPkapcsol\u00f3val lehets\u00e9ges a jelz\u0151k\u00e9sz\u00fcl\u00e9ken.<br \/>\nKiv\u00e1lasztott hangt\u00edpus mellett a m\u00e1sodik bemenet aktiv\u00e1l\u00e1s\u00e1val a m\u00e1sik hang kapcsol\u00f3dik be.<br \/>\nA hangnyom\u00e1s a hang t\u00edpus\u00e1t\u00f3l, a be\u00e1ll\u00edtott hanger\u0151t\u0151l \u00e9s az \u00fczemi fesz\u00fclts\u00e9gt\u0151l f\u00fcgg\u0151en v\u00e1ltozik.<br \/>\nA k\u00e9sz\u00fcl\u00e9k sz\u00e1mos alkalmaz\u00e1shoz haszn\u00e1lhat\u00f3.<br \/>\nTulajdons\u00e1gok:<br \/>\n&#8211; Megfelel az EN54-3 \u00e9s az EN54-23 szabv\u00e1nyoknak<br \/>\n&#8211; Ak\u00e1r 7,5 m-es lefedetts\u00e9g \/ DIN hang 102 dB(A)<br \/>\n&#8211; V\u00e1ltakoz\u00f3 villog\u00e1si \u00fctem<br \/>\n&#8211; Alacsony \u00e1ramfelv\u00e9tel<br \/>\n&#8211; LED technol\u00f3gia<\/p>\n","protected":false},"excerpt":{"rendered":"<p>Rendel\u00e9si k\u00f3d: F.01U.288.469<\/p>\n","protected":false},"featured_media":5805,"template":"","meta":[],"product_brand":[],"product_cat":[397],"product_tag":[25],"class_list":{"0":"post-5807","1":"product","2":"type-product","3":"status-publish","4":"has-post-thumbnail","6":"product_cat-hagyomanyos-hang-fenyjelzok","7":"product_tag-bosch","9":"first","10":"instock","11":"taxable","12":"shipping-taxable","13":"product-type-simple"},"jetpack_sharing_enabled":true,"_links":{"self":[{"href":"https:\/\/bpont.hu\/shop\/index.php\/wp-json\/wp\/v2\/product\/5807","targetHints":{"allow":["GET"]}}],"collection":[{"href":"https:\/\/bpont.hu\/shop\/index.php\/wp-json\/wp\/v2\/product"}],"about":[{"href":"https:\/\/bpont.hu\/shop\/index.php\/wp-json\/wp\/v2\/types\/product"}],"version-history":[{"count":3,"href":"https:\/\/bpont.hu\/shop\/index.php\/wp-json\/wp\/v2\/product\/5807\/revisions"}],"predecessor-version":[{"id":8463,"href":"https:\/\/bpont.hu\/shop\/index.php\/wp-json\/wp\/v2\/product\/5807\/revisions\/8463"}],"wp:featuredmedia":[{"embeddable":true,"href":"https:\/\/bpont.hu\/shop\/index.php\/wp-json\/wp\/v2\/media\/5805"}],"wp:attachment":[{"href":"https:\/\/bpont.hu\/shop\/index.php\/wp-json\/wp\/v2\/media?parent=5807"}],"wp:term":[{"taxonomy":"product_brand","embeddable":true,"href":"https:\/\/bpont.hu\/shop\/index.php\/wp-json\/wp\/v2\/product_brand?post=5807"},{"taxonomy":"product_cat","embeddable":true,"href":"https:\/\/bpont.hu\/shop\/index.php\/wp-json\/wp\/v2\/product_cat?post=5807"},{"taxonomy":"product_tag","embeddable":true,"href":"https:\/\/bpont.hu\/shop\/index.php\/wp-json\/wp\/v2\/product_tag?post=5807"}],"curies":[{"name":"wp","href":"https:\/\/api.w.org\/{rel}","templated":true}]}}