{"id":5762,"date":"2025-08-04T09:29:19","date_gmt":"2025-08-04T08:29:19","guid":{"rendered":"https:\/\/bpont.hu\/shop\/index.php\/product\/lsn-szirena-belteri-piros\/"},"modified":"2026-03-11T16:40:39","modified_gmt":"2026-03-11T14:40:39","slug":"lsn-szirena-belteri-piros","status":"publish","type":"product","link":"https:\/\/bpont.hu\/shop\/index.php\/product\/lsn-szirena-belteri-piros\/","title":{"rendered":"FNM-420-A-RD<br>LSN Szir\u00e9na belt\u00e9ri, piros"},"content":{"rendered":"<p>FNM-420-A-RD<br \/>\nAz eszk\u00f6z lehet\u0151v\u00e9 teszi, hogy 32, k\u00fcl\u00f6nb\u00f6z\u0151 ig\u00e9nyeknek megfelel\u0151 riaszt\u00e1si \u00e9s evaku\u00e1ci\u00f3s hang k\u00f6z\u00fcl v\u00e1lasszon (k\u00f6zt\u00fck DIN-hang 33404 3. r\u00e9sz).<br \/>\nA hangnyom\u00e1sszintet \u00f6tfokozat\u00fa sk\u00e1l\u00e1n \u00e1ll\u00edthatja be a m\u0171k\u00f6d\u00e9si k\u00f6rnyezetnek megfelel\u0151en. A hang t\u00edpus\u00e1t\u00f3l \u00e9s a be\u00e1ll\u00edtott hanger\u0151t\u0151l f\u00fcgg\u0151en a hangnyom\u00e1s szintje 65 dB(A) \u00e9s 101dB(A) k\u00f6z\u00f6tt v\u00e1ltozik.<br \/>\nAz azonos LSN-hurokhoz tartoz\u00f3, azonos hangt\u00edpus\u00fa hangjelz\u0151k azonnali szinkroniz\u00e1l\u00e1st biztos\u00edtanak.<br \/>\nAz eszk\u00f6z fenntartja az LSN-hurokfunkci\u00f3t k\u00e1belszakad\u00e1s vagy r\u00f6vidz\u00e1rlat eset\u00e9n a k\u00e9t integr\u00e1lt lev\u00e1laszt\u00f3nak k\u00f6sz\u00f6nhet\u0151en.<br \/>\nAz eszk\u00f6z be\u00e1ll\u00edt\u00e1sait a(z) FSP-5000-RPS programoz\u00f3szoftverben lehet elv\u00e9gezni.<br \/>\nTulajdons\u00e1gok:<\/p>\n<p>&#8211; Maxim\u00e1lis hanger\u0151 101.3 dB(A)<br \/>\n&#8211; A maxim\u00e1lis \u00e1ramfelv\u00e9tel kevesebb mint 3.9 mA<br \/>\n&#8211; LSN hurkonk\u00e9nt ak\u00e1r 100 hangjelz\u0151<br \/>\n&#8211; Azonnali szinkroniz\u00e1l\u00e1s<br \/>\n&#8211; 32 k\u00fcl\u00f6nb\u00f6z\u0151 v\u00e1laszthat\u00f3 hangt\u00edpus (k\u00f6zt\u00fck DIN-hang)<\/p>\n","protected":false},"excerpt":{"rendered":"<p>Rendel\u00e9si k\u00f3d: F.01U.064.690<\/p>\n","protected":false},"featured_media":5761,"template":"","meta":[],"product_brand":[],"product_cat":[395],"product_tag":[25],"class_list":{"0":"post-5762","1":"product","2":"type-product","3":"status-publish","4":"has-post-thumbnail","6":"product_cat-intelligens-hang-fenyjelzok-hang-es-fenyjelzok","7":"product_tag-bosch","9":"first","10":"instock","11":"taxable","12":"shipping-taxable","13":"purchasable","14":"product-type-simple"},"jetpack_sharing_enabled":true,"_links":{"self":[{"href":"https:\/\/bpont.hu\/shop\/index.php\/wp-json\/wp\/v2\/product\/5762","targetHints":{"allow":["GET"]}}],"collection":[{"href":"https:\/\/bpont.hu\/shop\/index.php\/wp-json\/wp\/v2\/product"}],"about":[{"href":"https:\/\/bpont.hu\/shop\/index.php\/wp-json\/wp\/v2\/types\/product"}],"version-history":[{"count":3,"href":"https:\/\/bpont.hu\/shop\/index.php\/wp-json\/wp\/v2\/product\/5762\/revisions"}],"predecessor-version":[{"id":8437,"href":"https:\/\/bpont.hu\/shop\/index.php\/wp-json\/wp\/v2\/product\/5762\/revisions\/8437"}],"wp:featuredmedia":[{"embeddable":true,"href":"https:\/\/bpont.hu\/shop\/index.php\/wp-json\/wp\/v2\/media\/5761"}],"wp:attachment":[{"href":"https:\/\/bpont.hu\/shop\/index.php\/wp-json\/wp\/v2\/media?parent=5762"}],"wp:term":[{"taxonomy":"product_brand","embeddable":true,"href":"https:\/\/bpont.hu\/shop\/index.php\/wp-json\/wp\/v2\/product_brand?post=5762"},{"taxonomy":"product_cat","embeddable":true,"href":"https:\/\/bpont.hu\/shop\/index.php\/wp-json\/wp\/v2\/product_cat?post=5762"},{"taxonomy":"product_tag","embeddable":true,"href":"https:\/\/bpont.hu\/shop\/index.php\/wp-json\/wp\/v2\/product_tag?post=5762"}],"curies":[{"name":"wp","href":"https:\/\/api.w.org\/{rel}","templated":true}]}}