{"id":562,"date":"2025-06-27T11:11:01","date_gmt":"2025-06-27T10:11:01","guid":{"rendered":"https:\/\/bpont.shop.hu\/?post_type=product&#038;p=562"},"modified":"2026-03-11T16:39:14","modified_gmt":"2026-03-11T14:39:14","slug":"tc9212-belteri-fali-tarto-boxkamerakhoz-allithato-240-410mm","status":"publish","type":"product","link":"https:\/\/bpont.hu\/shop\/index.php\/product\/tc9212-belteri-fali-tarto-boxkamerakhoz-allithato-240-410mm\/","title":{"rendered":"TC9212<br>Belt\u00e9ri Fali tart\u00f3 box kamer\u00e1khoz \u00e1ll\u00edthat\u00f3 (240-410mm)"},"content":{"rendered":"<p>TC9212<br \/>\nA TC92xx sorozat\u00fa belt\u00e9ri kameraszerelv\u00e9nyek fix, vagy variof\u00f3kuszos CCD kamer\u00e1kkal haszn\u00e1lhat\u00f3k.<br \/>\nEzek a massz\u00edv, tetszet\u0151s szerelv\u00e9nyek teljes m\u00e9rt\u00e9kben \u00e1ll\u00edthat\u00f3 fejszerelv\u00e9nyekkel \u00e9s szabv\u00e1nyos 1\/4-20 kamerar\u00f6gz\u00edt\u0151 csavarokkal vannak ell\u00e1tva.<br \/>\nA legnagyobb terhelhet\u0151s\u00e9g 2 kg \u00e9s 10 kg k\u00f6z\u00f6tt van.<br \/>\nEzek a sokoldal\u00fa t\u00edpusok talapzati, fali vagy mennyezeti szerelv\u00e9nyk\u00e9nt haszn\u00e1lhat\u00f3k, \u00e9s kiv\u00e1l\u00f3an alkalmasak CCD kamer\u00e1k sz\u00e1m\u00e1ra.<br \/>\nA TC9212 t\u00edpus egy kih\u00fazhat\u00f3 faliszerelv\u00e9ny, amelynek hossza 244 mm \u00e9s 414 mm k\u00f6z\u00f6tt (9,6&#8243; &#8211; 16,3&#8243;) \u00e1ll\u00edthat\u00f3.<br \/>\nMind r\u00f6vid, mind teljesen kih\u00fazott \u00e1llapot\u00e1ban 10 kg terhel\u00e9st b\u00edr el, \u00e9s gyorskiold\u00f3 csavarral ell\u00e1tott fejjel rendelkezik a kamera be\u00e1ll\u00edt\u00e1s\u00e1nak megk\u00f6nny\u00edt\u00e9se c\u00e9lj\u00e1b\u00f3l.<\/p>\n","protected":false},"excerpt":{"rendered":"<p>Rendel\u00e9si k\u00f3d: F.01U.216.829<\/p>\n","protected":false},"featured_media":563,"template":"","meta":[],"product_brand":[],"product_cat":[320],"product_tag":[25],"class_list":{"0":"post-562","1":"product","2":"type-product","3":"status-publish","4":"has-post-thumbnail","6":"product_cat-kamerahazak-konzolok","7":"product_tag-bosch","9":"first","10":"instock","11":"taxable","12":"shipping-taxable","13":"purchasable","14":"product-type-simple"},"jetpack_sharing_enabled":true,"_links":{"self":[{"href":"https:\/\/bpont.hu\/shop\/index.php\/wp-json\/wp\/v2\/product\/562","targetHints":{"allow":["GET"]}}],"collection":[{"href":"https:\/\/bpont.hu\/shop\/index.php\/wp-json\/wp\/v2\/product"}],"about":[{"href":"https:\/\/bpont.hu\/shop\/index.php\/wp-json\/wp\/v2\/types\/product"}],"version-history":[{"count":5,"href":"https:\/\/bpont.hu\/shop\/index.php\/wp-json\/wp\/v2\/product\/562\/revisions"}],"predecessor-version":[{"id":7390,"href":"https:\/\/bpont.hu\/shop\/index.php\/wp-json\/wp\/v2\/product\/562\/revisions\/7390"}],"wp:featuredmedia":[{"embeddable":true,"href":"https:\/\/bpont.hu\/shop\/index.php\/wp-json\/wp\/v2\/media\/563"}],"wp:attachment":[{"href":"https:\/\/bpont.hu\/shop\/index.php\/wp-json\/wp\/v2\/media?parent=562"}],"wp:term":[{"taxonomy":"product_brand","embeddable":true,"href":"https:\/\/bpont.hu\/shop\/index.php\/wp-json\/wp\/v2\/product_brand?post=562"},{"taxonomy":"product_cat","embeddable":true,"href":"https:\/\/bpont.hu\/shop\/index.php\/wp-json\/wp\/v2\/product_cat?post=562"},{"taxonomy":"product_tag","embeddable":true,"href":"https:\/\/bpont.hu\/shop\/index.php\/wp-json\/wp\/v2\/product_tag?post=562"}],"curies":[{"name":"wp","href":"https:\/\/api.w.org\/{rel}","templated":true}]}}