{"id":5576,"date":"2025-08-04T09:28:14","date_gmt":"2025-08-04T08:28:14","guid":{"rendered":"https:\/\/bpont.hu\/shop\/index.php\/product\/hatso-szerelodoboz-fap-500-es-fcp-500-hoz\/"},"modified":"2026-03-11T16:40:32","modified_gmt":"2026-03-11T14:40:32","slug":"hatso-szerelodoboz-fap-500-es-fcp-500-hoz","status":"publish","type":"product","link":"https:\/\/bpont.hu\/shop\/index.php\/product\/hatso-szerelodoboz-fap-500-es-fcp-500-hoz\/","title":{"rendered":"FAA-500-BB<br>H\u00e1ts\u00f3 szerel\u0151doboz FAP 500 \u00e9s FCP 500-hoz"},"content":{"rendered":"<p>FAA-500-BB<br \/>\nFAA-500-BB mennyezeti szerel\u0151doboz sz\u00fcks\u00e9ges az FAP-500-as \u00e9s FAP-520-as sorozat\u00fa aljzatok \u00e9s \u00e9rz\u00e9kel\u0151k \u00e1lmennyezetbe<br \/>\nt\u00f6rt\u00e9n\u0151 s\u00fcllyesztett be\u00e9p\u00edt\u00e9s\u00e9hez alkalmazhat\u00f3.<\/p>\n","protected":false},"excerpt":{"rendered":"<p>Rendel\u00e9si k\u00f3d: 4.998.151.302<\/p>\n","protected":false},"featured_media":5575,"template":"","meta":[],"product_brand":[],"product_cat":[379],"product_tag":[25],"class_list":{"0":"post-5576","1":"product","2":"type-product","3":"status-publish","4":"has-post-thumbnail","6":"product_cat-pontszeru-erzekelo-kiegeszitok","7":"product_tag-bosch","9":"first","10":"instock","11":"taxable","12":"shipping-taxable","13":"purchasable","14":"product-type-simple"},"jetpack_sharing_enabled":true,"_links":{"self":[{"href":"https:\/\/bpont.hu\/shop\/index.php\/wp-json\/wp\/v2\/product\/5576","targetHints":{"allow":["GET"]}}],"collection":[{"href":"https:\/\/bpont.hu\/shop\/index.php\/wp-json\/wp\/v2\/product"}],"about":[{"href":"https:\/\/bpont.hu\/shop\/index.php\/wp-json\/wp\/v2\/types\/product"}],"version-history":[{"count":3,"href":"https:\/\/bpont.hu\/shop\/index.php\/wp-json\/wp\/v2\/product\/5576\/revisions"}],"predecessor-version":[{"id":8325,"href":"https:\/\/bpont.hu\/shop\/index.php\/wp-json\/wp\/v2\/product\/5576\/revisions\/8325"}],"wp:featuredmedia":[{"embeddable":true,"href":"https:\/\/bpont.hu\/shop\/index.php\/wp-json\/wp\/v2\/media\/5575"}],"wp:attachment":[{"href":"https:\/\/bpont.hu\/shop\/index.php\/wp-json\/wp\/v2\/media?parent=5576"}],"wp:term":[{"taxonomy":"product_brand","embeddable":true,"href":"https:\/\/bpont.hu\/shop\/index.php\/wp-json\/wp\/v2\/product_brand?post=5576"},{"taxonomy":"product_cat","embeddable":true,"href":"https:\/\/bpont.hu\/shop\/index.php\/wp-json\/wp\/v2\/product_cat?post=5576"},{"taxonomy":"product_tag","embeddable":true,"href":"https:\/\/bpont.hu\/shop\/index.php\/wp-json\/wp\/v2\/product_tag?post=5576"}],"curies":[{"name":"wp","href":"https:\/\/api.w.org\/{rel}","templated":true}]}}