{"id":5563,"date":"2025-08-04T09:28:12","date_gmt":"2025-08-04T08:28:12","guid":{"rendered":"https:\/\/bpont.hu\/shop\/index.php\/product\/sik-lathatatlan-erzekelo-optikai-fusterzekelo-szinezheto\/"},"modified":"2026-05-05T14:46:28","modified_gmt":"2026-05-05T12:46:28","slug":"sik-lathatatlan-erzekelo-optikai-fusterzekelo-szinezheto","status":"publish","type":"product","link":"https:\/\/bpont.hu\/shop\/index.php\/product\/sik-lathatatlan-erzekelo-optikai-fusterzekelo-szinezheto\/","title":{"rendered":"FAP-O 520-P<br>S\u00edk (l\u00e1thatatlan \u00e9rz\u00e9kel\u0151) optikai f\u00fcst\u00e9rz\u00e9kel\u0151, sz\u00ednezhet\u0151"},"content":{"rendered":"<p>FAP-O 520-P<br \/>\nA sima, s\u00fcllyeszthet\u0151 be\u00e9p\u00edt\u00e9snek k\u00f6sz\u00f6nhet\u0151en az FAP-520 \u00e9rz\u00e9kel\u0151k magas szint\u0171 eszt\u00e9tikai k\u00f6vetelm\u00e9nyeket t\u00e1maszt\u00f3 ter\u00fcleteken is alkalmazhat\u00f3.<br \/>\nEzen fel\u00fcl a t\u0171z\u00e9rz\u00e9kel\u0151k alkalmasak nagy porszennyezetts\u00e9g\u0171 ter\u00fcleteken val\u00f3 alkalmaz\u00e1sra is.<br \/>\nAz \u201e\u00e1tl\u00e1tsz\u00f3, sz\u00ednez\u0151-bet\u00e9tes\u201d v\u00e1ltozatban sz\u00e1ll\u00edtott \u00e9rz\u00e9kel\u0151kh\u00f6z \u00e9s illeszt\u0151gy\u0171r\u0171kh\u00f6z mindk\u00e9t oldalr\u00f3l sz\u00ednezett gy\u0171r\u0171k\u00e9szlet is tartozik.<br \/>\nA gy\u0171r\u0171k 16 f\u00e9le sz\u00ednben \u00e1llnak rendelkez\u00e9sre.<br \/>\nAz FAP-520 sorozat\u00fa t\u0171z\u00e9rz\u00e9kel\u0151k egyes\u00edtik az LSN improved technol\u00f3gia el\u0151nyeit a s\u00fcllyesztett szerel\u00e9s \u00e9s a sz\u00ednv\u00e1laszt\u00e1s lehet\u0151s\u00e9g\u00e9nek eszt\u00e9tikai el\u0151nyeivel.<br \/>\nAz \u00e9rz\u00e9kel\u0151ket els\u0151sorban a jelent\u0151sen tov\u00e1bbfejlesztett rendszerparam\u00e9terekkel rendelkez\u0151,<br \/>\nLSN improved biztons\u00e1gi h\u00e1l\u00f3zathoz val\u00f3 csatlakoztat\u00e1shoz tervezt\u00e9k.<br \/>\nAz FAP-520 sz\u00f3rt-f\u00e9ny\u0171 f\u00fcst\u00e9rz\u00e9kel\u0151k\u00e9nt vagy \u00e9g\u00e9sg\u00e1z-\u00e9rz\u00e9kel\u0151vel felszerelt, kombin\u00e1lt v\u00e1ltozatban kaphat\u00f3. Az \u00e9rz\u00e9kel\u0151k feh\u00e9r sz\u00ednben vagy \u00e1tl\u00e1tsz\u00f3 kivitelben \u00e9s sz\u00ednes bet\u00e9tekkel kaphat\u00f3k.<\/p>\n","protected":false},"excerpt":{"rendered":"<p>Rendel\u00e9si k\u00f3d: F.01U.510.161<\/p>\n","protected":false},"featured_media":5562,"template":"","meta":[],"product_brand":[],"product_cat":[402],"product_tag":[25],"class_list":{"0":"post-5563","1":"product","2":"type-product","3":"status-publish","4":"has-post-thumbnail","6":"product_cat-intelligens-erzekelok-pontszeru-erzekelok-erzekelok-tuzjelzo-rendszerek","7":"product_tag-bosch","9":"first","10":"instock","11":"taxable","12":"shipping-taxable","13":"product-type-simple"},"jetpack_sharing_enabled":true,"_links":{"self":[{"href":"https:\/\/bpont.hu\/shop\/index.php\/wp-json\/wp\/v2\/product\/5563","targetHints":{"allow":["GET"]}}],"collection":[{"href":"https:\/\/bpont.hu\/shop\/index.php\/wp-json\/wp\/v2\/product"}],"about":[{"href":"https:\/\/bpont.hu\/shop\/index.php\/wp-json\/wp\/v2\/types\/product"}],"version-history":[{"count":3,"href":"https:\/\/bpont.hu\/shop\/index.php\/wp-json\/wp\/v2\/product\/5563\/revisions"}],"predecessor-version":[{"id":8317,"href":"https:\/\/bpont.hu\/shop\/index.php\/wp-json\/wp\/v2\/product\/5563\/revisions\/8317"}],"wp:featuredmedia":[{"embeddable":true,"href":"https:\/\/bpont.hu\/shop\/index.php\/wp-json\/wp\/v2\/media\/5562"}],"wp:attachment":[{"href":"https:\/\/bpont.hu\/shop\/index.php\/wp-json\/wp\/v2\/media?parent=5563"}],"wp:term":[{"taxonomy":"product_brand","embeddable":true,"href":"https:\/\/bpont.hu\/shop\/index.php\/wp-json\/wp\/v2\/product_brand?post=5563"},{"taxonomy":"product_cat","embeddable":true,"href":"https:\/\/bpont.hu\/shop\/index.php\/wp-json\/wp\/v2\/product_cat?post=5563"},{"taxonomy":"product_tag","embeddable":true,"href":"https:\/\/bpont.hu\/shop\/index.php\/wp-json\/wp\/v2\/product_tag?post=5563"}],"curies":[{"name":"wp","href":"https:\/\/api.w.org\/{rel}","templated":true}]}}