{"id":5531,"date":"2025-08-04T09:27:58","date_gmt":"2025-08-04T08:27:58","guid":{"rendered":"https:\/\/bpont.hu\/shop\/index.php\/product\/tapegyseg-24v-6a\/"},"modified":"2026-05-05T14:46:27","modified_gmt":"2026-05-05T12:46:27","slug":"tapegyseg-24v-6a","status":"publish","type":"product","link":"https:\/\/bpont.hu\/shop\/index.php\/product\/tapegyseg-24v-6a\/","title":{"rendered":"UPS 2416 A<br>T\u00e1pegys\u00e9g 24V\/6A"},"content":{"rendered":"<p>UPS 2416 A<br \/>\n A t\u00e1pegys\u00e9g ford\u00edtott polarit\u00e1s \u00e9s t\u00falfesz\u00fclts\u00e9g ellen v\u00e9dett. A kimeneti fesz\u00fclts\u00e9g fel\u00fcgyelt \u00e9s a h\u0151m\u00e9rs\u00e9klet-\u00e9rz\u00e9kel\u0151 jel\u00e9nek f\u00fcggv\u00e9ny\u00e9ben szab\u00e1lyozott. Hiba eset\u00e9n a FAULT (HIBA) kimenet 0 V \u00e9rt\u00e9kre v\u00e1lt. Az univerz\u00e1lis t\u00e1pegys\u00e9g \u00fczemk\u00e9sz \u00e1llapot\u00e1t z\u00f6ld LED jelzi. K\u00fcl\u00f6n \u00e1ll\u00f3 egys\u00e9gk\u00e9nt is, univerz\u00e1lis t\u00e1pegys\u00e9gk\u00e9nt is haszn\u00e1lhat\u00f3. A hozz\u00e1val\u00f3 keretbe helyezve azonnal haszn\u00e1lhat\u00f3.<\/p>\n","protected":false},"excerpt":{"rendered":"<p>Rendel\u00e9si k\u00f3d: F.01U.500.367<\/p>\n","protected":false},"featured_media":5530,"template":"","meta":[],"product_brand":[],"product_cat":[313],"product_tag":[25],"class_list":{"0":"post-5531","1":"product","2":"type-product","3":"status-publish","4":"has-post-thumbnail","6":"product_cat-kozpont-modulok-hazak-tartozekok","7":"product_tag-bosch","9":"first","10":"instock","11":"taxable","12":"shipping-taxable","13":"product-type-simple"},"jetpack_sharing_enabled":true,"_links":{"self":[{"href":"https:\/\/bpont.hu\/shop\/index.php\/wp-json\/wp\/v2\/product\/5531","targetHints":{"allow":["GET"]}}],"collection":[{"href":"https:\/\/bpont.hu\/shop\/index.php\/wp-json\/wp\/v2\/product"}],"about":[{"href":"https:\/\/bpont.hu\/shop\/index.php\/wp-json\/wp\/v2\/types\/product"}],"version-history":[{"count":3,"href":"https:\/\/bpont.hu\/shop\/index.php\/wp-json\/wp\/v2\/product\/5531\/revisions"}],"predecessor-version":[{"id":8298,"href":"https:\/\/bpont.hu\/shop\/index.php\/wp-json\/wp\/v2\/product\/5531\/revisions\/8298"}],"wp:featuredmedia":[{"embeddable":true,"href":"https:\/\/bpont.hu\/shop\/index.php\/wp-json\/wp\/v2\/media\/5530"}],"wp:attachment":[{"href":"https:\/\/bpont.hu\/shop\/index.php\/wp-json\/wp\/v2\/media?parent=5531"}],"wp:term":[{"taxonomy":"product_brand","embeddable":true,"href":"https:\/\/bpont.hu\/shop\/index.php\/wp-json\/wp\/v2\/product_brand?post=5531"},{"taxonomy":"product_cat","embeddable":true,"href":"https:\/\/bpont.hu\/shop\/index.php\/wp-json\/wp\/v2\/product_cat?post=5531"},{"taxonomy":"product_tag","embeddable":true,"href":"https:\/\/bpont.hu\/shop\/index.php\/wp-json\/wp\/v2\/product_tag?post=5531"}],"curies":[{"name":"wp","href":"https:\/\/api.w.org\/{rel}","templated":true}]}}