{"id":5529,"date":"2025-08-04T09:27:57","date_gmt":"2025-08-04T08:27:57","guid":{"rendered":"https:\/\/bpont.hu\/shop\/index.php\/product\/ethernet-uvegszal-konverter-multi-mode-0-2km\/"},"modified":"2026-05-05T14:46:27","modified_gmt":"2026-05-05T12:46:27","slug":"ethernet-uvegszal-konverter-multi-mode-0-2km","status":"publish","type":"product","link":"https:\/\/bpont.hu\/shop\/index.php\/product\/ethernet-uvegszal-konverter-multi-mode-0-2km\/","title":{"rendered":"EL1141-10B-BH<br>Ethernet-\u00dcvegsz\u00e1l Konverter (multi mode, 0-2Km)"},"content":{"rendered":"<p>EL1141-10B-BH<br \/>\nAZ Ethernet optikai k\u00e1bel \u00e1talak\u00edt\u00f3 az elektromos eszk\u00f6z automatiz\u00e1l\u00e1s\u00e1ra haszn\u00e1lhat\u00f3, \u00e9s t\u00e1mogatja a 10\/100 Mb\/s teljes \u00e9s f\u00e9l duplex, Auto-Negotiation, Auto-MDI\/MDIX lehet\u0151s\u00e9geket.<br \/>\nAz \u00e1talak\u00edt\u00f3 megfelel az IEC61850-3, IEEE1613 \u00e9s EN50121-4 szabv\u00e1nyoknak.<\/p>\n","protected":false},"excerpt":{"rendered":"<p>Rendel\u00e9si k\u00f3d: F.01U.265.641<\/p>\n","protected":false},"featured_media":5528,"template":"","meta":[],"product_brand":[],"product_cat":[313],"product_tag":[25],"class_list":{"0":"post-5529","1":"product","2":"type-product","3":"status-publish","4":"has-post-thumbnail","6":"product_cat-kozpont-modulok-hazak-tartozekok","7":"product_tag-bosch","9":"first","10":"instock","11":"taxable","12":"shipping-taxable","13":"product-type-simple"},"jetpack_sharing_enabled":true,"_links":{"self":[{"href":"https:\/\/bpont.hu\/shop\/index.php\/wp-json\/wp\/v2\/product\/5529","targetHints":{"allow":["GET"]}}],"collection":[{"href":"https:\/\/bpont.hu\/shop\/index.php\/wp-json\/wp\/v2\/product"}],"about":[{"href":"https:\/\/bpont.hu\/shop\/index.php\/wp-json\/wp\/v2\/types\/product"}],"version-history":[{"count":3,"href":"https:\/\/bpont.hu\/shop\/index.php\/wp-json\/wp\/v2\/product\/5529\/revisions"}],"predecessor-version":[{"id":8297,"href":"https:\/\/bpont.hu\/shop\/index.php\/wp-json\/wp\/v2\/product\/5529\/revisions\/8297"}],"wp:featuredmedia":[{"embeddable":true,"href":"https:\/\/bpont.hu\/shop\/index.php\/wp-json\/wp\/v2\/media\/5528"}],"wp:attachment":[{"href":"https:\/\/bpont.hu\/shop\/index.php\/wp-json\/wp\/v2\/media?parent=5529"}],"wp:term":[{"taxonomy":"product_brand","embeddable":true,"href":"https:\/\/bpont.hu\/shop\/index.php\/wp-json\/wp\/v2\/product_brand?post=5529"},{"taxonomy":"product_cat","embeddable":true,"href":"https:\/\/bpont.hu\/shop\/index.php\/wp-json\/wp\/v2\/product_cat?post=5529"},{"taxonomy":"product_tag","embeddable":true,"href":"https:\/\/bpont.hu\/shop\/index.php\/wp-json\/wp\/v2\/product_tag?post=5529"}],"curies":[{"name":"wp","href":"https:\/\/api.w.org\/{rel}","templated":true}]}}