{"id":5525,"date":"2025-08-04T09:27:56","date_gmt":"2025-08-04T08:27:56","guid":{"rendered":"https:\/\/bpont.hu\/shop\/index.php\/product\/kozepes-tapegyseg-4-akkumulatorhoz\/"},"modified":"2026-03-11T16:40:30","modified_gmt":"2026-03-11T14:40:30","slug":"kozepes-tapegyseg-4-akkumulatorhoz","status":"publish","type":"product","link":"https:\/\/bpont.hu\/shop\/index.php\/product\/kozepes-tapegyseg-4-akkumulatorhoz\/","title":{"rendered":"PSB 0004 A<br>K\u00f6zepes t\u00e1pegys\u00e9g 4 akkumul\u00e1torhoz"},"content":{"rendered":"<p>PSB 0004 A<br \/>\nA &#8220;PSB 0004 A&#8221; t\u00e1pegys\u00e9gh\u00e1z ak\u00e1r n\u00e9gy 12 V\/28 Ah akkumul\u00e1tor sz\u00e1m\u00e1ra elegend\u0151 hellyel rendelkezik.<br \/>\nA k\u00e9t fels\u0151 akkumul\u00e1tor helyett t\u00e1pegys\u00e9gkonzol \u00e9s eloszt\u00f3, ill. t\u00e1pegys\u00e9gkonzol \u00e9s szerel\u0151lemez is be\u00e9p\u00edthet\u0151.<\/p>\n","protected":false},"excerpt":{"rendered":"<p>Rendel\u00e9si k\u00f3d: 4.998.137.289<\/p>\n","protected":false},"featured_media":5524,"template":"","meta":[],"product_brand":[],"product_cat":[313],"product_tag":[25],"class_list":{"0":"post-5525","1":"product","2":"type-product","3":"status-publish","4":"has-post-thumbnail","6":"product_cat-kozpont-modulok-hazak-tartozekok","7":"product_tag-bosch","9":"first","10":"instock","11":"taxable","12":"shipping-taxable","13":"purchasable","14":"product-type-simple"},"jetpack_sharing_enabled":true,"_links":{"self":[{"href":"https:\/\/bpont.hu\/shop\/index.php\/wp-json\/wp\/v2\/product\/5525","targetHints":{"allow":["GET"]}}],"collection":[{"href":"https:\/\/bpont.hu\/shop\/index.php\/wp-json\/wp\/v2\/product"}],"about":[{"href":"https:\/\/bpont.hu\/shop\/index.php\/wp-json\/wp\/v2\/types\/product"}],"version-history":[{"count":3,"href":"https:\/\/bpont.hu\/shop\/index.php\/wp-json\/wp\/v2\/product\/5525\/revisions"}],"predecessor-version":[{"id":8295,"href":"https:\/\/bpont.hu\/shop\/index.php\/wp-json\/wp\/v2\/product\/5525\/revisions\/8295"}],"wp:featuredmedia":[{"embeddable":true,"href":"https:\/\/bpont.hu\/shop\/index.php\/wp-json\/wp\/v2\/media\/5524"}],"wp:attachment":[{"href":"https:\/\/bpont.hu\/shop\/index.php\/wp-json\/wp\/v2\/media?parent=5525"}],"wp:term":[{"taxonomy":"product_brand","embeddable":true,"href":"https:\/\/bpont.hu\/shop\/index.php\/wp-json\/wp\/v2\/product_brand?post=5525"},{"taxonomy":"product_cat","embeddable":true,"href":"https:\/\/bpont.hu\/shop\/index.php\/wp-json\/wp\/v2\/product_cat?post=5525"},{"taxonomy":"product_tag","embeddable":true,"href":"https:\/\/bpont.hu\/shop\/index.php\/wp-json\/wp\/v2\/product_tag?post=5525"}],"curies":[{"name":"wp","href":"https:\/\/api.w.org\/{rel}","templated":true}]}}