{"id":5519,"date":"2025-08-04T09:27:53","date_gmt":"2025-08-04T08:27:53","guid":{"rendered":"https:\/\/bpont.hu\/shop\/index.php\/product\/falra-szerelheto-kozponthaz-10-modulhoz\/"},"modified":"2026-03-11T16:40:30","modified_gmt":"2026-03-11T14:40:30","slug":"falra-szerelheto-kozponthaz-10-modulhoz","status":"publish","type":"product","link":"https:\/\/bpont.hu\/shop\/index.php\/product\/falra-szerelheto-kozponthaz-10-modulhoz\/","title":{"rendered":"HBC 0010 A<br>Falra szerelhet\u0151 k\u00f6zponth\u00e1z, 10 modulhoz"},"content":{"rendered":"<p>HBC 0010 A<br \/>\nA &#8220;HBC 0010 A&#8221; h\u00e1z kezel\u0151- \u00e9s kijelz\u0151egys\u00e9ggel ell\u00e1tott k\u00f6zpontvez\u00e9rl\u0151 (MPC) ak\u00e1r t\u00edz modul, valamint akkumul\u00e1torok \u00e9s t\u00e1pegys\u00e9gek befogad\u00e1s\u00e1ra alkalmas.<br \/>\nA modul\u00e1ris kialak\u00edt\u00e1snak k\u00f6sz\u00f6nhet\u0151en k\u00f6nnyen b\u0151v\u00edthet\u0151.<\/p>\n","protected":false},"excerpt":{"rendered":"<p>Rendel\u00e9si k\u00f3d: 4.998.137.286<\/p>\n","protected":false},"featured_media":5518,"template":"","meta":[],"product_brand":[],"product_cat":[313],"product_tag":[25],"class_list":{"0":"post-5519","1":"product","2":"type-product","3":"status-publish","4":"has-post-thumbnail","6":"product_cat-kozpont-modulok-hazak-tartozekok","7":"product_tag-bosch","9":"first","10":"instock","11":"taxable","12":"shipping-taxable","13":"purchasable","14":"product-type-simple"},"jetpack_sharing_enabled":true,"_links":{"self":[{"href":"https:\/\/bpont.hu\/shop\/index.php\/wp-json\/wp\/v2\/product\/5519","targetHints":{"allow":["GET"]}}],"collection":[{"href":"https:\/\/bpont.hu\/shop\/index.php\/wp-json\/wp\/v2\/product"}],"about":[{"href":"https:\/\/bpont.hu\/shop\/index.php\/wp-json\/wp\/v2\/types\/product"}],"version-history":[{"count":3,"href":"https:\/\/bpont.hu\/shop\/index.php\/wp-json\/wp\/v2\/product\/5519\/revisions"}],"predecessor-version":[{"id":8292,"href":"https:\/\/bpont.hu\/shop\/index.php\/wp-json\/wp\/v2\/product\/5519\/revisions\/8292"}],"wp:featuredmedia":[{"embeddable":true,"href":"https:\/\/bpont.hu\/shop\/index.php\/wp-json\/wp\/v2\/media\/5518"}],"wp:attachment":[{"href":"https:\/\/bpont.hu\/shop\/index.php\/wp-json\/wp\/v2\/media?parent=5519"}],"wp:term":[{"taxonomy":"product_brand","embeddable":true,"href":"https:\/\/bpont.hu\/shop\/index.php\/wp-json\/wp\/v2\/product_brand?post=5519"},{"taxonomy":"product_cat","embeddable":true,"href":"https:\/\/bpont.hu\/shop\/index.php\/wp-json\/wp\/v2\/product_cat?post=5519"},{"taxonomy":"product_tag","embeddable":true,"href":"https:\/\/bpont.hu\/shop\/index.php\/wp-json\/wp\/v2\/product_tag?post=5519"}],"curies":[{"name":"wp","href":"https:\/\/api.w.org\/{rel}","templated":true}]}}