{"id":5499,"date":"2025-08-04T09:27:46","date_gmt":"2025-08-04T08:27:46","guid":{"rendered":"https:\/\/bpont.hu\/shop\/index.php\/product\/tapegyseg-haz-kicsi-keretes-szerelesu\/"},"modified":"2026-03-11T16:40:15","modified_gmt":"2026-03-11T14:40:15","slug":"tapegyseg-haz-kicsi-keretes-szerelesu","status":"publish","type":"product","link":"https:\/\/bpont.hu\/shop\/index.php\/product\/tapegyseg-haz-kicsi-keretes-szerelesu\/","title":{"rendered":"PSF 0002 A<br>T\u00e1pegys\u00e9g-h\u00e1z, kicsi, keretes szerel\u00e9s\u0171"},"content":{"rendered":"<p>PSF 0002 A<br \/>\nSz\u00fcnetmentes t\u00e1pegys\u00e9g burkolat, 2db 45Ah akkumul\u00e1tor fogad\u00e1s\u00e1ra<br \/>\nA PSF 0002 A kism\u00e9ret\u0171 sz\u00fcnetmentes t\u00e1pegys\u00e9gh\u00e1zba 2db 45Ah-\u00e1s akkumul\u00e1tor helyezhet\u0151 el.<br \/>\nA h\u00e1z tartalmaz 1db t\u00e1pegys\u00e9gkonzolt \u00e9s az akkumul\u00e1torok csatlakoztat\u00e1s\u00e1hoz sz\u00fcks\u00e9ges k\u00e1belt.<\/p>\n","protected":false},"excerpt":{"rendered":"<p>Rendel\u00e9si k\u00f3d: 4.998.137.293<\/p>\n","protected":false},"featured_media":5498,"template":"","meta":[],"product_brand":[],"product_cat":[313],"product_tag":[25],"class_list":{"0":"post-5499","1":"product","2":"type-product","3":"status-publish","4":"has-post-thumbnail","6":"product_cat-kozpont-modulok-hazak-tartozekok","7":"product_tag-bosch","9":"first","10":"instock","11":"taxable","12":"shipping-taxable","13":"purchasable","14":"product-type-simple"},"jetpack_sharing_enabled":true,"_links":{"self":[{"href":"https:\/\/bpont.hu\/shop\/index.php\/wp-json\/wp\/v2\/product\/5499","targetHints":{"allow":["GET"]}}],"collection":[{"href":"https:\/\/bpont.hu\/shop\/index.php\/wp-json\/wp\/v2\/product"}],"about":[{"href":"https:\/\/bpont.hu\/shop\/index.php\/wp-json\/wp\/v2\/types\/product"}],"version-history":[{"count":3,"href":"https:\/\/bpont.hu\/shop\/index.php\/wp-json\/wp\/v2\/product\/5499\/revisions"}],"predecessor-version":[{"id":8282,"href":"https:\/\/bpont.hu\/shop\/index.php\/wp-json\/wp\/v2\/product\/5499\/revisions\/8282"}],"wp:featuredmedia":[{"embeddable":true,"href":"https:\/\/bpont.hu\/shop\/index.php\/wp-json\/wp\/v2\/media\/5498"}],"wp:attachment":[{"href":"https:\/\/bpont.hu\/shop\/index.php\/wp-json\/wp\/v2\/media?parent=5499"}],"wp:term":[{"taxonomy":"product_brand","embeddable":true,"href":"https:\/\/bpont.hu\/shop\/index.php\/wp-json\/wp\/v2\/product_brand?post=5499"},{"taxonomy":"product_cat","embeddable":true,"href":"https:\/\/bpont.hu\/shop\/index.php\/wp-json\/wp\/v2\/product_cat?post=5499"},{"taxonomy":"product_tag","embeddable":true,"href":"https:\/\/bpont.hu\/shop\/index.php\/wp-json\/wp\/v2\/product_tag?post=5499"}],"curies":[{"name":"wp","href":"https:\/\/api.w.org\/{rel}","templated":true}]}}