{"id":2883,"date":"2025-06-27T11:41:32","date_gmt":"2025-06-27T10:41:32","guid":{"rendered":"https:\/\/bpont.shop.hu\/?post_type=product&#038;p=2883"},"modified":"2026-03-11T16:40:14","modified_gmt":"2026-03-11T14:40:14","slug":"mic-7100i-snshld-w-napellenzo-mic-7100i-white","status":"publish","type":"product","link":"https:\/\/bpont.hu\/shop\/index.php\/product\/mic-7100i-snshld-w-napellenzo-mic-7100i-white\/","title":{"rendered":"MIC-7100I-SNSHLD-W<br>Napellenz\u0151 MIC 7100i white"},"content":{"rendered":"<p>MIC-7100I-SNSHLD-W<\/p>\n<p>Tulajdons\u00e1gok:<\/p>\n<p>&#8211; V\u00e9delem a kamer\u00e1nak er\u0151s napsug\u00e1rz\u00e1s ellen<br \/>\n&#8211; M\u0171anyag kivitel<br \/>\n&#8211; A MIC IP ultra 7100i kamera modellekhez tervezve<\/p>\n","protected":false},"excerpt":{"rendered":"<p>Rendel\u00e9si k\u00f3d: F.01U.353.591<\/p>\n","protected":false},"featured_media":2939,"template":"","meta":[],"product_brand":[],"product_cat":[320],"product_tag":[25],"class_list":{"0":"post-2883","1":"product","2":"type-product","3":"status-publish","4":"has-post-thumbnail","6":"product_cat-kamerahazak-konzolok","7":"product_tag-bosch","9":"first","10":"instock","11":"taxable","12":"shipping-taxable","13":"purchasable","14":"product-type-simple"},"jetpack_sharing_enabled":true,"_links":{"self":[{"href":"https:\/\/bpont.hu\/shop\/index.php\/wp-json\/wp\/v2\/product\/2883","targetHints":{"allow":["GET"]}}],"collection":[{"href":"https:\/\/bpont.hu\/shop\/index.php\/wp-json\/wp\/v2\/product"}],"about":[{"href":"https:\/\/bpont.hu\/shop\/index.php\/wp-json\/wp\/v2\/types\/product"}],"version-history":[{"count":4,"href":"https:\/\/bpont.hu\/shop\/index.php\/wp-json\/wp\/v2\/product\/2883\/revisions"}],"predecessor-version":[{"id":8260,"href":"https:\/\/bpont.hu\/shop\/index.php\/wp-json\/wp\/v2\/product\/2883\/revisions\/8260"}],"wp:featuredmedia":[{"embeddable":true,"href":"https:\/\/bpont.hu\/shop\/index.php\/wp-json\/wp\/v2\/media\/2939"}],"wp:attachment":[{"href":"https:\/\/bpont.hu\/shop\/index.php\/wp-json\/wp\/v2\/media?parent=2883"}],"wp:term":[{"taxonomy":"product_brand","embeddable":true,"href":"https:\/\/bpont.hu\/shop\/index.php\/wp-json\/wp\/v2\/product_brand?post=2883"},{"taxonomy":"product_cat","embeddable":true,"href":"https:\/\/bpont.hu\/shop\/index.php\/wp-json\/wp\/v2\/product_cat?post=2883"},{"taxonomy":"product_tag","embeddable":true,"href":"https:\/\/bpont.hu\/shop\/index.php\/wp-json\/wp\/v2\/product_tag?post=2883"}],"curies":[{"name":"wp","href":"https:\/\/api.w.org\/{rel}","templated":true}]}}