{"id":2869,"date":"2025-06-27T11:41:14","date_gmt":"2025-06-27T10:41:14","guid":{"rendered":"https:\/\/bpont.shop.hu\/?post_type=product&#038;p=2869"},"modified":"2026-03-11T16:40:13","modified_gmt":"2026-03-11T14:40:13","slug":"mic-7504-z12gr-mic-ip-ultra-7100i-ptz-8mp-12x-ip68-enhanced-gray","status":"publish","type":"product","link":"https:\/\/bpont.hu\/shop\/index.php\/product\/mic-7504-z12gr-mic-ip-ultra-7100i-ptz-8mp-12x-ip68-enhanced-gray\/","title":{"rendered":"MIC-7504-Z12GR<br>MIC IP ultra 7100i PTZ 8MP 12x IP68 enhanced gray"},"content":{"rendered":"<p>MIC-7504-Z12GR<\/p>\n<p>Tulajdons\u00e1gok:<\/p>\n<p> UHD \u201e4K\u201d felbont\u00e1s (3840 x 2160 pixel) @ 30 k\u00e9pkocka\/mp, 12-szeres zoom optikai k\u00e9pstabiliz\u00e1torral (OIS)<br \/>\n&#8211; Kiv\u00e9teles szil\u00e1rds\u00e1g \u00e9s robusztuss\u00e1g b\u00e1rmilyen k\u00fclt\u00e9ri alkalmaz\u00e1shoz, bele\u00e9rtve a forgalomfigyel\u00e9st (hidak, alagutak vagy aut\u00f3p\u00e1ly\u00e1k), a ker\u00fclet v\u00e9delmet, a v\u00e1rosfel\u00fcgyeletet \u00e9s a b\u00e1ny\u00e1szatot<br \/>\n&#8211; A be\u00e9p\u00edtett Camera Trainer arra tan\u00edtja a kamer\u00e1t, hogy felismerje a felhaszn\u00e1l\u00f3 \u00e1ltal megadott c\u00e9lobjektumokat, p\u00e9ld\u00e1ul mozg\u00f3 \u00e9s nem mozg\u00f3 t\u00e1rgyakat, hogy figyelmeztesse a kezel\u0151ket a szokatlan jelenettev\u00e9kenys\u00e9gekre<br \/>\n&#8211; Edge intelligencia az intelligens k\u00f6vet\u00e9ssel \u00e9s t\u00e1rgyfelismer\u00e9ssel m\u00e9g akkor is, ha a kamera mozog<br \/>\n&#8211; Opcion\u00e1lis megvil\u00e1g\u00edt\u00f3 multispektr\u00e1lis LED-ekkel, amelyek egyenletesen osztj\u00e1k el az infrav\u00f6r\u00f6s f\u00e9nyt a terepen a s\u00f6t\u00e9t foltok vagy a t\u00fal megvil\u00e1g\u00edtott jelenet elker\u00fcl\u00e9se \u00e9rdek\u00e9ben<\/p>\n<p>Az els\u0151 strapab\u00edr\u00f3 PTZ kamera UHD (\u201e4K\u201d) felbont\u00e1ssal, a MIC IP ultra 7100i p\u00e1ratlan k\u00e9palkot\u00e1st \u00e9s megb\u00edzhat\u00f3s\u00e1got k\u00edn\u00e1l extr\u00e9m k\u00f6rnyezetben.<br \/>\nA kamera robusztus kialak\u00edt\u00e1sa megfelel az \u00fcgyfelek elv\u00e1r\u00e1sainak olyan ig\u00e9nyes k\u00f6rnyezetben, amely meghaladja a hagyom\u00e1nyos IP-kamer\u00e1k k\u00e9pess\u00e9geit. M\u00e9g akkor is, ha kem\u00e9ny \u00fct\u00e9snek\/rezg\u00e9snek \u00e9s\/vagy sz\u00e9ls\u0151s\u00e9ges id\u0151j\u00e1r\u00e1snak van kit\u00e9ve, a kamera kiv\u00e1l\u00f3 min\u0151s\u00e9g\u0171 videok\u00e9pet biztos\u00edt.<br \/>\nA kamera ide\u00e1lis v\u00e1laszt\u00e1s:<br \/>\n\u2022 K\u00f6zleked\u00e9s: aut\u00f3p\u00e1ly\u00e1k, hidak\/alagutak \u00e9s kik\u00f6t\u0151k<br \/>\n\u2022 Kritikus infrastrukt\u00fara: energiatermel\u00e9s\/\u00e1tvitel, finom\u00edt\u00f3k\/cs\u0151vezet\u00e9kek \u00e9s b\u00e1ny\u00e1szat<br \/>\n\u2022 Magas szint\u0171 biztons\u00e1g: korm\u00e1nyzati l\u00e9tes\u00edtm\u00e9nyek \u00e9s adatk\u00f6zpontok<br \/>\n\u2022 K\u00fcldet\u00e9skritikus alkalmaz\u00e1sok, amelyek nagy felbont\u00e1s\u00fa k\u00e9palkot\u00e1st ig\u00e9nyl\u0151, zord k\u00f6rnyezeteket is magukban foglalnak<br \/>\n\u2022 \u00d6sszetett jelenetek sok r\u00e9szlettel b\u00e1rmilyen f\u00e9nyviszonyok mellett<br \/>\nA kamer\u00e1t tesztelt\u00e9k \u00e9s megfelel az ISO szabv\u00e1nynak<br \/>\n12944:6 szabv\u00e1ny C5-M &#8211; nagyon magas (tengeri) bekapcsolva<br \/>\nAlum\u00ednium h\u00e1z \u00e9s alkatr\u00e9szek.<\/p>\n","protected":false},"excerpt":{"rendered":"<p>Rendel\u00e9si k\u00f3d: F.01U.353.587<\/p>\n","protected":false},"featured_media":2938,"template":"","meta":[],"product_brand":[],"product_cat":[325],"product_tag":[25],"class_list":{"0":"post-2869","1":"product","2":"type-product","3":"status-publish","4":"has-post-thumbnail","6":"product_cat-terfigyelo-kamerak-ptz-speed-dome","7":"product_tag-bosch","9":"first","10":"instock","11":"taxable","12":"shipping-taxable","13":"purchasable","14":"product-type-simple"},"jetpack_sharing_enabled":true,"_links":{"self":[{"href":"https:\/\/bpont.hu\/shop\/index.php\/wp-json\/wp\/v2\/product\/2869","targetHints":{"allow":["GET"]}}],"collection":[{"href":"https:\/\/bpont.hu\/shop\/index.php\/wp-json\/wp\/v2\/product"}],"about":[{"href":"https:\/\/bpont.hu\/shop\/index.php\/wp-json\/wp\/v2\/types\/product"}],"version-history":[{"count":4,"href":"https:\/\/bpont.hu\/shop\/index.php\/wp-json\/wp\/v2\/product\/2869\/revisions"}],"predecessor-version":[{"id":8253,"href":"https:\/\/bpont.hu\/shop\/index.php\/wp-json\/wp\/v2\/product\/2869\/revisions\/8253"}],"wp:featuredmedia":[{"embeddable":true,"href":"https:\/\/bpont.hu\/shop\/index.php\/wp-json\/wp\/v2\/media\/2938"}],"wp:attachment":[{"href":"https:\/\/bpont.hu\/shop\/index.php\/wp-json\/wp\/v2\/media?parent=2869"}],"wp:term":[{"taxonomy":"product_brand","embeddable":true,"href":"https:\/\/bpont.hu\/shop\/index.php\/wp-json\/wp\/v2\/product_brand?post=2869"},{"taxonomy":"product_cat","embeddable":true,"href":"https:\/\/bpont.hu\/shop\/index.php\/wp-json\/wp\/v2\/product_cat?post=2869"},{"taxonomy":"product_tag","embeddable":true,"href":"https:\/\/bpont.hu\/shop\/index.php\/wp-json\/wp\/v2\/product_tag?post=2869"}],"curies":[{"name":"wp","href":"https:\/\/api.w.org\/{rel}","templated":true}]}}