{"id":2822,"date":"2025-06-27T11:29:47","date_gmt":"2025-06-27T10:29:47","guid":{"rendered":"https:\/\/bpont.shop.hu\/?post_type=product&#038;p=2822"},"modified":"2026-05-05T14:46:25","modified_gmt":"2026-05-05T12:46:25","slug":"msc-420-erzekelo-aljzat-kiegeszito-porvedo-tomitessel","status":"publish","type":"product","link":"https:\/\/bpont.hu\/shop\/index.php\/product\/msc-420-erzekelo-aljzat-kiegeszito-porvedo-tomitessel\/","title":{"rendered":"MSC 420<br>\u00c9rz\u00e9kel\u0151 Aljzat kieg\u00e9sz\u00edt\u0151 porv\u00e9d\u0151 t\u00f6m\u00edt\u00e9ssel"},"content":{"rendered":"<p>MSC 420<br \/>\nAz MSC 420 kieg\u00e9sz\u00edt\u0151 aljzat kifejezetten fel\u00fcleti k\u00e1belvezet\u00e9shez k\u00e9sz\u00fclt. K\u00e1belv\u00e9d\u0151 csatorn\u00e1kkal, illetve k\u00e9t egym\u00e1ssal szemk\u00f6zti, el\u0151re kiv\u00e1gott, 20 mm \u00e1tm\u00e9r\u0151j\u0171 \u00e9s k\u00e9t egym\u00e1ssal szemk\u00f6zti, el\u0151k\u00e9sz\u00edtett, legfeljebb 28 mm \u00e1tm\u00e9r\u0151j\u0171 bemenettel rendelkezik.<br \/>\nAz MSC 420 aljzat alapj\u00e1n elhelyezett, TPE-b\u0151l k\u00e9sz\u00fclt szigetel\u00e9s v\u00e9di az \u00e9rz\u00e9kel\u0151t a lecsap\u00f3d\u00f3 v\u00edz behatol\u00e1sa ellen.<\/p>\n","protected":false},"excerpt":{"rendered":"<p>Rendel\u00e9si k\u00f3d: 4.998.113.025<\/p>\n","protected":false},"featured_media":2946,"template":"","meta":[],"product_brand":[],"product_cat":[379],"product_tag":[25],"class_list":{"0":"post-2822","1":"product","2":"type-product","3":"status-publish","4":"has-post-thumbnail","6":"product_cat-pontszeru-erzekelo-kiegeszitok","7":"product_tag-bosch","9":"first","10":"instock","11":"taxable","12":"shipping-taxable","13":"product-type-simple"},"jetpack_sharing_enabled":true,"_links":{"self":[{"href":"https:\/\/bpont.hu\/shop\/index.php\/wp-json\/wp\/v2\/product\/2822","targetHints":{"allow":["GET"]}}],"collection":[{"href":"https:\/\/bpont.hu\/shop\/index.php\/wp-json\/wp\/v2\/product"}],"about":[{"href":"https:\/\/bpont.hu\/shop\/index.php\/wp-json\/wp\/v2\/types\/product"}],"version-history":[{"count":5,"href":"https:\/\/bpont.hu\/shop\/index.php\/wp-json\/wp\/v2\/product\/2822\/revisions"}],"predecessor-version":[{"id":8230,"href":"https:\/\/bpont.hu\/shop\/index.php\/wp-json\/wp\/v2\/product\/2822\/revisions\/8230"}],"wp:featuredmedia":[{"embeddable":true,"href":"https:\/\/bpont.hu\/shop\/index.php\/wp-json\/wp\/v2\/media\/2946"}],"wp:attachment":[{"href":"https:\/\/bpont.hu\/shop\/index.php\/wp-json\/wp\/v2\/media?parent=2822"}],"wp:term":[{"taxonomy":"product_brand","embeddable":true,"href":"https:\/\/bpont.hu\/shop\/index.php\/wp-json\/wp\/v2\/product_brand?post=2822"},{"taxonomy":"product_cat","embeddable":true,"href":"https:\/\/bpont.hu\/shop\/index.php\/wp-json\/wp\/v2\/product_cat?post=2822"},{"taxonomy":"product_tag","embeddable":true,"href":"https:\/\/bpont.hu\/shop\/index.php\/wp-json\/wp\/v2\/product_tag?post=2822"}],"curies":[{"name":"wp","href":"https:\/\/api.w.org\/{rel}","templated":true}]}}