{"id":2159,"date":"2025-06-27T11:14:57","date_gmt":"2025-06-27T10:14:57","guid":{"rendered":"https:\/\/bpont.shop.hu\/?post_type=product&#038;p=2159"},"modified":"2026-03-11T16:39:51","modified_gmt":"2026-03-11T14:39:51","slug":"lbb1990-00-plena-veszhangositasi-kozpont","status":"publish","type":"product","link":"https:\/\/bpont.hu\/shop\/index.php\/product\/lbb1990-00-plena-veszhangositasi-kozpont\/","title":{"rendered":"LBB1990\/00<br>Plena v\u00e9szhangos\u00edt\u00e1si k\u00f6zpont"},"content":{"rendered":"<p>LBB1990\/00<\/p>\n<p>A(z) LBB 1990\/00 V\u00e9szhangos\u00edt\u00e1s vez\u00e9rl\u0151 egys\u00e9ge a Plena v\u00e9szhangos\u00edt\u00e1si rendszer lelke. Ez a(z) Plena v\u00e9szhangos\u00edt\u00e1si rendszer alapja, \u00e9s minden l\u00e9nyegesfunkci\u00f3val rendelkezik, hogy megfeleljen az EN 54-16 \u00e9s az EN 60849 szabv\u00e1nyoknak, bele\u00e9rtve a teljes rendszerfel\u00fcgyeletet, a hangsz\u00f3r\u00f3 vonalimpedanci\u00e1j\u00e1nak fel\u00fcgyelet\u00e9t, egy el\u0151lapon l\u00e9v\u0151 fel\u00fcgyelt v\u00e9szhelyzeti mikrofont \u00e9s egy fel\u00fcgyelt\u00fczenetkezel\u0151t. Az \u00fczenetek egyes\u00edt\u00e9s\u00e9vel j\u00f3val hat\u00e9konyabb form\u00e1ban lehet haszn\u00e1lni az el\u0151re r\u00f6gz\u00edtett k\u00f6zlem\u00e9nyeket \u00e9s evaku\u00e1l\u00e1si \u00fczeneteket. A vez\u00e9rl\u0151 legfeljebb hatz\u00f3n\u00e1s \u00f6n\u00e1ll\u00f3 rendszerk\u00e9nt haszn\u00e1lhat\u00f3, vagy tov\u00e1bbi hatz\u00f3n\u00e1s z\u00f3nab\u0151v\u00edt\u0151kkel legfeljebb 120 z\u00f3n\u00e1ig b\u0151v\u00edthet\u0151. Nyolc bemond\u00f3pultot lehet csatlakoztatni. A csatlakoz\u00e1sok szabv\u00e1nyos RJ45csatlakoz\u00f3kon \u00e9s \u00e1rny\u00e9kolt CAT-5 k\u00e1belen kereszt\u00fclj\u00f6nnek l\u00e9tre. Egy be\u00e9p\u00edtett 240 W-os er\u0151s\u00edt\u0151 biztos\u00edtja a v\u00e9szhelyzeti-bemond\u00f3 csatorna \u00e9s a h\u00e1tt\u00e9rzene t\u00e1pell\u00e1t\u00e1s\u00e1t. A k\u00e9tcsatorn\u00e1s m\u0171k\u00f6d\u00e9s biztos\u00edt\u00e1s\u00e1hoz tov\u00e1bbi er\u0151s\u00edt\u0151k adhat\u00f3k hozz\u00e1.<\/p>\n","protected":false},"excerpt":{"rendered":"<p>Rendel\u00e9si k\u00f3d: F.01U.512.626<\/p>\n","protected":false},"featured_media":2160,"template":"","meta":[],"product_brand":[],"product_cat":[360],"product_tag":[25],"class_list":{"0":"post-2159","1":"product","2":"type-product","3":"status-publish","4":"has-post-thumbnail","6":"product_cat-plena","7":"product_tag-bosch","9":"first","10":"instock","11":"taxable","12":"shipping-taxable","13":"purchasable","14":"product-type-simple"},"jetpack_sharing_enabled":true,"_links":{"self":[{"href":"https:\/\/bpont.hu\/shop\/index.php\/wp-json\/wp\/v2\/product\/2159","targetHints":{"allow":["GET"]}}],"collection":[{"href":"https:\/\/bpont.hu\/shop\/index.php\/wp-json\/wp\/v2\/product"}],"about":[{"href":"https:\/\/bpont.hu\/shop\/index.php\/wp-json\/wp\/v2\/types\/product"}],"version-history":[{"count":5,"href":"https:\/\/bpont.hu\/shop\/index.php\/wp-json\/wp\/v2\/product\/2159\/revisions"}],"predecessor-version":[{"id":7983,"href":"https:\/\/bpont.hu\/shop\/index.php\/wp-json\/wp\/v2\/product\/2159\/revisions\/7983"}],"wp:featuredmedia":[{"embeddable":true,"href":"https:\/\/bpont.hu\/shop\/index.php\/wp-json\/wp\/v2\/media\/2160"}],"wp:attachment":[{"href":"https:\/\/bpont.hu\/shop\/index.php\/wp-json\/wp\/v2\/media?parent=2159"}],"wp:term":[{"taxonomy":"product_brand","embeddable":true,"href":"https:\/\/bpont.hu\/shop\/index.php\/wp-json\/wp\/v2\/product_brand?post=2159"},{"taxonomy":"product_cat","embeddable":true,"href":"https:\/\/bpont.hu\/shop\/index.php\/wp-json\/wp\/v2\/product_cat?post=2159"},{"taxonomy":"product_tag","embeddable":true,"href":"https:\/\/bpont.hu\/shop\/index.php\/wp-json\/wp\/v2\/product_tag?post=2159"}],"curies":[{"name":"wp","href":"https:\/\/api.w.org\/{rel}","templated":true}]}}