{"id":2118,"date":"2025-06-27T11:14:52","date_gmt":"2025-06-27T10:14:52","guid":{"rendered":"https:\/\/bpont.shop.hu\/?post_type=product&#038;p=2118"},"modified":"2026-05-05T14:46:16","modified_gmt":"2026-05-05T12:46:16","slug":"lbc3086-41-mennyezeti-hangszoro-6w-100v-6-en-54-24-veszhangositas","status":"publish","type":"product","link":"https:\/\/bpont.hu\/shop\/index.php\/product\/lbc3086-41-mennyezeti-hangszoro-6w-100v-6-en-54-24-veszhangositas\/","title":{"rendered":"LBC3086\/41<br>Mennyezeti hangsz\u00f3r\u00f3 6W 100V 6&#8243; EN 54-24 V\u00e9szhangos\u00edt\u00e1s"},"content":{"rendered":"<p>LBC3086\/41<br \/>\nA hangsz\u00f3r\u00f3egys\u00e9get egy 6 W-os, k\u00e9tt\u00f6lcs\u00e9res hangsz\u00f3r\u00f3 \u00e9s egy be\u00e9p\u00edtett, k\u00f6r alak\u00fa f\u00e9mr\u00e1cs alkotja.<\/p>\n<p>Egy 100 V-os megfelel\u0151 transzform\u00e1tor van a h\u00e1tulj\u00e1ra szerelve. A megjelen\u00e9s \u00e9s a semleges feh\u00e9r RAL sz\u00edn \u00fagy lett kiv\u00e1lasztva, hogy a hangsz\u00f3r\u00f3 gyakorlatilag egyetlen bels\u0151 t\u00e9rben sem kelt felt\u0171n\u00e9st. A hangsz\u00f3r\u00f3 be\u00e9p\u00edtett v\u00e9delemmel rendelkezik, amely biztos\u00edtja, hogy t\u0171z eset\u00e9n a hangsz\u00f3r\u00f3 rong\u00e1l\u00f3d\u00e1sa nem k\u00e1ros\u00edtja azt az \u00e1ramk\u00f6rt, amelyhez csatlakozik. Ez\u00e1ltal megmarad a rendszer integrit\u00e1sa, ami biztos\u00edtja, hogy a m\u00e1s ter\u00fcleteken l\u00e9v\u0151 hangsz\u00f3r\u00f3k tov\u00e1bbra is haszn\u00e1lhat\u00f3k legyenek az emberek t\u00e1j\u00e9koztat\u00e1s\u00e1ra. A hangsz\u00f3r\u00f3 ker\u00e1mi\u00e1b\u00f3l k\u00e9sz\u00fclt csatlakoz\u00f3blokkokkal, h\u0151kiold\u00f3 biztos\u00edt\u00e9kkal, valamint h\u0151\u00e1ll\u00f3, magas h\u0151m\u00e9rs\u00e9kletet is b\u00edr\u00f3 vezet\u00e9kekkel van felszerelve. A k\u00e1bellez\u00e1r\u00e1s fokozottabb v\u00e9delme \u00e9rdek\u00e9ben felszerelhet\u0151 egy opcion\u00e1lis t\u0171zbur\u00e1val.<\/p>\n<p>A v\u00e9szhangos\u00edt\u00e1si hangsz\u00f3r\u00f3kat kifejezetten olyan \u00e9p\u00fcletekben val\u00f3 haszn\u00e1latra tervezt\u00e9k, ahol a sz\u00f3beli evaku\u00e1l\u00e1si k\u00f6zlem\u00e9nyeket bemond\u00f3 rendszerek<\/p>\n<p>teljes\u00edtm\u00e9ny\u00e9re szab\u00e1lyoz\u00e1sok vonatkoznak. Az LBC 3086\/41 hangsz\u00f3r\u00f3t v\u00e9szhangos\u00edt\u00e1si rendszerekben val\u00f3 haszn\u00e1latra tervezt\u00e9k.<\/p>\n<p>Tulajdons\u00e1gok:<\/p>\n<p>&#8211; Alkalmas besz\u00e9d \u00e9s zene visszaad\u00e1s\u00e1ra<\/p>\n<p>&#8211; Egyszer\u0171en telep\u00edthet\u0151<\/p>\n<p>&#8211; Opcion\u00e1lis, tan\u00fas\u00edtv\u00e1nnyal rendelkez\u0151 t\u0171zbura<\/p>\n<p>&#8211; EN 54-24 tan\u00fas\u00edtv\u00e1nnyal rendelkezik<\/p>\n<p>&#8211; V\u00e9szhangos\u00edt\u00e1si rendszerben haszn\u00e1lhat\u00f3<\/p>\n","protected":false},"excerpt":{"rendered":"<p>Rendel\u00e9si k\u00f3d: F.01U.505.983<\/p>\n","protected":false},"featured_media":2119,"template":"","meta":[],"product_brand":[],"product_cat":[357],"product_tag":[25],"class_list":{"0":"post-2118","1":"product","2":"type-product","3":"status-publish","4":"has-post-thumbnail","6":"product_cat-mennyezeti-hangszoro","7":"product_tag-bosch","9":"first","10":"instock","11":"taxable","12":"shipping-taxable","13":"purchasable","14":"product-type-simple"},"jetpack_sharing_enabled":true,"_links":{"self":[{"href":"https:\/\/bpont.hu\/shop\/index.php\/wp-json\/wp\/v2\/product\/2118","targetHints":{"allow":["GET"]}}],"collection":[{"href":"https:\/\/bpont.hu\/shop\/index.php\/wp-json\/wp\/v2\/product"}],"about":[{"href":"https:\/\/bpont.hu\/shop\/index.php\/wp-json\/wp\/v2\/types\/product"}],"version-history":[{"count":5,"href":"https:\/\/bpont.hu\/shop\/index.php\/wp-json\/wp\/v2\/product\/2118\/revisions"}],"predecessor-version":[{"id":7969,"href":"https:\/\/bpont.hu\/shop\/index.php\/wp-json\/wp\/v2\/product\/2118\/revisions\/7969"}],"wp:featuredmedia":[{"embeddable":true,"href":"https:\/\/bpont.hu\/shop\/index.php\/wp-json\/wp\/v2\/media\/2119"}],"wp:attachment":[{"href":"https:\/\/bpont.hu\/shop\/index.php\/wp-json\/wp\/v2\/media?parent=2118"}],"wp:term":[{"taxonomy":"product_brand","embeddable":true,"href":"https:\/\/bpont.hu\/shop\/index.php\/wp-json\/wp\/v2\/product_brand?post=2118"},{"taxonomy":"product_cat","embeddable":true,"href":"https:\/\/bpont.hu\/shop\/index.php\/wp-json\/wp\/v2\/product_cat?post=2118"},{"taxonomy":"product_tag","embeddable":true,"href":"https:\/\/bpont.hu\/shop\/index.php\/wp-json\/wp\/v2\/product_tag?post=2118"}],"curies":[{"name":"wp","href":"https:\/\/api.w.org\/{rel}","templated":true}]}}