{"id":1762,"date":"2025-06-27T11:13:59","date_gmt":"2025-06-27T10:13:59","guid":{"rendered":"https:\/\/bpont.shop.hu\/?post_type=product&#038;p=1762"},"modified":"2026-03-11T16:39:41","modified_gmt":"2026-03-11T14:39:41","slug":"bvms-litepro-64-64-csatornas-lite-pro-frissito-licence","status":"publish","type":"product","link":"https:\/\/bpont.hu\/shop\/index.php\/product\/bvms-litepro-64-64-csatornas-lite-pro-frissito-licence\/","title":{"rendered":"BVMS-LITEPRO-64<br>64 csatorn\u00e1s LITE-PRO friss\u00edt\u0151 licence"},"content":{"rendered":"<p>BVMS-LITEPRO-64<br \/>\nA Bosch Video Management System egy egyed\u00fcl\u00e1ll\u00f3 v\u00e1llalati IP vide\u00f3 biztons\u00e1gi megold\u00e1s, amely a digit\u00e1lis vide\u00f3, hang \u00e9s adatok z\u00f6kken\u0151mentes kezel\u00e9s\u00e9t biztos\u00edtja minden IP-h\u00e1l\u00f3zaton. Ez biztos\u00edtja a legjobb VMS-t a Bosch CCTV-eszk\u00f6z\u00f6kkel, a Bosch kamer\u00e1k egyed\u00fcl\u00e1ll\u00f3 k\u00e9pess\u00e9geit \u00e9s a felv\u00e9teli megold\u00e1sait. Ezek melett interf\u00e9szeket \u00e9s szabv\u00e1nyokat k\u00edn\u00e1l m\u00e1s rendszerek \u00e9s gy\u00e1rt\u00f3k integr\u00e1l\u00e1s\u00e1hoz.<br \/>\nA rendszer egyedi be\u00e1gyazott rugalmass\u00e1ggal rendelkezik. A rendszer akkor is m\u0171k\u00f6dik, ha mind a fel\u00fcgyeleti, mind a r\u00f6gz\u00edt\u00e9si kiszolg\u00e1l\u00f3k meghib\u00e1sodnak.<br \/>\nAz intelligens vide\u00f3elemz\u00e9sek \u00e9s az ak\u00e1r 2000 kamer\u00e1t (ak\u00e1r 500 ONVIF kamer\u00e1t is mag\u00e1ban foglal\u00f3) p\u00e1ratlan r\u00f6gz\u00edt\u00e9si technol\u00f3gia egy szerverrel egyar\u00e1nt jelent\u0151sen cs\u00f6kkenti a teljes telep\u00edt\u00e9si k\u00f6lts\u00e9get.<br \/>\nA Bosch Video Management System lehet\u0151v\u00e9 teszi a nagyon rugalmas rendszer kialak\u00edt\u00e1s\u00e1t:<br \/>\n\u2022 Professzion\u00e1lis: Single Management Server System 1 to 2000 kamera. Csak ez a rendszer t\u00e1mogatja a Bosch VMS-BIS kapcsolat\u00e1t.<br \/>\n\u2022 V\u00e1llalati rendszer: A multi Management Server a metro, a rep\u00fcl\u0151t\u00e9r \u00e9s m\u00e1s nagy ipari l\u00e9tes\u00edtm\u00e9nyek sz\u00e1m\u00e1ra k\u00fcl\u00f6nb\u00f6z\u0151 id\u0151z\u00f3n\u00e1khoz. T\u00e1mogatja az ellen\u0151rz\u00f6tt megfigyel\u00e9st a k\u00fcl\u00f6nb\u00f6z\u0151 jogi szem\u00e9lyek k\u00f6z\u00f6tt. Legfeljebb 10 000 kamera fel\u00fcgyelet, 10 alrendszer egy csoportonk\u00e9nt, \u00f6sszesen 200.000 kamer\u00e1val. Legfeljebb 30 alrendszer felhaszn\u00e1l\u00f3csoportonk\u00e9nt <100 kamer\u00e1nk\u00e9nt alrendszerenk\u00e9nt, amely lehet\u0151v\u00e9 teszi, hogy minden \u00fczemeltet\u0151 egyszerre el\u00e9rhesse az esem\u00e9nyeket, riaszt\u00e1sokat, \u00e9l\u0151k\u00e9pek \u00e9s a lej\u00e1tsz\u00e1si k\u00e9pek legfeljebb 30 Management Server sz\u00e1m\u00edt\u00f3g\u00e9pb\u0151l \u00e9rhet\u0151k el egyszerre.\n\u2022 Legfeljebb 500 ONVIF kamera egy Management Server-en\n\u2022 Hozz\u00e1f\u00e9r\u00e9s az \u00e9l\u0151k\u00e9pekhez, bele\u00e9rtve a PTZ-vez\u00e9rl\u00e9seket \u00e9s a legfeljebb 9999  Bosch DVR-felvev\u0151h\u00f6z. A Bosch Video Management System  egy Microsoft Windows oper\u00e1ci\u00f3s rendszerre telep\u00edthet\u0151. Javasoljuk a Bosch munka\u00e1llom\u00e1sok \u00e9s kiszolg\u00e1l\u00f3k haszn\u00e1lat\u00e1t, amiket teljesen tesztelt\u00e9k \u00e9s optimaliz\u00e1lt\u00e1k a Bosch Video Management System sz\u00e1m\u00e1ra. A Bosch Szoftverkarbantart\u00e1si Meg\u00e1llapod\u00e1s nagyszer\u0171 lehet\u0151s\u00e9g arra, hogy a VMS mindig naprak\u00e9sz legyen.\nTulajdons\u00e1gok:\n- Telep\u00edtett 64 csatorn\u00e1s LITE szoftver PRO friss\u00edt\u00e9se\n\n<\/p>\n","protected":false},"excerpt":{"rendered":"<p>Rendel\u00e9si k\u00f3d: F.01U.288.492<\/p>\n","protected":false},"featured_media":1758,"template":"","meta":[],"product_brand":[],"product_cat":[316],"product_tag":[25],"class_list":{"0":"post-1762","1":"product","2":"type-product","3":"status-publish","4":"has-post-thumbnail","6":"product_cat-szoftverek-licence-k","7":"product_tag-bosch","9":"first","10":"instock","11":"taxable","12":"shipping-taxable","13":"purchasable","14":"product-type-simple"},"jetpack_sharing_enabled":true,"_links":{"self":[{"href":"https:\/\/bpont.hu\/shop\/index.php\/wp-json\/wp\/v2\/product\/1762","targetHints":{"allow":["GET"]}}],"collection":[{"href":"https:\/\/bpont.hu\/shop\/index.php\/wp-json\/wp\/v2\/product"}],"about":[{"href":"https:\/\/bpont.hu\/shop\/index.php\/wp-json\/wp\/v2\/types\/product"}],"version-history":[{"count":5,"href":"https:\/\/bpont.hu\/shop\/index.php\/wp-json\/wp\/v2\/product\/1762\/revisions"}],"predecessor-version":[{"id":7829,"href":"https:\/\/bpont.hu\/shop\/index.php\/wp-json\/wp\/v2\/product\/1762\/revisions\/7829"}],"wp:featuredmedia":[{"embeddable":true,"href":"https:\/\/bpont.hu\/shop\/index.php\/wp-json\/wp\/v2\/media\/1758"}],"wp:attachment":[{"href":"https:\/\/bpont.hu\/shop\/index.php\/wp-json\/wp\/v2\/media?parent=1762"}],"wp:term":[{"taxonomy":"product_brand","embeddable":true,"href":"https:\/\/bpont.hu\/shop\/index.php\/wp-json\/wp\/v2\/product_brand?post=1762"},{"taxonomy":"product_cat","embeddable":true,"href":"https:\/\/bpont.hu\/shop\/index.php\/wp-json\/wp\/v2\/product_cat?post=1762"},{"taxonomy":"product_tag","embeddable":true,"href":"https:\/\/bpont.hu\/shop\/index.php\/wp-json\/wp\/v2\/product_tag?post=1762"}],"curies":[{"name":"wp","href":"https:\/\/api.w.org\/{rel}","templated":true}]}}