{"id":1637,"date":"2025-06-27T11:13:42","date_gmt":"2025-06-27T10:13:42","guid":{"rendered":"https:\/\/bpont.shop.hu\/?post_type=product&#038;p=1637"},"modified":"2026-03-11T16:39:39","modified_gmt":"2026-03-11T14:39:39","slug":"uml-554-90-55-inch-4k-led-monitor","status":"publish","type":"product","link":"https:\/\/bpont.hu\/shop\/index.php\/product\/uml-554-90-55-inch-4k-led-monitor\/","title":{"rendered":"UML-554-90<br>55 inch 4K LED monitor"},"content":{"rendered":"<p>UML-554-90<br \/>\nA Bosch nagyteljes\u00edtm\u00e9ny\u0171 LED-monitorok sz\u00ednes felbont\u00e1s\u00fa sz\u00ednes monitorok, amelyek ide\u00e1lisan haszn\u00e1lhat\u00f3k vide\u00f3 megfigyel\u0151 rendszerekben. A monitorok sz\u00ednes LCD s\u00edkk\u00e9perny\u0151s kijelz\u0151vel rendelkeznek, \u00e9s 27 h\u00fcvelykes, 32 h\u00fcvelykes, 43 h\u00fcvelykes vagy 55 h\u00fcvelykes k\u00e9p\u00e1tm\u00e9r\u0151vel kaphat\u00f3k. Minden monitor nagy v\u00edzszintes \u00e9s f\u00fcgg\u0151leges l\u00e1t\u00f3sz\u00f6get, pontos sz\u00ednvisszaad\u00e1st \u00e9s antiimage k\u00e9sleltet\u00e9st tartalmaz.<br \/>\n A Bosch nagy teljes\u00edtm\u00e9ny\u0171 LED-monitorok automatikusan alkalmazkodnak a bej\u00f6v\u0151 videojel bemeneti felbont\u00e1s\u00e1hoz, ak\u00e1r 1920 x 1080 felbont\u00e1sig (Full HD) a 27 h\u00fcvelykes, 32 h\u00fcvelykes \u00e9s 43 h\u00fcvelykes modelleken, \u00e9s ak\u00e1r 3840 x 2160 felbont\u00e1s (4k) az 55 h\u00fcvelykes modellekn\u00e9l. A monitorok anal\u00f3g VGA bemenete k\u00f6nnyen illeszkedik a PC-k sz\u00e9les k\u00f6r\u0171 haszn\u00e1lat\u00e1hoz a mai biztons\u00e1gi fel\u00fcgyeleti rendszerekben. A nagy kontrasztar\u00e1ny \u00e9s a magas f\u00e9nyer\u0151 be\u00e1ll\u00edt\u00e1s kiv\u00e1l\u00f3 sz\u00edn pontoss\u00e1got \u00e9s k\u00e9palkot\u00e1st biztos\u00edt a k\u00e9pek k\u00f6nnyebb megtekint\u00e9s\u00e9re \u00e9s \u00e9rtelmez\u00e9s\u00e9re. A monitorok gyors friss\u00edt\u00e9si gyakoris\u00e1g\u00e1val \u00e9les, tiszta k\u00e9peket kap, amelyek kev\u00e9sb\u00e9 elken\u0151dnek &#8211; \u00e9s kev\u00e9sb\u00e9 l\u00e1that\u00f3k a \u201eszellemk\u00e9pek\u201d a gyors mozg\u00e1sban.<br \/>\nTulajdons\u00e1gok:<br \/>\n&#8211; A pontos sz\u00ednvisszaad\u00e1s<br \/>\n&#8211; DisplayPort, HDMI, DVI \u00e9s VGA bemenetek<br \/>\n&#8211; SECC robusztus ac\u00e9l burkolat, a h\u0151elvezet\u00e9s \u00e9s az \u00e1rny\u00e9kol\u00e1s \u00e9rdek\u00e9ben<br \/>\n&#8211; Megfelel a legmagasabb szabv\u00e1nyoknak<br \/>\n&#8211; K\u00f6nnyen kezelhet\u0151 vez\u00e9rl\u0151gombok a k\u00e9perny\u0151n megjelen\u0151 men\u00fcben<br \/>\n&#8211; <\/p>\n","protected":false},"excerpt":{"rendered":"<p>Rendel\u00e9si k\u00f3d: F.01U.350.601<\/p>\n","protected":false},"featured_media":1631,"template":"","meta":[],"product_brand":[],"product_cat":[318],"product_tag":[25],"class_list":{"0":"post-1637","1":"product","2":"type-product","3":"status-publish","4":"has-post-thumbnail","6":"product_cat-megjelenitok-monitorok","7":"product_tag-bosch","9":"first","10":"instock","11":"taxable","12":"shipping-taxable","13":"purchasable","14":"product-type-simple"},"jetpack_sharing_enabled":true,"_links":{"self":[{"href":"https:\/\/bpont.hu\/shop\/index.php\/wp-json\/wp\/v2\/product\/1637","targetHints":{"allow":["GET"]}}],"collection":[{"href":"https:\/\/bpont.hu\/shop\/index.php\/wp-json\/wp\/v2\/product"}],"about":[{"href":"https:\/\/bpont.hu\/shop\/index.php\/wp-json\/wp\/v2\/types\/product"}],"version-history":[{"count":5,"href":"https:\/\/bpont.hu\/shop\/index.php\/wp-json\/wp\/v2\/product\/1637\/revisions"}],"predecessor-version":[{"id":7784,"href":"https:\/\/bpont.hu\/shop\/index.php\/wp-json\/wp\/v2\/product\/1637\/revisions\/7784"}],"wp:featuredmedia":[{"embeddable":true,"href":"https:\/\/bpont.hu\/shop\/index.php\/wp-json\/wp\/v2\/media\/1631"}],"wp:attachment":[{"href":"https:\/\/bpont.hu\/shop\/index.php\/wp-json\/wp\/v2\/media?parent=1637"}],"wp:term":[{"taxonomy":"product_brand","embeddable":true,"href":"https:\/\/bpont.hu\/shop\/index.php\/wp-json\/wp\/v2\/product_brand?post=1637"},{"taxonomy":"product_cat","embeddable":true,"href":"https:\/\/bpont.hu\/shop\/index.php\/wp-json\/wp\/v2\/product_cat?post=1637"},{"taxonomy":"product_tag","embeddable":true,"href":"https:\/\/bpont.hu\/shop\/index.php\/wp-json\/wp\/v2\/product_tag?post=1637"}],"curies":[{"name":"wp","href":"https:\/\/api.w.org\/{rel}","templated":true}]}}