{"id":1566,"date":"2025-06-27T11:13:30","date_gmt":"2025-06-27T10:13:30","guid":{"rendered":"https:\/\/bpont.shop.hu\/?post_type=product&#038;p=1566"},"modified":"2026-03-11T16:39:37","modified_gmt":"2026-03-11T14:39:37","slug":"lvf-8008c-p0413-12mp-variofokuszos-objektiv-4-13mm-cs-foglalat","status":"publish","type":"product","link":"https:\/\/bpont.hu\/shop\/index.php\/product\/lvf-8008c-p0413-12mp-variofokuszos-objektiv-4-13mm-cs-foglalat\/","title":{"rendered":"LVF-8008C-P0413<br>12Mp Vari\u00f3f\u00f3kuszos objekt\u00edv 4-13mm CS-foglalat"},"content":{"rendered":"<p>LVF-8008C-P0413<br \/>\nMivel a kamer\u00e1k a megapixeles \u00e9rz\u00e9kel\u0151 technol\u00f3gia \u00e9s a fejlett feldolgoz\u00e1s r\u00e9v\u00e9n m\u00e9g nagyobb k\u00e9pfelbont\u00e1sokat k\u00e9pesek r\u00f6gz\u00edteni, a lencs\u00e9knek nagy tisztas\u00e1g\u00fa \u00e9s nagy optikai felbont\u00e1ssal kell rendelkezni\u00fck, amely lehet\u0151v\u00e9 teszi, hogy a kamera optim\u00e1lis ponton m\u0171k\u00f6dj\u00f6n.<br \/>\nEz a P-iris objekt\u00edv lehet\u0151v\u00e9 teszi a kamera sz\u00e1m\u00e1ra, hogy meghat\u00e1rozza az optim\u00e1lis m\u0171k\u00f6d\u00e9si param\u00e9tereket a lehet\u0151 legjobb k\u00e9p el\u00e9r\u00e9se \u00e9rdek\u00e9ben, mik\u00f6zben enyh\u00edti a megapixeles \u00e9rz\u00e9kel\u0151kkel gyakran el\u0151fordul\u00f3 diffrakci\u00f3s probl\u00e9m\u00e1t. Az objekt\u00edv szabv\u00e1nyos CS-tart\u00f3val rendelkezik k\u00fcl\u00f6nb\u00f6z\u0151 kamer\u00e1khoz. A mechanikai konstrukci\u00f3 \u00fagy van kialak\u00edtva, hogy ellen\u00e1lljon a k\u00f6rnyezeti terhel\u00e9s\u00e9nek, \u00e9s hossz\u00fa \u00e9s megb\u00edzhat\u00f3 m\u0171k\u00f6d\u00e9st biztos\u00edtson, karbantart\u00e1s n\u00e9lk\u00fcl.<br \/>\nA P-iris objekt\u00edveknek sz\u00e1mos el\u0151nye van a szabv\u00e1nyos DCiris objekt\u00edvekkel szemben a v\u00e1ltoz\u00f3 f\u00e9nyviszonyok k\u00f6z\u00f6tt. Lehet\u0151v\u00e9 teszik az \u00edrisz vez\u00e9rl\u00e9s\u00e9nek teljes \u00e1tad\u00e1s\u00e1t a kamer\u00e1nak. A Bosch kamer\u00e1iban l\u00e9v\u0151 firmware ezut\u00e1n k\u00e9pes intelligensen vez\u00e9relni az \u00edrisznyit\u00e1st. A P-iris objekt\u00edvben l\u00e9v\u0151 l\u00e9ptet\u0151motor nagyon pontos,  \u00edgy optim\u00e1lisra tudja \u00e1ll\u00edtania az \u00edriszny\u00edl\u00e1st. A kamera gondoskodik arr\u00f3l, hogy az \u00edriszny\u00edl\u00e1s ne legyen t\u00fal kicsi, \u00edgy elker\u00fclhet\u0151 a diffrakci\u00f3 okozta probl\u00e9m\u00e1kat, de m\u00e9gis megtartja a sz\u00fcks\u00e9ges m\u00e9lys\u00e9g\u00e9less\u00e9get, hogy a megfigyelni k\u00edv\u00e1nt t\u00e1rgyak\/jelenetek\/terek f\u00f3kuszban maradjanak.<\/p>\n","protected":false},"excerpt":{"rendered":"<p>Rendel\u00e9si k\u00f3d: F.01U.319.331<\/p>\n","protected":false},"featured_media":1567,"template":"","meta":[],"product_brand":[],"product_cat":[324],"product_tag":[25],"class_list":{"0":"post-1566","1":"product","2":"type-product","3":"status-publish","4":"has-post-thumbnail","6":"product_cat-objektivek","7":"product_tag-bosch","9":"first","10":"instock","11":"taxable","12":"shipping-taxable","13":"purchasable","14":"product-type-simple"},"jetpack_sharing_enabled":true,"_links":{"self":[{"href":"https:\/\/bpont.hu\/shop\/index.php\/wp-json\/wp\/v2\/product\/1566","targetHints":{"allow":["GET"]}}],"collection":[{"href":"https:\/\/bpont.hu\/shop\/index.php\/wp-json\/wp\/v2\/product"}],"about":[{"href":"https:\/\/bpont.hu\/shop\/index.php\/wp-json\/wp\/v2\/types\/product"}],"version-history":[{"count":5,"href":"https:\/\/bpont.hu\/shop\/index.php\/wp-json\/wp\/v2\/product\/1566\/revisions"}],"predecessor-version":[{"id":7754,"href":"https:\/\/bpont.hu\/shop\/index.php\/wp-json\/wp\/v2\/product\/1566\/revisions\/7754"}],"wp:featuredmedia":[{"embeddable":true,"href":"https:\/\/bpont.hu\/shop\/index.php\/wp-json\/wp\/v2\/media\/1567"}],"wp:attachment":[{"href":"https:\/\/bpont.hu\/shop\/index.php\/wp-json\/wp\/v2\/media?parent=1566"}],"wp:term":[{"taxonomy":"product_brand","embeddable":true,"href":"https:\/\/bpont.hu\/shop\/index.php\/wp-json\/wp\/v2\/product_brand?post=1566"},{"taxonomy":"product_cat","embeddable":true,"href":"https:\/\/bpont.hu\/shop\/index.php\/wp-json\/wp\/v2\/product_cat?post=1566"},{"taxonomy":"product_tag","embeddable":true,"href":"https:\/\/bpont.hu\/shop\/index.php\/wp-json\/wp\/v2\/product_tag?post=1566"}],"curies":[{"name":"wp","href":"https:\/\/api.w.org\/{rel}","templated":true}]}}