{"id":1345,"date":"2025-06-27T11:12:53","date_gmt":"2025-06-27T10:12:53","guid":{"rendered":"https:\/\/bpont.shop.hu\/?post_type=product&#038;p=1345"},"modified":"2026-05-05T14:46:06","modified_gmt":"2026-05-05T12:46:06","slug":"wa400-erzekelo-konzol-fuggoleges-falra-szereleshez-aljzattal","status":"publish","type":"product","link":"https:\/\/bpont.hu\/shop\/index.php\/product\/wa400-erzekelo-konzol-fuggoleges-falra-szereleshez-aljzattal\/","title":{"rendered":"WA400<br>\u00c9rz\u00e9kel\u0151 konzol f\u00fcgg\u0151leges falra szerel\u00e9shez aljzattal"},"content":{"rendered":"<p>WA400<br \/>\nTart\u00f3konzol \u00e9rz\u00e9kel\u0151k (pl. ajt\u00f3 f\u00f6l\u00e9) DIBt-nek megfelel\u0151 elhelyez\u00e9s\u00e9hez.<br \/>\nAz \u00e9rz\u00e9kel\u0151aljzatot a csomag tartalmazza.<br \/>\nM\u00e9retek: (ho x sz\u00e9 x ma): 185 x 129 x 29 mm (aljzat n\u00e9lk\u00fcl)<\/p>\n","protected":false},"excerpt":{"rendered":"<p>Rendel\u00e9si k\u00f3d: 4.998.097.924<\/p>\n","protected":false},"featured_media":1346,"template":"","meta":[],"product_brand":[],"product_cat":[379],"product_tag":[25],"class_list":{"0":"post-1345","1":"product","2":"type-product","3":"status-publish","4":"has-post-thumbnail","6":"product_cat-pontszeru-erzekelo-kiegeszitok","7":"product_tag-bosch","9":"first","10":"instock","11":"taxable","12":"shipping-taxable","13":"product-type-simple"},"jetpack_sharing_enabled":true,"_links":{"self":[{"href":"https:\/\/bpont.hu\/shop\/index.php\/wp-json\/wp\/v2\/product\/1345","targetHints":{"allow":["GET"]}}],"collection":[{"href":"https:\/\/bpont.hu\/shop\/index.php\/wp-json\/wp\/v2\/product"}],"about":[{"href":"https:\/\/bpont.hu\/shop\/index.php\/wp-json\/wp\/v2\/types\/product"}],"version-history":[{"count":5,"href":"https:\/\/bpont.hu\/shop\/index.php\/wp-json\/wp\/v2\/product\/1345\/revisions"}],"predecessor-version":[{"id":7670,"href":"https:\/\/bpont.hu\/shop\/index.php\/wp-json\/wp\/v2\/product\/1345\/revisions\/7670"}],"wp:featuredmedia":[{"embeddable":true,"href":"https:\/\/bpont.hu\/shop\/index.php\/wp-json\/wp\/v2\/media\/1346"}],"wp:attachment":[{"href":"https:\/\/bpont.hu\/shop\/index.php\/wp-json\/wp\/v2\/media?parent=1345"}],"wp:term":[{"taxonomy":"product_brand","embeddable":true,"href":"https:\/\/bpont.hu\/shop\/index.php\/wp-json\/wp\/v2\/product_brand?post=1345"},{"taxonomy":"product_cat","embeddable":true,"href":"https:\/\/bpont.hu\/shop\/index.php\/wp-json\/wp\/v2\/product_cat?post=1345"},{"taxonomy":"product_tag","embeddable":true,"href":"https:\/\/bpont.hu\/shop\/index.php\/wp-json\/wp\/v2\/product_tag?post=1345"}],"curies":[{"name":"wp","href":"https:\/\/api.w.org\/{rel}","templated":true}]}}