{"id":1191,"date":"2025-06-27T11:12:30","date_gmt":"2025-06-27T10:12:30","guid":{"rendered":"https:\/\/bpont.shop.hu\/?post_type=product&#038;p=1191"},"modified":"2026-03-11T16:39:29","modified_gmt":"2026-03-11T14:39:29","slug":"b12-szerelo-lemez-b-szerias-kozponthoz-g-szerias-dobozba-telepiteshez","status":"publish","type":"product","link":"https:\/\/bpont.hu\/shop\/index.php\/product\/b12-szerelo-lemez-b-szerias-kozponthoz-g-szerias-dobozba-telepiteshez\/","title":{"rendered":"B12<br>Szerel\u0151 lemez B sz\u00e9ri\u00e1s K\u00f6zponthoz G sz\u00e9ri\u00e1s dobozba telep\u00edt\u00e9shez"},"content":{"rendered":"<p>B12<\/p>\n","protected":false},"excerpt":{"rendered":"<p>Rendel\u00e9si k\u00f3d: F.01U.260.846<\/p>\n","protected":false},"featured_media":1192,"template":"","meta":[],"product_brand":[],"product_cat":[328],"product_tag":[25],"class_list":{"0":"post-1191","1":"product","2":"type-product","3":"status-publish","4":"has-post-thumbnail","6":"product_cat-bg-series","7":"product_tag-bosch","9":"first","10":"instock","11":"taxable","12":"shipping-taxable","13":"purchasable","14":"product-type-simple"},"jetpack_sharing_enabled":true,"_links":{"self":[{"href":"https:\/\/bpont.hu\/shop\/index.php\/wp-json\/wp\/v2\/product\/1191","targetHints":{"allow":["GET"]}}],"collection":[{"href":"https:\/\/bpont.hu\/shop\/index.php\/wp-json\/wp\/v2\/product"}],"about":[{"href":"https:\/\/bpont.hu\/shop\/index.php\/wp-json\/wp\/v2\/types\/product"}],"version-history":[{"count":5,"href":"https:\/\/bpont.hu\/shop\/index.php\/wp-json\/wp\/v2\/product\/1191\/revisions"}],"predecessor-version":[{"id":7615,"href":"https:\/\/bpont.hu\/shop\/index.php\/wp-json\/wp\/v2\/product\/1191\/revisions\/7615"}],"wp:featuredmedia":[{"embeddable":true,"href":"https:\/\/bpont.hu\/shop\/index.php\/wp-json\/wp\/v2\/media\/1192"}],"wp:attachment":[{"href":"https:\/\/bpont.hu\/shop\/index.php\/wp-json\/wp\/v2\/media?parent=1191"}],"wp:term":[{"taxonomy":"product_brand","embeddable":true,"href":"https:\/\/bpont.hu\/shop\/index.php\/wp-json\/wp\/v2\/product_brand?post=1191"},{"taxonomy":"product_cat","embeddable":true,"href":"https:\/\/bpont.hu\/shop\/index.php\/wp-json\/wp\/v2\/product_cat?post=1191"},{"taxonomy":"product_tag","embeddable":true,"href":"https:\/\/bpont.hu\/shop\/index.php\/wp-json\/wp\/v2\/product_tag?post=1191"}],"curies":[{"name":"wp","href":"https:\/\/api.w.org\/{rel}","templated":true}]}}