{"id":1167,"date":"2025-06-27T11:12:27","date_gmt":"2025-06-27T10:12:27","guid":{"rendered":"https:\/\/bpont.shop.hu\/?post_type=product&#038;p=1167"},"modified":"2026-03-11T16:39:28","modified_gmt":"2026-03-11T14:39:28","slug":"b520-sdi2-buszra-csatlakoztathato-kulso-tapegyseg-2a","status":"publish","type":"product","link":"https:\/\/bpont.hu\/shop\/index.php\/product\/b520-sdi2-buszra-csatlakoztathato-kulso-tapegyseg-2a\/","title":{"rendered":"B520<br>SDI2 Buszra Csatlakoztathat\u00f3 K\u00fcls\u0151 T\u00e1pegys\u00e9g 2A"},"content":{"rendered":"<p>B520<\/p>\n<p>A B520 k\u00fcls\u0151 t\u00e1pegys\u00e9gmodul a SDI2 buszon kereszt\u00fcl a k\u00f6zponthoz csatlakoz\u00f3 seg\u00e9dt\u00e1pegys\u00e9g. A modul fel\u00fcgyelet alatt \u00e1ll, \u00e9s minden \u00e1llapotv\u00e1ltoz\u00e1s\u00e1r\u00f3l t\u00e1j\u00e9koztatja a k\u00f6zpontot.<\/p>\n<p>A B520 modult jellemz\u0151en ipari, kereskedelmi \u00e9s int\u00e9zm\u00e9nyi l\u00e9tes\u00edtm\u00e9nyek haszn\u00e1lj\u00e1k. A B520 c\u00edmkapcsol\u00f3 egyszer\u0171 eszk\u00f6zc\u00edmz\u00e9st tesz lehet\u0151v\u00e9. Az SDI2 kimeneti termin\u00e1lok seg\u00e9dt\u00e1pell\u00e1t\u00e1st biztos\u00edtanak az SDI2 b\u0151v\u00edt\u0151eszk\u00f6z\u00f6k, p\u00e9ld\u00e1ul a kezel\u0151egys\u00e9gek sz\u00e1m\u00e1ra. A SEG\u00c9DT\u00c1P sorkapcsok tov\u00e1bbi seg\u00e9dt\u00e1pell\u00e1t\u00e1st biztos\u00edtanak az akt\u00edv eszk\u00f6z\u00f6knek, p\u00e9ld\u00e1ul a PIR mozg\u00e1s\u00e9rz\u00e9kel\u0151k sz\u00e1m\u00e1ra.<\/p>\n<p>Tulajdons\u00e1gok:<\/p>\n<p>-Ak\u00e1r 2 A 12 V-os k\u00e9szenl\u00e9ti \u00e1ramot biztos\u00edt t\u0171z- vagy bet\u00f6r\u00e9sjelz\u0151 alkalmaz\u00e1sok sz\u00e1m\u00e1ra (4 A-es bet\u00f6r\u00e9si riaszt\u00e1s)<\/p>\n<p>&#8211; Ak\u00e1r k\u00e9t 12 V-os, 7\u201318 Ah-s akkumul\u00e1tort is kezel egym\u00e1st\u00f3l f\u00fcggetlen\u00fcl 36 Ah kapacit\u00e1sig<\/p>\n<p>&#8211; Ak\u00e1r 80 \u00f3ra k\u00e9szenl\u00e9ti id\u0151<\/p>\n<p>&#8211; K\u00f6nnyen olvashat\u00f3 kapcsol\u00f3c\u00edmz\u00e9s<\/p>\n<p>&#8211; Bosch szabv\u00e1nynak megfelel\u0151 TR1850 csatlakoztathat\u00f3 transzform\u00e1tort haszn\u00e1l<\/p>\n","protected":false},"excerpt":{"rendered":"<p>Rendel\u00e9si k\u00f3d: F.01U.172.941<\/p>\n","protected":false},"featured_media":1168,"template":"","meta":[],"product_brand":[],"product_cat":[328],"product_tag":[25],"class_list":{"0":"post-1167","1":"product","2":"type-product","3":"status-publish","4":"has-post-thumbnail","6":"product_cat-bg-series","7":"product_tag-bosch","9":"first","10":"instock","11":"taxable","12":"shipping-taxable","13":"purchasable","14":"product-type-simple"},"jetpack_sharing_enabled":true,"_links":{"self":[{"href":"https:\/\/bpont.hu\/shop\/index.php\/wp-json\/wp\/v2\/product\/1167","targetHints":{"allow":["GET"]}}],"collection":[{"href":"https:\/\/bpont.hu\/shop\/index.php\/wp-json\/wp\/v2\/product"}],"about":[{"href":"https:\/\/bpont.hu\/shop\/index.php\/wp-json\/wp\/v2\/types\/product"}],"version-history":[{"count":5,"href":"https:\/\/bpont.hu\/shop\/index.php\/wp-json\/wp\/v2\/product\/1167\/revisions"}],"predecessor-version":[{"id":7607,"href":"https:\/\/bpont.hu\/shop\/index.php\/wp-json\/wp\/v2\/product\/1167\/revisions\/7607"}],"wp:featuredmedia":[{"embeddable":true,"href":"https:\/\/bpont.hu\/shop\/index.php\/wp-json\/wp\/v2\/media\/1168"}],"wp:attachment":[{"href":"https:\/\/bpont.hu\/shop\/index.php\/wp-json\/wp\/v2\/media?parent=1167"}],"wp:term":[{"taxonomy":"product_brand","embeddable":true,"href":"https:\/\/bpont.hu\/shop\/index.php\/wp-json\/wp\/v2\/product_brand?post=1167"},{"taxonomy":"product_cat","embeddable":true,"href":"https:\/\/bpont.hu\/shop\/index.php\/wp-json\/wp\/v2\/product_cat?post=1167"},{"taxonomy":"product_tag","embeddable":true,"href":"https:\/\/bpont.hu\/shop\/index.php\/wp-json\/wp\/v2\/product_tag?post=1167"}],"curies":[{"name":"wp","href":"https:\/\/api.w.org\/{rel}","templated":true}]}}