{"id":1164,"date":"2025-06-27T11:12:27","date_gmt":"2025-06-27T10:12:27","guid":{"rendered":"https:\/\/bpont.shop.hu\/?post_type=product&#038;p=1164"},"modified":"2026-03-11T16:39:28","modified_gmt":"2026-03-11T14:39:28","slug":"b810-radion-rf-vevo-b-es-g-szerias-panelekhez","status":"publish","type":"product","link":"https:\/\/bpont.hu\/shop\/index.php\/product\/b810-radion-rf-vevo-b-es-g-szerias-panelekhez\/","title":{"rendered":"B810<br>RADION RF Vev\u0151 B \u00e9s G Sz\u00e9ri\u00e1s panelekhez"},"content":{"rendered":"<p>B810<br \/>\nA Bosch RADION biztons\u00e1gi megold\u00e1sai megfelel\u0151 tartom\u00e1nyt, m\u00e9retezhet\u0151s\u00e9get \u00e9s kiv\u00e9teles elem\u00e9lettartamot garant\u00e1lnak a megb\u00edzhat\u00f3 m\u0171k\u00f6d\u00e9s \u00e9s a kiemelked\u0151 min\u0151s\u00e9g biztos\u00edt\u00e1sa \u00e9rdek\u00e9ben. A fejlett diagnosztika \u00e9s t\u00f6bbr\u00e9t\u0171 eszk\u00f6zbe\u00e1ll\u00edt\u00e1si lehet\u0151s\u00e9gek a telep\u00edt\u00e9st \u00e9s a karbantart\u00e1st egyszer\u0171v\u00e9 \u00e9s k\u00f6lts\u00e9ghat\u00e9konny\u00e1 teszik. A perif\u00e9ri\u00e1k sz\u00e9les v\u00e1laszt\u00e9ka r\u00e9v\u00e9n a RADION gyakorlatilag b\u00e1rmilyen  felhaszn\u00e1l\u00e1si ig\u00e9nyhez rugalmasan k\u00e9pes alkalmazkodni.<br \/>\nA B810 vezet\u00e9k n\u00e9lk\u00fcli vev\u0151egys\u00e9g, amely a RADION vezet\u00e9k n\u00e9lk\u00fcli perif\u00e9ri\u00e1kat (pl. mozg\u00e1s\u00e9rz\u00e9kel\u0151k, speci\u00e1lis \u00e9rz\u00e9kel\u0151k, t\u00e1vad\u00f3k, p\u00e1nikgombok, ajt\u00f3-ablak nyit\u00e1s\u00e9rz\u00e9kel\u0151k jelism\u00e9tl\u0151k \u00e9s egyebek) az SDI2 buszkapcsolatokkal a t\u00e1mogatott Bosch k\u00f6zpontokhoz kapcsolja.<br \/>\nA vev\u0151egys\u00e9g 433,42 MHz viv\u0151frekvenci\u00e1n t\u00e1mogatja a r\u00e1di\u00f3frekvenci\u00e1s kommunik\u00e1ci\u00f3t. Ezen a frekvenci\u00e1n jobb a jel\u00e1tvitel, jelvisszaver\u0151d\u00e9s \u00e9s refrakci\u00f3, amely kiemelked\u0151 hat\u00f3t\u00e1vols\u00e1got \u00e9s megb\u00edzhat\u00f3s\u00e1got eredm\u00e9nyez. A vev\u0151 szint\u00e9n kett\u0151s antenn\u00e1val rendelkezik, a t\u00e9r- \u00e9s pol\u00e1ris diverzit\u00e1s biztos\u00edt\u00e1s\u00e1ra, a r\u00e1di\u00f3frekvenci\u00e1s kommunik\u00e1ci\u00f3 megb\u00edzhat\u00f3s\u00e1g\u00e1nak tov\u00e1bbi jav\u00edt\u00e1s\u00e1ra. A vev\u0151k\u00e9sz\u00fcl\u00e9k belsej\u00e9ben a nagyobb biztons\u00e1g \u00e9rdek\u00e9ben szabot\u00e1zs\u00e9rz\u00e9kel\u00e9s tal\u00e1lhat\u00f3; a vev\u0151 k\u00e9pes a r\u00e1di\u00f3frekvenci\u00e1s interferencia \u00e9szlel\u00e9s\u00e9re \u00e9s jelent\u00e9s\u00e9re. A vev\u0151 a vezet\u00e9k n\u00e9lk\u00fcli z\u00f3n\u00e1k (504), t\u00e1vad\u00f3k (1000) \u00e9s jelism\u00e9tl\u0151k (8) fel\u00fcgyelet\u00e9t is t\u00e1mogatja.<br \/>\nA vev\u0151egys\u00e9g a k\u00e9sz\u00fcl\u00e9kh\u00e1z h\u00e1tulj\u00e1n tal\u00e1lhat\u00f3 c\u00edmkapcsol\u00f3 seg\u00edts\u00e9g\u00e9vel egyszer\u0171en hozz\u00e1f\u00e9rhet\u0151 \u00e9s konfigur\u00e1lhat\u00f3 egy kompatibilis k\u00f6zponthoz. A vev\u0151egys\u00e9g c\u00edmkapcsol\u00f3ja lehet\u0151v\u00e9 teszi a vev\u0151egys\u00e9g c\u00edm\u00e9nek egysz\u00e1mjegyes be\u00e1ll\u00edt\u00e1s\u00e1t, megk\u00f6nny\u00edtve a telep\u00edt\u00e9st.<br \/>\nTulajdons\u00e1gok:<br \/>\n&#8211; A t\u00e9rbeli \u00e9s pol\u00e1ris r\u00e1di\u00f3frekvenci\u00e1s jelek rendk\u00edv\u00fcl megb\u00edzhat\u00f3 v\u00e9teli min\u0151s\u00e9g\u00e9\u00e9rt kett\u0151s bels\u0151 antenna felel<br \/>\n&#8211; Fed\u00e9l- \u00e9s fali szabot\u00e1zsv\u00e9delem<br \/>\n&#8211; A t\u00f6bbr\u00e9t\u0171 eszk\u00f6zbe\u00e1ll\u00edt\u00e1si lehet\u0151s\u00e9gek \u00e9s a r\u00e1di\u00f3frekvenci\u00e1s diagnosztika hat\u00e9kony telep\u00edt\u00e9st tesznek lehet\u0151v\u00e9<br \/>\n&#8211; Vezet\u00e9k n\u00e9lk\u00fcli z\u00f3n\u00e1k (504), t\u00e1vad\u00f3k (1000) \u00e9s jelism\u00e9tl\u0151k (8) fel\u00fcgyelet\u00e9t t\u00e1mogatja<br \/>\n&#8211; K\u00fcls\u0151 \u00e1llapotjelz\u0151 LED-ek<\/p>\n","protected":false},"excerpt":{"rendered":"<p>Rendel\u00e9si k\u00f3d: F.01U.383.394<\/p>\n","protected":false},"featured_media":1165,"template":"","meta":[],"product_brand":[],"product_cat":[328],"product_tag":[25],"class_list":{"0":"post-1164","1":"product","2":"type-product","3":"status-publish","4":"has-post-thumbnail","6":"product_cat-bg-series","7":"product_tag-bosch","9":"first","10":"instock","11":"taxable","12":"shipping-taxable","13":"purchasable","14":"product-type-simple"},"jetpack_sharing_enabled":true,"_links":{"self":[{"href":"https:\/\/bpont.hu\/shop\/index.php\/wp-json\/wp\/v2\/product\/1164","targetHints":{"allow":["GET"]}}],"collection":[{"href":"https:\/\/bpont.hu\/shop\/index.php\/wp-json\/wp\/v2\/product"}],"about":[{"href":"https:\/\/bpont.hu\/shop\/index.php\/wp-json\/wp\/v2\/types\/product"}],"version-history":[{"count":5,"href":"https:\/\/bpont.hu\/shop\/index.php\/wp-json\/wp\/v2\/product\/1164\/revisions"}],"predecessor-version":[{"id":7606,"href":"https:\/\/bpont.hu\/shop\/index.php\/wp-json\/wp\/v2\/product\/1164\/revisions\/7606"}],"wp:featuredmedia":[{"embeddable":true,"href":"https:\/\/bpont.hu\/shop\/index.php\/wp-json\/wp\/v2\/media\/1165"}],"wp:attachment":[{"href":"https:\/\/bpont.hu\/shop\/index.php\/wp-json\/wp\/v2\/media?parent=1164"}],"wp:term":[{"taxonomy":"product_brand","embeddable":true,"href":"https:\/\/bpont.hu\/shop\/index.php\/wp-json\/wp\/v2\/product_brand?post=1164"},{"taxonomy":"product_cat","embeddable":true,"href":"https:\/\/bpont.hu\/shop\/index.php\/wp-json\/wp\/v2\/product_cat?post=1164"},{"taxonomy":"product_tag","embeddable":true,"href":"https:\/\/bpont.hu\/shop\/index.php\/wp-json\/wp\/v2\/product_tag?post=1164"}],"curies":[{"name":"wp","href":"https:\/\/api.w.org\/{rel}","templated":true}]}}

B810<br>RADION RF Vevő B és G Szériás panelekhez

<p>B810<br />
A Bosch RADION biztonsági megoldásai megfelelő tartományt, méretezhetőséget és kivételes elemélettartamot garantálnak a megbízható működés és a kiemelkedő minőség biztosítása érdekében. A fejlett diagnosztika és többrétű eszközbeállítási lehetőségek a telepítést és a karbantartást egyszerűvé és költséghatékonnyá teszik. A perifériák széles választéka révén a RADION gyakorlatilag bármilyen  felhasználási igényhez rugalmasan képes alkalmazkodni.<br />
A B810 vezeték nélküli vevőegység, amely a RADION vezeték nélküli perifériákat (pl. mozgásérzékelők, speciális érzékelők, távadók, pánikgombok, ajtó-ablak nyitásérzékelők jelismétlők és egyebek) az SDI2 buszkapcsolatokkal a támogatott Bosch központokhoz kapcsolja.<br />
A vevőegység 433,42 MHz vivőfrekvencián támogatja a rádiófrekvenciás kommunikációt. Ezen a frekvencián jobb a jelátvitel, jelvisszaverődés és refrakció, amely kiemelkedő hatótávolságot és megbízhatóságot eredményez. A vevő szintén kettős antennával rendelkezik, a tér- és poláris diverzitás biztosítására, a rádiófrekvenciás kommunikáció megbízhatóságának további javítására. A vevőkészülék belsejében a nagyobb biztonság érdekében szabotázsérzékelés található; a vevő képes a rádiófrekvenciás interferencia észlelésére és jelentésére. A vevő a vezeték nélküli zónák (504), távadók (1000) és jelismétlők (8) felügyeletét is támogatja.<br />
A vevőegység a készülékház hátulján található címkapcsoló segítségével egyszerűen hozzáférhető és konfigurálható egy kompatibilis központhoz. A vevőegység címkapcsolója lehetővé teszi a vevőegység címének egyszámjegyes beállítását, megkönnyítve a telepítést.<br />
Tulajdonságok:<br />
&#8211; A térbeli és poláris rádiófrekvenciás jelek rendkívül megbízható vételi minőségéért kettős belső antenna felel<br />
&#8211; Fedél- és fali szabotázsvédelem<br />
&#8211; A többrétű eszközbeállítási lehetőségek és a rádiófrekvenciás diagnosztika hatékony telepítést tesznek lehetővé<br />
&#8211; Vezeték nélküli zónák (504), távadók (1000) és jelismétlők (8) felügyeletét támogatja<br />
&#8211; Külső állapotjelző LED-ek</p>

<p>Rendelési kód: F.01U.383.394</p>
