{"id":1161,"date":"2025-06-27T11:12:27","date_gmt":"2025-06-27T10:12:27","guid":{"rendered":"https:\/\/bpont.shop.hu\/?post_type=product&#038;p=1161"},"modified":"2026-03-11T16:39:28","modified_gmt":"2026-03-11T14:39:28","slug":"b308-8-reles-c-form-kimenet-bovito-modul-szabotazs-bemenettel","status":"publish","type":"product","link":"https:\/\/bpont.hu\/shop\/index.php\/product\/b308-8-reles-c-form-kimenet-bovito-modul-szabotazs-bemenettel\/","title":{"rendered":"B308<br>8 Rel\u00e9s (C-form) Kimenet B\u0151v\u00edt\u0151 Modul szabot\u00e1zs bemenettel"},"content":{"rendered":"<p>B308<\/p>\n<p>A B308 nyolckimenetes modul C form\u00e1tum\u00fa kimenetet ig\u00e9nyl\u0151 alkalmaz\u00e1sokhoz haszn\u00e1lhat\u00f3, seg\u00e9drendszerek m\u0171k\u00f6dtet\u00e9s\u00e9hez, illetve a t\u0171zjelz\u0151 rendszer \u00e1llapot\u00e1nak t\u00e1voli kijelz\u0151modulokon val\u00f3 megjelen\u00edt\u00e9s\u00e9hez haszn\u00e1lhat\u00f3 . A teljes rendszerir\u00e1ny\u00edt\u00e1s \u00e9s -fel\u00fcgyelet \u00e9rdek\u00e9ben a B308 \u00f6sszekapcsolhat\u00f3 t\u00f6bbek k\u00f6z\u00f6tt olyan eszk\u00f6z\u00f6kkel, mint a HVAC ajt\u00f3z\u00e1rkiold\u00f3k, valamint a l\u00e9pcs\u0151h\u00e1zi szell\u0151ztet\u0151rendszerek.<\/p>\n<p>A B308 modult jellemz\u0151en ipari, kereskedelmi \u00e9s int\u00e9zm\u00e9nyi l\u00e9tes\u00edtm\u00e9nyek haszn\u00e1lj\u00e1k. A nyolc be\u00e9p\u00edtett kimenet be\u00e1ll\u00edthat\u00f3, hogy rendszerriaszt\u00e1s, rendszerhiba vagy egyedi z\u00f3nahiba aktiv\u00e1lja, illetve a jogosult felhaszn\u00e1l\u00f3k t\u00e1vir\u00e1ny\u00edt\u00e1ssal is aktiv\u00e1lhass\u00e1k.<\/p>\n<p>Tulajdons\u00e1gok:<\/p>\n<p>&#8211; Programozhat\u00f3 kimeneti funkci\u00f3k<\/p>\n<p>&#8211; K\u00f6nnyen olvashat\u00f3 kapcsol\u00f3c\u00edmz\u00e9s<\/p>\n<p>&#8211; Nyolc C-form\u00e1tum\u00fa rel\u00e9<\/p>\n<p>&#8211; 1 A 5\u201324 V DC rel\u00e9 \u00e9rintkez\u0151je<\/p>\n<p>&#8211; Lehet\u0151v\u00e9 teszi a kimenetek t\u00e1voli vez\u00e9rl\u00e9s\u00e9t<\/p>\n","protected":false},"excerpt":{"rendered":"<p>Rendel\u00e9si k\u00f3d: F.01U.397.025<\/p>\n","protected":false},"featured_media":1162,"template":"","meta":[],"product_brand":[],"product_cat":[328],"product_tag":[25],"class_list":{"0":"post-1161","1":"product","2":"type-product","3":"status-publish","4":"has-post-thumbnail","6":"product_cat-bg-series","7":"product_tag-bosch","9":"first","10":"instock","11":"taxable","12":"shipping-taxable","13":"purchasable","14":"product-type-simple"},"jetpack_sharing_enabled":true,"_links":{"self":[{"href":"https:\/\/bpont.hu\/shop\/index.php\/wp-json\/wp\/v2\/product\/1161","targetHints":{"allow":["GET"]}}],"collection":[{"href":"https:\/\/bpont.hu\/shop\/index.php\/wp-json\/wp\/v2\/product"}],"about":[{"href":"https:\/\/bpont.hu\/shop\/index.php\/wp-json\/wp\/v2\/types\/product"}],"version-history":[{"count":5,"href":"https:\/\/bpont.hu\/shop\/index.php\/wp-json\/wp\/v2\/product\/1161\/revisions"}],"predecessor-version":[{"id":7605,"href":"https:\/\/bpont.hu\/shop\/index.php\/wp-json\/wp\/v2\/product\/1161\/revisions\/7605"}],"wp:featuredmedia":[{"embeddable":true,"href":"https:\/\/bpont.hu\/shop\/index.php\/wp-json\/wp\/v2\/media\/1162"}],"wp:attachment":[{"href":"https:\/\/bpont.hu\/shop\/index.php\/wp-json\/wp\/v2\/media?parent=1161"}],"wp:term":[{"taxonomy":"product_brand","embeddable":true,"href":"https:\/\/bpont.hu\/shop\/index.php\/wp-json\/wp\/v2\/product_brand?post=1161"},{"taxonomy":"product_cat","embeddable":true,"href":"https:\/\/bpont.hu\/shop\/index.php\/wp-json\/wp\/v2\/product_cat?post=1161"},{"taxonomy":"product_tag","embeddable":true,"href":"https:\/\/bpont.hu\/shop\/index.php\/wp-json\/wp\/v2\/product_tag?post=1161"}],"curies":[{"name":"wp","href":"https:\/\/api.w.org\/{rel}","templated":true}]}}