{"id":1138,"date":"2025-06-27T11:12:24","date_gmt":"2025-06-27T10:12:24","guid":{"rendered":"https:\/\/bpont.shop.hu\/?post_type=product&#038;p=1138"},"modified":"2026-03-11T16:39:28","modified_gmt":"2026-03-11T14:39:28","slug":"b8103-feher-kozponthaz-g-szeriahoz","status":"publish","type":"product","link":"https:\/\/bpont.hu\/shop\/index.php\/product\/b8103-feher-kozponthaz-g-szeriahoz\/","title":{"rendered":"B8103<br>Feh\u00e9r k\u00f6zponth\u00e1z G sz\u00e9ri\u00e1hoz"},"content":{"rendered":"<p>B8103<\/p>\n<p>A burkolat t\u00f6bb Bosch gy\u00e1rtm\u00e1ny\u00fa k\u00f6zponthoz \u00e9s modulokhoz is alkalmazhat\u00f3. Kompatibilis a burkolati szabot\u00e1zskapcsol\u00f3val, \u00e9s k\u00e9t akkumul\u00e1tor f\u00e9r el benne.<\/p>\n<p>A lakoss\u00e1gi t\u0171z- \u00e9s bet\u00f6r\u00e9sv\u00e9delmi rendszereiben haszn\u00e1lhat\u00f3, illetve olyan kereskedelmi \u00e9p\u00fcletek bet\u00f6r\u00e9sv\u00e9delmi rendszereiben, ahol nincs sz\u00fcks\u00e9g t\u00e1mad\u00e1s elleni v\u00e9delemre.<\/p>\n<p>Tulajdons\u00e1gok:<\/p>\n<p>&#8211; T\u00e1vtart\u00f3k a t\u00e1mogatott modulokhoz \u00e9s az egyszer\u0171 beszerel\u00e9shez.<\/p>\n<p>&#8211; Hidegen hengerelt ac\u00e9lb\u00f3l k\u00e9sz\u00fclt, k\u00f6zepesen f\u00e9nyes feh\u00e9r fest\u00e9ssel<\/p>\n<p>&#8211; K\u00f6nnyen hozz\u00e1f\u00e9rhet\u0151 t\u00e1rol\u00f3helyek az akkumul\u00e1tor sz\u00e1m\u00e1ra<\/p>\n<p>&#8211; Opcion\u00e1lis szerel\u00e9si hely szabot\u00e1zskapcsol\u00f3 sz\u00e1m\u00e1ra<\/p>\n<p>&#8211; M\u00e9retek: 410 x 410 x 90 mm<\/p>\n","protected":false},"excerpt":{"rendered":"<p>Rendel\u00e9si k\u00f3d: F.01U.300.149<\/p>\n","protected":false},"featured_media":1139,"template":"","meta":[],"product_brand":[],"product_cat":[328],"product_tag":[25],"class_list":{"0":"post-1138","1":"product","2":"type-product","3":"status-publish","4":"has-post-thumbnail","6":"product_cat-bg-series","7":"product_tag-bosch","9":"first","10":"instock","11":"taxable","12":"shipping-taxable","13":"purchasable","14":"product-type-simple"},"jetpack_sharing_enabled":true,"_links":{"self":[{"href":"https:\/\/bpont.hu\/shop\/index.php\/wp-json\/wp\/v2\/product\/1138","targetHints":{"allow":["GET"]}}],"collection":[{"href":"https:\/\/bpont.hu\/shop\/index.php\/wp-json\/wp\/v2\/product"}],"about":[{"href":"https:\/\/bpont.hu\/shop\/index.php\/wp-json\/wp\/v2\/types\/product"}],"version-history":[{"count":5,"href":"https:\/\/bpont.hu\/shop\/index.php\/wp-json\/wp\/v2\/product\/1138\/revisions"}],"predecessor-version":[{"id":7597,"href":"https:\/\/bpont.hu\/shop\/index.php\/wp-json\/wp\/v2\/product\/1138\/revisions\/7597"}],"wp:featuredmedia":[{"embeddable":true,"href":"https:\/\/bpont.hu\/shop\/index.php\/wp-json\/wp\/v2\/media\/1139"}],"wp:attachment":[{"href":"https:\/\/bpont.hu\/shop\/index.php\/wp-json\/wp\/v2\/media?parent=1138"}],"wp:term":[{"taxonomy":"product_brand","embeddable":true,"href":"https:\/\/bpont.hu\/shop\/index.php\/wp-json\/wp\/v2\/product_brand?post=1138"},{"taxonomy":"product_cat","embeddable":true,"href":"https:\/\/bpont.hu\/shop\/index.php\/wp-json\/wp\/v2\/product_cat?post=1138"},{"taxonomy":"product_tag","embeddable":true,"href":"https:\/\/bpont.hu\/shop\/index.php\/wp-json\/wp\/v2\/product_tag?post=1138"}],"curies":[{"name":"wp","href":"https:\/\/api.w.org\/{rel}","templated":true}]}}