{"id":1008,"date":"2025-06-27T11:12:04","date_gmt":"2025-06-27T10:12:04","guid":{"rendered":"https:\/\/bpont.shop.hu\/?post_type=product&#038;p=1008"},"modified":"2026-05-05T14:45:59","modified_gmt":"2026-05-05T12:45:59","slug":"rfpb-sb-radion-1-gombos-panik-tavado","status":"publish","type":"product","link":"https:\/\/bpont.hu\/shop\/index.php\/product\/rfpb-sb-radion-1-gombos-panik-tavado\/","title":{"rendered":"RFPB-SB<br>RADION 1 gombos p\u00e1nik t\u00e1vad\u00f3"},"content":{"rendered":"<p>RFPB-SB<br \/>\nA RADION panic t\u00e1vad\u00f3 egy r\u00e1di\u00f3frekvenci\u00e1s vezet\u00e9kn\u00e9lk\u00fcli jelad\u00f3, amely alapban p\u00e1nikjelz\u00e9st k\u00fcld a fel\u00fcgyeleti rendszernek. A p\u00e1nik, vagy v\u00e9szjelz\u00e9s kiv\u00e1lt\u00e1s\u00e1ra 1gombos \u00e9s 2 gombos eszk\u00f6z \u00e1ll rendelkez\u00e9sre. A k\u00e9sz\u00fcl\u00e9kek nyakbaakaszthat\u00f3k is lehetnek.<br \/>\nKompatibilis K\u00f6zpontok:<br \/>\n&#8211; AMAX3000\/4000<br \/>\n&#8211; Easy Series<br \/>\n&#8211; Solution Ultima (CC488)<br \/>\n&#8211; DS 7240<br \/>\n&#8211; DS 7400v4.1Tulajdons\u00e1gok:<br \/>\n&#8211; V\u00edz\u00e1ll\u00f3 \u00e9s porv\u00e9dett<br \/>\n&#8211; P\u00e1nikjelz\u00e9st k\u00fcld a felhaszn\u00e1l\u00f3 egyedi azonos\u00edt\u00e1s\u00e1val<br \/>\n&#8211; Egygombos vagy k\u00e9tgombos v\u00e1ltozat, cs\u00f6kkenti a t\u00e9ves riaszt\u00e1s lehet\u0151s\u00e9g\u00e9t<br \/>\n&#8211; Ak\u00e1r 5 \u00e9ves \u00e9lettartam\u00fa elem<\/p>\n","protected":false},"excerpt":{"rendered":"<p>Rendel\u00e9si k\u00f3d: F.01U.383.351<\/p>\n","protected":false},"featured_media":1009,"template":"","meta":[],"product_brand":[],"product_cat":[328],"product_tag":[25],"class_list":{"0":"post-1008","1":"product","2":"type-product","3":"status-publish","4":"has-post-thumbnail","6":"product_cat-bg-series","7":"product_tag-bosch","9":"first","10":"instock","11":"taxable","12":"shipping-taxable","13":"purchasable","14":"product-type-simple"},"jetpack_sharing_enabled":true,"_links":{"self":[{"href":"https:\/\/bpont.hu\/shop\/index.php\/wp-json\/wp\/v2\/product\/1008","targetHints":{"allow":["GET"]}}],"collection":[{"href":"https:\/\/bpont.hu\/shop\/index.php\/wp-json\/wp\/v2\/product"}],"about":[{"href":"https:\/\/bpont.hu\/shop\/index.php\/wp-json\/wp\/v2\/types\/product"}],"version-history":[{"count":5,"href":"https:\/\/bpont.hu\/shop\/index.php\/wp-json\/wp\/v2\/product\/1008\/revisions"}],"predecessor-version":[{"id":7550,"href":"https:\/\/bpont.hu\/shop\/index.php\/wp-json\/wp\/v2\/product\/1008\/revisions\/7550"}],"wp:featuredmedia":[{"embeddable":true,"href":"https:\/\/bpont.hu\/shop\/index.php\/wp-json\/wp\/v2\/media\/1009"}],"wp:attachment":[{"href":"https:\/\/bpont.hu\/shop\/index.php\/wp-json\/wp\/v2\/media?parent=1008"}],"wp:term":[{"taxonomy":"product_brand","embeddable":true,"href":"https:\/\/bpont.hu\/shop\/index.php\/wp-json\/wp\/v2\/product_brand?post=1008"},{"taxonomy":"product_cat","embeddable":true,"href":"https:\/\/bpont.hu\/shop\/index.php\/wp-json\/wp\/v2\/product_cat?post=1008"},{"taxonomy":"product_tag","embeddable":true,"href":"https:\/\/bpont.hu\/shop\/index.php\/wp-json\/wp\/v2\/product_tag?post=1008"}],"curies":[{"name":"wp","href":"https:\/\/api.w.org\/{rel}","templated":true}]}}